109.107.186.56 - - [08/Feb/2026:11:09:36 -0800] "GET /tmp/webalizer/usage_202402.html HTTP/1.0" 200 114924 "https://seo-creative.ru/" "Mozilla/5.0 (Windows NT 10.0; Win64; x64) AppleWebKit/537.36 (KHTML, like Gecko) Chrome/131.0.0.0 Safari/537.36"
54.39.6.203 - - [08/Feb/2026:11:13:07 -0800] "GET /tmp/pma_template_compiles_ngoge/twig/6d/6d7f8059e9b20f76916a175316d7c40d0bad97e6a6c56aef4c677d81f2a2b64f.php HTTP/1.1" 500 - "-" "Mozilla/5.0 (compatible; AhrefsBot/7.0; +http://ahrefs.com/robot/)"
83.24.185.75 - - [08/Feb/2026:11:24:32 -0800] "GET /tmp/webalizer/usage_202402.html HTTP/1.1" 200 114924 "http://www.test.ngo.ge/" "Mozilla/5.0 (X11; Fedora; Linux x86_64; rv:114.0) Gecko/20100101 Firefox/114.0"
83.24.185.75 - - [08/Feb/2026:11:24:38 -0800] "GET / HTTP/1.1" 404 - "https://www.google.com/search?q=%3Ca+href%3D%22http://repaircddvd.com%22%3EDVD. It allow you to retrieve the files from damaged CD DVD and data corrupted save disk.%3C%2Fa%3E" "Mozilla/5.0 DVD. It allow you to retrieve the files from damaged CD DVD and data corrupted save disk. (Windows NT 5.1; U; en) Presto/2.10.229 Version/11.60"
83.24.185.75 - - [08/Feb/2026:11:24:38 -0800] "GET /tmp/webalizer/usage_202402.html HTTP/1.1" 404 - "http://www.test.ngo.ge/" "Mozilla/5.0 DVD. It allow you to retrieve the files from damaged CD DVD and data corrupted save disk. (Windows NT 5.1; U; en) Presto/2.10.229 Version/11.60"
83.24.185.75 - - [08/Feb/2026:11:24:38 -0800] "GET /tmp/webalizer/usage_202602.html HTTP/1.1" 404 - "-" "Mozilla/5.0 DVD. It allow you to retrieve the files from damaged CD DVD and data corrupted save disk. (Windows NT 5.1; U; en) Presto/2.10.229 Version/11.60"
176.119.9.105 - - [08/Feb/2026:11:26:46 -0800] "GET /tmp/webalizer/usage_202404.html HTTP/1.1" 200 115638 "http://test.ngo.ge/" "Mozilla/5.0 (X11; Linux i686; rv:114.0) Gecko/20100101 Firefox/114.0"
193.8.80.48 - - [08/Feb/2026:11:26:48 -0800] "GET / HTTP/1.1" 404 - "https://www.google.com/search?q=%3Ca+href%3D%22https://bullminers.eu%22%3Ebullminers.eu%3C%2Fa%3E" "Opera/9.80 Crypto Mining Equipment at Unbeatable Prices (bullminers.eu) (Windows NT 5.1; U; en) Presto/2.10.229 Version/11.60"
193.8.80.48 - - [08/Feb/2026:11:26:49 -0800] "GET / HTTP/1.1" 404 - "https://www.google.com/search?q=%3Ca+href%3D%22https://bullminers.eu%22%3Ebullminers.eu%3C%2Fa%3E" "Opera/9.80 Crypto Mining Equipment at Unbeatable Prices (bullminers.eu) (Windows NT 5.1; U; en) Presto/2.10.229 Version/11.60"
94.176.85.8 - - [08/Feb/2026:11:26:50 -0800] "GET / HTTP/1.1" 404 - "https://www.google.com/search?q=%3Ca+href%3D%22https://bullminers.eu%22%3Ebullminers.eu%3C%2Fa%3E" "Opera/9.80 Crypto Mining Equipment at Unbeatable Prices (bullminers.eu) (Windows NT 5.1; U; en) Presto/2.10.229 Version/11.60"
206.41.186.255 - - [08/Feb/2026:11:26:50 -0800] "GET / HTTP/1.1" 404 - "https://www.google.com/search?q=%3Ca+href%3D%22https://bullminers.eu%22%3Ebullminers.eu%3C%2Fa%3E" "Opera/9.80 Crypto Mining Equipment at Unbeatable Prices (bullminers.eu) (Windows NT 5.1; U; en) Presto/2.10.229 Version/11.60"
206.41.186.255 - - [08/Feb/2026:11:26:50 -0800] "GET /tmp/webalizer/usage_202404.html HTTP/1.1" 404 - "http://test.ngo.ge/" "Opera/9.80 Crypto Mining Equipment at Unbeatable Prices (bullminers.eu) (Windows NT 5.1; U; en) Presto/2.10.229 Version/11.60"
92.255.35.123 - - [08/Feb/2026:11:26:50 -0800] "GET /tmp/webalizer/usage_202404.html HTTP/1.1" 404 - "http://test.ngo.ge/" "Opera/9.80 Crypto Mining Equipment at Unbeatable Prices (bullminers.eu) (Windows NT 5.1; U; en) Presto/2.10.229 Version/11.60"
198.23.161.101 - - [08/Feb/2026:11:26:51 -0800] "GET /tmp/webalizer/usage_202404.html HTTP/1.1" 404 - "http://test.ngo.ge/" "Opera/9.80 Crypto Mining Equipment at Unbeatable Prices (bullminers.eu) (Windows NT 5.1; U; en) Presto/2.10.229 Version/11.60"
45.94.247.183 - - [08/Feb/2026:11:26:52 -0800] "GET /tmp/webalizer/usage_202404.html HTTP/1.1" 404 - "http://test.ngo.ge/" "Opera/9.80 Crypto Mining Equipment at Unbeatable Prices (bullminers.eu) (Windows NT 5.1; U; en) Presto/2.10.229 Version/11.60"
144.172.100.6 - - [08/Feb/2026:11:26:52 -0800] "GET /tmp/webalizer/usage_202602.html HTTP/1.1" 404 - "-" "Opera/9.80 Crypto Mining Equipment at Unbeatable Prices (bullminers.eu) (Windows NT 5.1; U; en) Presto/2.10.229 Version/11.60"
109.107.186.56 - - [08/Feb/2026:11:27:48 -0800] "GET http://www.test.ngo.ge/tmp/webalizer/usage_202402.html HTTP/1.0" 200 114924 "https://seo-creative.ru/" "Mozilla/5.0 (Windows NT 10.0; Win64; x64) AppleWebKit/537.36 (KHTML, like Gecko) Chrome/130.0.0.0 Safari/537.36 CCleaner/130.0.0.0"
109.107.186.56 - - [08/Feb/2026:11:27:51 -0800] "GET /tmp/webalizer/usage_202402.html HTTP/1.0" 200 114924 "https://seo-creative.ru/" "Mozilla/5.0 (Windows NT 10.0; Win64; x64) AppleWebKit/537.36 (KHTML, like Gecko) Chrome/130.0.0.0 Safari/537.36 CCleaner/130.0.0.0"
109.107.186.56 - - [08/Feb/2026:11:27:54 -0800] "GET /tmp/webalizer/usage_202402.html HTTP/1.0" 200 114924 "https://seo-creative.ru/" "Mozilla/5.0 (Windows NT 10.0; Win64; x64) AppleWebKit/537.36 (KHTML, like Gecko) Chrome/131.0.0.0 Safari/537.36"
144.172.100.6 - - [08/Feb/2026:11:28:56 -0800] "GET /tmp/webalizer/usage_202602.html HTTP/1.1" 200 119178 "-" "Mozilla/5.0 (Windows NT 10.0; Win64; x64) AppleWebKit/537.36 (KHTML, like Gecko) Chrome/114.0.0.0 Safari/537.36"
83.24.185.75 - - [08/Feb/2026:11:29:28 -0800] "GET /tmp/webalizer/usage_202602.html HTTP/1.1" 200 119178 "-" "Mozilla/5.0 (Windows NT 10.0; Win64; x64) AppleWebKit/537.36 (KHTML, like Gecko) Chrome/114.0.0.0 Safari/537.36"
114.119.149.232 - - [08/Feb/2026:11:41:41 -0800] "GET /tmp/webalizer/usage_202409.html HTTP/1.1" 200 122809 "http://test.ngo.ge/tmp/analog/ssl/test.ngo.ge/1.html" "Mozilla/5.0 (Linux; Android 7.0;) AppleWebKit/537.36 (KHTML, like Gecko) Mobile Safari/537.36 (compatible; PetalBot;+https://webmaster.petalsearch.com/site/petalbot)"
202.55.67.194 - - [08/Feb/2026:11:46:31 -0800] "GET http://www.test.ngo.ge/tmp/webalizer/usage_202402.html HTTP/1.0" 200 114924 "https://seo-creative.ru/" "Mozilla/5.0 (Windows NT 10.0; Win64; x64) AppleWebKit/537.36 (KHTML, like Gecko) Chrome/130.0.0.0 Safari/537.36 CCleaner/130.0.0.0"
23.247.136.254 - - [08/Feb/2026:11:46:35 -0800] "GET /tmp/webalizer/usage_202402.html HTTP/1.0" 200 114924 "https://seo-creative.ru/" "Mozilla/5.0 (Windows NT 10.0; Win64; x64) AppleWebKit/537.36 (KHTML, like Gecko) Chrome/130.0.0.0 Safari/537.36"
174.136.204.40 - - [08/Feb/2026:11:46:44 -0800] "GET http://www.test.ngo.ge/tmp/webalizer/usage_202402.html HTTP/1.0" 200 114924 "https://seo-creative.ru/" "Mozilla/5.0 (Windows NT 10.0; Win64; x64) AppleWebKit/537.36 (KHTML, like Gecko) Chrome/130.0.0.0 Safari/537.36"
109.107.186.56 - - [08/Feb/2026:12:04:34 -0800] "GET http://www.test.ngo.ge/tmp/webalizer/usage_202402.html HTTP/1.0" 200 114924 "https://seo-creative.ru/" "Mozilla/5.0 (Windows NT 10.0; Win64; x64) AppleWebKit/537.36 (KHTML, like Gecko) Chrome/131.0.0.0 Safari/537.36 Avast/131.0.0.0"
109.107.186.56 - - [08/Feb/2026:12:04:37 -0800] "GET /tmp/webalizer/usage_202402.html HTTP/1.0" 200 114924 "https://seo-creative.ru/" "Mozilla/5.0 (Windows NT 10.0; Win64; x64) AppleWebKit/537.36 (KHTML, like Gecko) Chrome/129.0.0.0 Safari/537.36"
109.107.186.56 - - [08/Feb/2026:12:04:40 -0800] "GET /tmp/webalizer/usage_202402.html HTTP/1.0" 200 114924 "https://seo-creative.ru/" "Mozilla/5.0 (Windows NT 10.0; Win64; x64) AppleWebKit/537.36 (KHTML, like Gecko) Chrome/131.0.0.0 Safari/537.36"
109.107.186.56 - - [08/Feb/2026:12:22:55 -0800] "GET http://www.test.ngo.ge/tmp/webalizer/usage_202402.html HTTP/1.0" 200 114924 "https://seo-creative.ru/" "Mozilla/5.0 (Windows NT 10.0; Win64; x64) AppleWebKit/537.36 (KHTML, like Gecko) Chrome/130.0.0.0 Safari/537.36"
109.107.186.56 - - [08/Feb/2026:12:22:58 -0800] "GET /tmp/webalizer/usage_202402.html HTTP/1.0" 200 114924 "https://seo-creative.ru/" "Mozilla/5.0 (Windows NT 10.0; Win64; x64) AppleWebKit/537.36 (KHTML, like Gecko) Chrome/129.0.0.0 Safari/537.36"
109.107.186.56 - - [08/Feb/2026:12:23:01 -0800] "GET /tmp/webalizer/usage_202402.html HTTP/1.0" 200 114924 "https://seo-creative.ru/" "Mozilla/5.0 (Windows NT 10.0; Win64; x64) AppleWebKit/537.36 (KHTML, like Gecko) Chrome/131.0.0.0 Safari/537.36"
114.119.149.232 - - [08/Feb/2026:12:29:55 -0800] "GET /mail/new/1475618761.H543576P30363.peshe.info-tbilisi.com,S=1569 HTTP/1.1" 200 1569 "http://test.ngo.ge/mail/new" "Mozilla/5.0 (Linux; Android 7.0;) AppleWebKit/537.36 (KHTML, like Gecko) Mobile Safari/537.36 (compatible; PetalBot;+https://webmaster.petalsearch.com/site/petalbot)"
109.198.48.245 - - [08/Feb/2026:12:39:38 -0800] "GET /tmp/webalizer/usage_202404.html HTTP/1.1" 200 115638 "http://test.ngo.ge/" "Mozilla/5.0 (Macintosh; Intel Mac OS X 12_5) AppleWebKit/537.36 (KHTML, like Gecko) Chrome/114.0.0.0 Safari/537.36 OPR/89.0.4447.51"
45.94.247.183 - - [08/Feb/2026:12:39:45 -0800] "GET / HTTP/1.1" 404 - "https://bullminers.eu" "Opera/9.80 Crypto Mining Equipment at Unbeatable Prices [bullminers.eu] (Windows NT 5.1; U; en) Presto/2.10.229 Version/11.60"
198.23.161.101 - - [08/Feb/2026:12:40:08 -0800] "GET / HTTP/1.1" 404 - "https://bullminers.eu" "Opera/9.80 Crypto Mining Equipment at Unbeatable Prices [bullminers.eu] (Windows NT 5.1; U; en) Presto/2.10.229 Version/11.60"
176.119.9.105 - - [08/Feb/2026:12:40:09 -0800] "GET / HTTP/1.1" 404 - "https://bullminers.eu" "Opera/9.80 Crypto Mining Equipment at Unbeatable Prices [bullminers.eu] (Windows NT 5.1; U; en) Presto/2.10.229 Version/11.60"
176.119.9.105 - - [08/Feb/2026:12:40:10 -0800] "GET /tmp/webalizer/usage_202404.html HTTP/1.1" 404 - "http://test.ngo.ge/" "Opera/9.80 Crypto Mining Equipment at Unbeatable Prices [bullminers.eu] (Windows NT 5.1; U; en) Presto/2.10.229 Version/11.60"
206.41.186.255 - - [08/Feb/2026:12:40:41 -0800] "GET /tmp/webalizer/usage_202404.html HTTP/1.1" 404 - "http://test.ngo.ge/" "Opera/9.80 Crypto Mining Equipment at Unbeatable Prices [bullminers.eu] (Windows NT 5.1; U; en) Presto/2.10.229 Version/11.60"
144.172.100.6 - - [08/Feb/2026:12:40:42 -0800] "GET /tmp/webalizer/usage_202602.html HTTP/1.1" 404 - "-" "Opera/9.80 Crypto Mining Equipment at Unbeatable Prices [bullminers.eu] (Windows NT 5.1; U; en) Presto/2.10.229 Version/11.60"
174.136.204.40 - - [08/Feb/2026:12:41:19 -0800] "GET http://www.test.ngo.ge/tmp/webalizer/usage_202402.html HTTP/1.0" 200 114924 "https://seo-creative.ru/" "Mozilla/5.0 (Windows NT 10.0; Win64; x64) AppleWebKit/537.36 (KHTML, like Gecko) Chrome/129.0.0.0 Safari/537.36"
154.16.115.97 - - [08/Feb/2026:12:41:39 -0800] "GET /tmp/webalizer/usage_202402.html HTTP/1.1" 200 114924 "https://seo-creative.ru/" "Mozilla/5.0 (Windows NT 10.0; Win64; x64) AppleWebKit/537.36 (KHTML, like Gecko) Chrome/130.0.0.0 Safari/537.36 CCleaner/130.0.0.0"
45.59.186.60 - - [08/Feb/2026:12:41:51 -0800] "GET http://www.test.ngo.ge/tmp/webalizer/usage_202402.html HTTP/1.0" 200 114924 "https://seo-creative.ru/" "Mozilla/5.0 (Windows NT 10.0; Win64; x64) AppleWebKit/537.36 (KHTML, like Gecko) Chrome/130.0.0.0 Safari/537.36"
144.172.100.6 - - [08/Feb/2026:12:46:16 -0800] "GET /tmp/webalizer/usage_202602.html HTTP/1.1" 200 119178 "-" "Mozilla/5.0 (Windows NT 10.0; Win64; x64) AppleWebKit/537.36 (KHTML, like Gecko) Chrome/114.0.0.0 Safari/537.36"
154.16.115.97 - - [08/Feb/2026:13:00:28 -0800] "GET /tmp/webalizer/usage_202402.html HTTP/1.1" 200 114924 "https://seo-creative.ru/" "Mozilla/5.0 (Windows NT 10.0; Win64; x64) AppleWebKit/537.36 (KHTML, like Gecko) Chrome/130.0.0.0 Safari/537.36 CCleaner/130.0.0.0"
114.119.153.97 - - [08/Feb/2026:13:00:30 -0800] "GET /ssl/keys/b3725_aedad_b2c0e37e372af6722330d931fe2b04fd.key HTTP/1.1" 404 - "http://test.ngo.ge/ssl/keys/?C=D%3BO%3DA" "Mozilla/5.0 (Linux; Android 7.0;) AppleWebKit/537.36 (KHTML, like Gecko) Mobile Safari/537.36 (compatible; PetalBot;+https://webmaster.petalsearch.com/site/petalbot)"
174.136.204.40 - - [08/Feb/2026:13:00:31 -0800] "GET http://www.test.ngo.ge/tmp/webalizer/usage_202402.html HTTP/1.0" 200 114924 "https://seo-creative.ru/" "Mozilla/5.0 (Windows NT 10.0; Win64; x64) AppleWebKit/537.36 (KHTML, like Gecko) Chrome/131.0.0.0 Safari/537.36"
167.99.124.118 - - [08/Feb/2026:13:00:51 -0800] "GET /tmp/webalizer/usage_202402.html HTTP/1.1" 200 114924 "https://seo-creative.ru/" "Mozilla/5.0 (Windows NT 10.0; Win64; x64) AppleWebKit/537.36 (KHTML, like Gecko) Chrome/131.0.0.0 Safari/537.36"
49.245.63.150 - - [08/Feb/2026:13:20:21 -0800] "GET http://www.test.ngo.ge/tmp/webalizer/usage_202402.html HTTP/1.0" 200 114924 "https://seo-creative.ru/" "Mozilla/5.0 (Windows NT 10.0; Win64; x64) AppleWebKit/537.36 (KHTML, like Gecko) Chrome/129.0.0.0 Safari/537.36"
109.107.186.56 - - [08/Feb/2026:13:20:39 -0800] "GET http://www.test.ngo.ge/tmp/webalizer/usage_202402.html HTTP/1.0" 200 114924 "https://seo-creative.ru/" "Mozilla/5.0 (Windows NT 10.0; Win64; x64) AppleWebKit/537.36 (KHTML, like Gecko) Chrome/130.0.0.0 Safari/537.36 CCleaner/130.0.0.0"
101.132.222.120 - - [08/Feb/2026:13:39:03 -0800] "GET /tmp/webalizer/usage_202402.html HTTP/1.0" 200 114924 "https://seo-creative.ru/" "Mozilla/5.0 (Windows NT 10.0; Win64; x64) AppleWebKit/537.36 (KHTML, like Gecko) Chrome/131.0.0.0 Safari/537.36 Avast/131.0.0.0"
162.240.18.101 - - [08/Feb/2026:13:39:41 -0800] "GET /tmp/webalizer/usage_202402.html HTTP/1.1" 200 114924 "https://seo-creative.ru/" "Mozilla/5.0 (Windows NT 10.0; Win64; x64) AppleWebKit/537.36 (KHTML, like Gecko) Chrome/129.0.0.0 Safari/537.36"
159.65.245.255 - - [08/Feb/2026:13:39:55 -0800] "GET /tmp/webalizer/usage_202402.html HTTP/1.1" 200 114924 "https://seo-creative.ru/" "Mozilla/5.0 (Windows NT 10.0; Win64; x64) AppleWebKit/537.36 (KHTML, like Gecko) Chrome/129.0.0.0 Safari/537.36"
20.220.144.75 - - [08/Feb/2026:13:50:39 -0800] "GET /wp-content/plugins/hellopress/wp_filemanager.php HTTP/1.1" 404 - "-" "-"
20.220.144.75 - - [08/Feb/2026:13:50:39 -0800] "GET /166.php HTTP/1.1" 404 16 "-" "-"
20.220.144.75 - - [08/Feb/2026:13:50:39 -0800] "GET /reze.php HTTP/1.1" 404 16 "-" "-"
20.220.144.75 - - [08/Feb/2026:13:50:39 -0800] "GET /lib.php HTTP/1.1" 404 16 "-" "-"
20.220.144.75 - - [08/Feb/2026:13:50:39 -0800] "GET /x.php HTTP/1.1" 404 16 "-" "-"
20.220.144.75 - - [08/Feb/2026:13:50:39 -0800] "GET /k.php HTTP/1.1" 404 16 "-" "-"
20.220.144.75 - - [08/Feb/2026:13:50:39 -0800] "GET /jga.php HTTP/1.1" 404 16 "-" "-"
20.220.144.75 - - [08/Feb/2026:13:50:40 -0800] "GET /past1.php HTTP/1.1" 404 16 "-" "-"
20.220.144.75 - - [08/Feb/2026:13:50:40 -0800] "GET /8xyz.php HTTP/1.1" 404 16 "-" "-"
20.220.144.75 - - [08/Feb/2026:13:50:40 -0800] "GET /ol.php HTTP/1.1" 404 16 "-" "-"
20.220.144.75 - - [08/Feb/2026:13:50:40 -0800] "GET /bk.php HTTP/1.1" 404 16 "-" "-"
20.220.144.75 - - [08/Feb/2026:13:50:40 -0800] "GET /vx.php HTTP/1.1" 404 16 "-" "-"
20.220.144.75 - - [08/Feb/2026:13:50:40 -0800] "GET /sx.php HTTP/1.1" 404 16 "-" "-"
23.95.96.140 - - [08/Feb/2026:13:54:16 -0800] "GET / HTTP/1.1" 200 2739 "-" "Mozilla/5.0 (Macintosh; Intel Mac OS X 15_7_3) AppleWebKit/605.1.15 (KHTML, like Gecko) Version/26.0 Safari/605.1.15"
154.16.115.97 - - [08/Feb/2026:13:56:38 -0800] "GET /tmp/webalizer/usage_202402.html HTTP/1.1" 200 114924 "https://seo-creative.ru/" "Mozilla/5.0 (Windows NT 10.0; Win64; x64) AppleWebKit/537.36 (KHTML, like Gecko) Chrome/130.0.0.0 Safari/537.36"
154.16.115.97 - - [08/Feb/2026:13:56:43 -0800] "GET /tmp/webalizer/usage_202402.html HTTP/1.1" 200 114924 "https://seo-creative.ru/" "Mozilla/5.0 (Windows NT 10.0; Win64; x64) AppleWebKit/537.36 (KHTML, like Gecko) Chrome/131.0.0.0 Safari/537.36"
109.107.186.56 - - [08/Feb/2026:13:57:01 -0800] "GET http://www.test.ngo.ge/tmp/webalizer/usage_202402.html HTTP/1.0" 200 114924 "https://seo-creative.ru/" "Mozilla/5.0 (Windows NT 10.0; Win64; x64) AppleWebKit/537.36 (KHTML, like Gecko) Chrome/131.0.0.0 Safari/537.36 Avast/131.0.0.0"
192.73.244.36 - - [08/Feb/2026:14:14:25 -0800] "GET /tmp/webalizer/usage_202402.html HTTP/1.1" 200 114924 "https://seo-creative.ru/" "Mozilla/5.0 (Windows NT 10.0; Win64; x64) AppleWebKit/537.36 (KHTML, like Gecko) Chrome/130.0.0.0 Safari/537.36"
109.107.186.56 - - [08/Feb/2026:14:14:43 -0800] "GET http://www.test.ngo.ge/tmp/webalizer/usage_202402.html HTTP/1.0" 200 114924 "https://seo-creative.ru/" "Mozilla/5.0 (Windows NT 10.0; Win64; x64) AppleWebKit/537.36 (KHTML, like Gecko) Chrome/131.0.0.0 Safari/537.36 Avast/131.0.0.0"
109.107.186.56 - - [08/Feb/2026:14:14:46 -0800] "GET /tmp/webalizer/usage_202402.html HTTP/1.0" 200 114924 "https://seo-creative.ru/" "Mozilla/5.0 (Windows NT 10.0; Win64; x64) AppleWebKit/537.36 (KHTML, like Gecko) Chrome/130.0.0.0 Safari/537.36 CCleaner/130.0.0.0"
49.245.63.150 - - [08/Feb/2026:14:32:36 -0800] "GET http://www.test.ngo.ge/tmp/webalizer/usage_202402.html HTTP/1.0" 200 114924 "https://seo-creative.ru/" "Mozilla/5.0 (Windows NT 10.0; Win64; x64) AppleWebKit/537.36 (KHTML, like Gecko) Chrome/131.0.0.0 Safari/537.36 Avast/131.0.0.0"
154.16.115.97 - - [08/Feb/2026:14:32:39 -0800] "GET /tmp/webalizer/usage_202402.html HTTP/1.1" 200 114924 "https://seo-creative.ru/" "Mozilla/5.0 (Windows NT 10.0; Win64; x64) AppleWebKit/537.36 (KHTML, like Gecko) Chrome/131.0.0.0 Safari/537.36 Avast/131.0.0.0"
109.107.186.56 - - [08/Feb/2026:14:32:57 -0800] "GET http://www.test.ngo.ge/tmp/webalizer/usage_202402.html HTTP/1.0" 200 114924 "https://seo-creative.ru/" "Mozilla/5.0 (Windows NT 10.0; Win64; x64) AppleWebKit/537.36 (KHTML, like Gecko) Chrome/131.0.0.0 Safari/537.36 Avast/131.0.0.0"
23.247.136.254 - - [08/Feb/2026:14:50:50 -0800] "GET /tmp/webalizer/usage_202402.html HTTP/1.0" 200 114924 "https://seo-creative.ru/" "Mozilla/5.0 (Windows NT 10.0; Win64; x64) AppleWebKit/537.36 (KHTML, like Gecko) Chrome/129.0.0.0 Safari/537.36"
154.16.115.97 - - [08/Feb/2026:14:50:53 -0800] "GET /tmp/webalizer/usage_202402.html HTTP/1.1" 200 114924 "https://seo-creative.ru/" "Mozilla/5.0 (Windows NT 10.0; Win64; x64) AppleWebKit/537.36 (KHTML, like Gecko) Chrome/131.0.0.0 Safari/537.36 Avast/131.0.0.0"
23.247.136.254 - - [08/Feb/2026:14:50:56 -0800] "GET /tmp/webalizer/usage_202402.html HTTP/1.0" 200 114924 "https://seo-creative.ru/" "Mozilla/5.0 (Windows NT 10.0; Win64; x64) AppleWebKit/537.36 (KHTML, like Gecko) Chrome/130.0.0.0 Safari/537.36"
68.221.72.62 - - [08/Feb/2026:14:58:55 -0800] "GET /wp-content/plugins/hellopress/wp_filemanager.php HTTP/1.1" 404 - "-" "-"
68.221.72.62 - - [08/Feb/2026:14:58:55 -0800] "GET /166.php HTTP/1.1" 404 16 "-" "-"
68.221.72.62 - - [08/Feb/2026:14:58:55 -0800] "GET /reze.php HTTP/1.1" 404 16 "-" "-"
68.221.72.62 - - [08/Feb/2026:14:58:55 -0800] "GET /lib.php HTTP/1.1" 404 16 "-" "-"
68.221.72.62 - - [08/Feb/2026:14:58:55 -0800] "GET /x.php HTTP/1.1" 404 16 "-" "-"
68.221.72.62 - - [08/Feb/2026:14:58:55 -0800] "GET /k.php HTTP/1.1" 404 16 "-" "-"
68.221.72.62 - - [08/Feb/2026:14:58:55 -0800] "GET /jga.php HTTP/1.1" 404 16 "-" "-"
68.221.72.62 - - [08/Feb/2026:14:58:55 -0800] "GET /past1.php HTTP/1.1" 404 16 "-" "-"
68.221.72.62 - - [08/Feb/2026:14:58:56 -0800] "GET /8xyz.php HTTP/1.1" 404 16 "-" "-"
68.221.72.62 - - [08/Feb/2026:14:58:56 -0800] "GET /ol.php HTTP/1.1" 404 16 "-" "-"
68.221.72.62 - - [08/Feb/2026:14:58:56 -0800] "GET /bk.php HTTP/1.1" 404 16 "-" "-"
68.221.72.62 - - [08/Feb/2026:14:58:56 -0800] "GET /vx.php HTTP/1.1" 404 16 "-" "-"
68.221.72.62 - - [08/Feb/2026:14:58:56 -0800] "GET /sx.php HTTP/1.1" 404 16 "-" "-"
174.136.204.40 - - [08/Feb/2026:15:08:51 -0800] "GET http://www.test.ngo.ge/tmp/webalizer/usage_202402.html HTTP/1.0" 200 114924 "https://seo-creative.ru/" "Mozilla/5.0 (Windows NT 10.0; Win64; x64) AppleWebKit/537.36 (KHTML, like Gecko) Chrome/129.0.0.0 Safari/537.36"
192.73.244.36 - - [08/Feb/2026:15:08:58 -0800] "GET /tmp/webalizer/usage_202402.html HTTP/1.1" 200 114924 "https://seo-creative.ru/" "Mozilla/5.0 (Windows NT 10.0; Win64; x64) AppleWebKit/537.36 (KHTML, like Gecko) Chrome/131.0.0.0 Safari/537.36"
109.107.186.56 - - [08/Feb/2026:15:09:16 -0800] "GET http://www.test.ngo.ge/tmp/webalizer/usage_202402.html HTTP/1.0" 200 114924 "https://seo-creative.ru/" "Mozilla/5.0 (Windows NT 10.0; Win64; x64) AppleWebKit/537.36 (KHTML, like Gecko) Chrome/130.0.0.0 Safari/537.36"
109.107.186.56 - - [08/Feb/2026:15:27:38 -0800] "GET http://www.test.ngo.ge/tmp/webalizer/usage_202402.html HTTP/1.0" 200 114924 "https://seo-creative.ru/" "Mozilla/5.0 (Windows NT 10.0; Win64; x64) AppleWebKit/537.36 (KHTML, like Gecko) Chrome/129.0.0.0 Safari/537.36"
109.107.186.56 - - [08/Feb/2026:15:27:41 -0800] "GET /tmp/webalizer/usage_202402.html HTTP/1.0" 200 114924 "https://seo-creative.ru/" "Mozilla/5.0 (Windows NT 10.0; Win64; x64) AppleWebKit/537.36 (KHTML, like Gecko) Chrome/130.0.0.0 Safari/537.36"
109.107.186.56 - - [08/Feb/2026:15:27:44 -0800] "GET /tmp/webalizer/usage_202402.html HTTP/1.0" 200 114924 "https://seo-creative.ru/" "Mozilla/5.0 (Windows NT 10.0; Win64; x64) AppleWebKit/537.36 (KHTML, like Gecko) Chrome/131.0.0.0 Safari/537.36"
104.210.140.133 - - [08/Feb/2026:15:45:06 -0800] "GET /robots.txt HTTP/1.1" 404 - "-" "Mozilla/5.0 (Macintosh; Intel Mac OS X 10_15_7) AppleWebKit/537.36 (KHTML, like Gecko) Chrome/131.0.0.0 Safari/537.36; compatible; OAI-SearchBot/1.0; +https://openai.com/searchbot"
109.107.186.56 - - [08/Feb/2026:15:45:56 -0800] "GET http://www.test.ngo.ge/tmp/webalizer/usage_202402.html HTTP/1.0" 200 114924 "https://seo-creative.ru/" "Mozilla/5.0 (Windows NT 10.0; Win64; x64) AppleWebKit/537.36 (KHTML, like Gecko) Chrome/130.0.0.0 Safari/537.36 CCleaner/130.0.0.0"
109.107.186.56 - - [08/Feb/2026:15:45:59 -0800] "GET /tmp/webalizer/usage_202402.html HTTP/1.0" 200 114924 "https://seo-creative.ru/" "Mozilla/5.0 (Windows NT 10.0; Win64; x64) AppleWebKit/537.36 (KHTML, like Gecko) Chrome/131.0.0.0 Safari/537.36 Avast/131.0.0.0"
109.107.186.56 - - [08/Feb/2026:15:46:03 -0800] "GET /tmp/webalizer/usage_202402.html HTTP/1.0" 200 114924 "https://seo-creative.ru/" "Mozilla/5.0 (Windows NT 10.0; Win64; x64) AppleWebKit/537.36 (KHTML, like Gecko) Chrome/131.0.0.0 Safari/537.36 Avast/131.0.0.0"
104.210.140.132 - - [08/Feb/2026:15:58:36 -0800] "GET /robots.txt HTTP/1.1" 404 - "-" "Mozilla/5.0 (Macintosh; Intel Mac OS X 10_15_7) AppleWebKit/537.36 (KHTML, like Gecko) Chrome/131.0.0.0 Safari/537.36; compatible; OAI-SearchBot/1.0; +https://openai.com/searchbot"
133.18.234.13 - - [08/Feb/2026:16:04:21 -0800] "GET http://www.test.ngo.ge/tmp/webalizer/usage_202402.html HTTP/1.0" 200 114924 "https://seo-creative.ru/" "Mozilla/5.0 (Windows NT 10.0; Win64; x64) AppleWebKit/537.36 (KHTML, like Gecko) Chrome/129.0.0.0 Safari/537.36"
192.73.244.36 - - [08/Feb/2026:16:05:05 -0800] "GET /tmp/webalizer/usage_202402.html HTTP/1.1" 200 114924 "https://seo-creative.ru/" "Mozilla/5.0 (Windows NT 10.0; Win64; x64) AppleWebKit/537.36 (KHTML, like Gecko) Chrome/130.0.0.0 Safari/537.36"
174.136.204.40 - - [08/Feb/2026:16:23:11 -0800] "GET http://www.test.ngo.ge/tmp/webalizer/usage_202402.html HTTP/1.0" 200 114924 "https://seo-creative.ru/" "Mozilla/5.0 (Windows NT 10.0; Win64; x64) AppleWebKit/537.36 (KHTML, like Gecko) Chrome/130.0.0.0 Safari/537.36"
24.172.82.94 - - [08/Feb/2026:16:23:17 -0800] "GET /tmp/webalizer/usage_202402.html HTTP/1.1" 200 114924 "https://seo-creative.ru/" "Mozilla/5.0 (Windows NT 10.0; Win64; x64) AppleWebKit/537.36 (KHTML, like Gecko) Chrome/131.0.0.0 Safari/537.36 Avast/131.0.0.0"
101.132.222.120 - - [08/Feb/2026:16:23:26 -0800] "GET /tmp/webalizer/usage_202402.html HTTP/1.0" 200 114924 "https://seo-creative.ru/" "Mozilla/5.0 (Windows NT 10.0; Win64; x64) AppleWebKit/537.36 (KHTML, like Gecko) Chrome/131.0.0.0 Safari/537.36"
109.107.186.56 - - [08/Feb/2026:16:41:21 -0800] "GET http://www.test.ngo.ge/tmp/webalizer/usage_202402.html HTTP/1.0" 200 114924 "https://seo-creative.ru/" "Mozilla/5.0 (Windows NT 10.0; Win64; x64) AppleWebKit/537.36 (KHTML, like Gecko) Chrome/131.0.0.0 Safari/537.36"
109.107.186.56 - - [08/Feb/2026:16:41:24 -0800] "GET /tmp/webalizer/usage_202402.html HTTP/1.0" 200 114924 "https://seo-creative.ru/" "Mozilla/5.0 (Windows NT 10.0; Win64; x64) AppleWebKit/537.36 (KHTML, like Gecko) Chrome/130.0.0.0 Safari/537.36"
109.107.186.56 - - [08/Feb/2026:16:41:27 -0800] "GET /tmp/webalizer/usage_202402.html HTTP/1.0" 200 114924 "https://seo-creative.ru/" "Mozilla/5.0 (Windows NT 10.0; Win64; x64) AppleWebKit/537.36 (KHTML, like Gecko) Chrome/131.0.0.0 Safari/537.36 Avast/131.0.0.0"
154.16.115.97 - - [08/Feb/2026:16:59:43 -0800] "GET /tmp/webalizer/usage_202402.html HTTP/1.1" 200 114924 "https://seo-creative.ru/" "Mozilla/5.0 (Windows NT 10.0; Win64; x64) AppleWebKit/537.36 (KHTML, like Gecko) Chrome/131.0.0.0 Safari/537.36"
138.68.235.51 - - [08/Feb/2026:16:59:46 -0800] "GET /tmp/webalizer/usage_202402.html HTTP/1.1" 200 114924 "https://seo-creative.ru/" "Mozilla/5.0 (Windows NT 10.0; Win64; x64) AppleWebKit/537.36 (KHTML, like Gecko) Chrome/130.0.0.0 Safari/537.36"
101.132.222.120 - - [08/Feb/2026:17:18:27 -0800] "GET /tmp/webalizer/usage_202402.html HTTP/1.0" 200 114924 "https://seo-creative.ru/" "Mozilla/5.0 (Windows NT 10.0; Win64; x64) AppleWebKit/537.36 (KHTML, like Gecko) Chrome/131.0.0.0 Safari/537.36 Avast/131.0.0.0"
109.107.186.56 - - [08/Feb/2026:17:18:49 -0800] "GET http://www.test.ngo.ge/tmp/webalizer/usage_202402.html HTTP/1.0" 200 114924 "https://seo-creative.ru/" "Mozilla/5.0 (Windows NT 10.0; Win64; x64) AppleWebKit/537.36 (KHTML, like Gecko) Chrome/130.0.0.0 Safari/537.36"
109.107.186.56 - - [08/Feb/2026:17:18:52 -0800] "GET /tmp/webalizer/usage_202402.html HTTP/1.0" 200 114924 "https://seo-creative.ru/" "Mozilla/5.0 (Windows NT 10.0; Win64; x64) AppleWebKit/537.36 (KHTML, like Gecko) Chrome/131.0.0.0 Safari/537.36 Avast/131.0.0.0"
74.7.244.2 - - [08/Feb/2026:17:28:12 -0800] "GET /robots.txt HTTP/1.1" 404 - "-" "Mozilla/5.0 (Macintosh; Intel Mac OS X 10_15_7) AppleWebKit/537.36 (KHTML, like Gecko) Chrome/131.0.0.0 Safari/537.36; compatible; OAI-SearchBot/1.3; robots.txt; +https://openai.com/searchbot"
74.7.242.55 - - [08/Feb/2026:17:28:13 -0800] "GET /tmp/webalizer/usage_202512.html HTTP/1.1" 200 170791 "https://www.test.ngo.ge" "Mozilla/5.0 AppleWebKit/537.36 (KHTML, like Gecko; compatible; GPTBot/1.3; +https://openai.com/gptbot)"
74.7.242.55 - - [08/Feb/2026:17:28:16 -0800] "GET /tmp/webalizer/usage_202412.html HTTP/1.1" 200 117903 "https://www.test.ngo.ge" "Mozilla/5.0 AppleWebKit/537.36 (KHTML, like Gecko; compatible; GPTBot/1.3; +https://openai.com/gptbot)"
74.7.230.7 - - [08/Feb/2026:17:28:16 -0800] "GET /robots.txt HTTP/1.1" 404 - "-" "Mozilla/5.0 (Macintosh; Intel Mac OS X 10_15_7) AppleWebKit/537.36 (KHTML, like Gecko) Chrome/131.0.0.0 Safari/537.36; compatible; OAI-SearchBot/1.3; robots.txt; +https://openai.com/searchbot"
74.7.242.55 - - [08/Feb/2026:17:28:19 -0800] "GET /tmp/webalizer/usage_202410.html HTTP/1.1" 200 122234 "https://www.test.ngo.ge" "Mozilla/5.0 AppleWebKit/537.36 (KHTML, like Gecko; compatible; GPTBot/1.3; +https://openai.com/gptbot)"
74.7.242.55 - - [08/Feb/2026:17:28:22 -0800] "GET /tmp/webalizer/usage_202309.html HTTP/1.1" 200 135049 "https://www.test.ngo.ge" "Mozilla/5.0 AppleWebKit/537.36 (KHTML, like Gecko; compatible; GPTBot/1.3; +https://openai.com/gptbot)"
74.7.227.169 - - [08/Feb/2026:17:28:23 -0800] "GET / HTTP/1.1" 200 2739 "https://www.test.ngo.ge" "Mozilla/5.0 AppleWebKit/537.36 (KHTML, like Gecko; compatible; GPTBot/1.3; +https://openai.com/gptbot)"
74.7.242.55 - - [08/Feb/2026:17:28:26 -0800] "GET /tmp/webalizer/usage_202401.html HTTP/1.1" 200 129065 "https://www.test.ngo.ge" "Mozilla/5.0 AppleWebKit/537.36 (KHTML, like Gecko; compatible; GPTBot/1.3; +https://openai.com/gptbot)"
74.7.242.55 - - [08/Feb/2026:17:28:28 -0800] "GET /tmp/webalizer/usage_202310.html HTTP/1.1" 200 135459 "https://www.test.ngo.ge" "Mozilla/5.0 AppleWebKit/537.36 (KHTML, like Gecko; compatible; GPTBot/1.3; +https://openai.com/gptbot)"
74.7.227.169 - - [08/Feb/2026:17:28:29 -0800] "GET /?C=D;O=A HTTP/1.1" 200 2739 "http://www.test.ngo.ge/" "Mozilla/5.0 AppleWebKit/537.36 (KHTML, like Gecko; compatible; GPTBot/1.3; +https://openai.com/gptbot)"
74.7.227.169 - - [08/Feb/2026:17:28:29 -0800] "GET /?C=M;O=A HTTP/1.1" 200 2739 "http://www.test.ngo.ge/" "Mozilla/5.0 AppleWebKit/537.36 (KHTML, like Gecko; compatible; GPTBot/1.3; +https://openai.com/gptbot)"
74.7.242.55 - - [08/Feb/2026:17:28:29 -0800] "GET /tmp/webalizer/usage_202507.html HTTP/1.1" 200 140789 "https://www.test.ngo.ge" "Mozilla/5.0 AppleWebKit/537.36 (KHTML, like Gecko; compatible; GPTBot/1.3; +https://openai.com/gptbot)"
74.7.227.169 - - [08/Feb/2026:17:28:30 -0800] "GET /?C=N;O=D HTTP/1.1" 200 2739 "http://www.test.ngo.ge/" "Mozilla/5.0 AppleWebKit/537.36 (KHTML, like Gecko; compatible; GPTBot/1.3; +https://openai.com/gptbot)"
74.7.227.169 - - [08/Feb/2026:17:28:30 -0800] "GET /?C=S;O=A HTTP/1.1" 200 2739 "http://www.test.ngo.ge/" "Mozilla/5.0 AppleWebKit/537.36 (KHTML, like Gecko; compatible; GPTBot/1.3; +https://openai.com/gptbot)"
74.7.227.169 - - [08/Feb/2026:17:28:31 -0800] "GET /public_ftp/ HTTP/1.1" 200 787 "http://www.test.ngo.ge/" "Mozilla/5.0 AppleWebKit/537.36 (KHTML, like Gecko; compatible; GPTBot/1.3; +https://openai.com/gptbot)"
74.7.242.55 - - [08/Feb/2026:17:28:31 -0800] "GET /tmp/webalizer/usage_202411.html HTTP/1.1" 200 123345 "https://www.test.ngo.ge" "Mozilla/5.0 AppleWebKit/537.36 (KHTML, like Gecko; compatible; GPTBot/1.3; +https://openai.com/gptbot)"
74.7.227.169 - - [08/Feb/2026:17:28:31 -0800] "GET /cpmove.psql/ HTTP/1.1" 200 612 "http://www.test.ngo.ge/" "Mozilla/5.0 AppleWebKit/537.36 (KHTML, like Gecko; compatible; GPTBot/1.3; +https://openai.com/gptbot)"
74.7.227.169 - - [08/Feb/2026:17:28:32 -0800] "GET /public_html/ HTTP/1.1" 200 1 "http://www.test.ngo.ge/" "Mozilla/5.0 AppleWebKit/537.36 (KHTML, like Gecko; compatible; GPTBot/1.3; +https://openai.com/gptbot)"
74.7.227.169 - - [08/Feb/2026:17:28:32 -0800] "GET /access-logs/ HTTP/1.1" 200 2070 "http://www.test.ngo.ge/" "Mozilla/5.0 AppleWebKit/537.36 (KHTML, like Gecko; compatible; GPTBot/1.3; +https://openai.com/gptbot)"
74.7.242.55 - - [08/Feb/2026:17:28:32 -0800] "GET /tmp/webalizer/usage_202402.html HTTP/1.1" 200 114924 "https://www.test.ngo.ge" "Mozilla/5.0 AppleWebKit/537.36 (KHTML, like Gecko; compatible; GPTBot/1.3; +https://openai.com/gptbot)"
74.7.227.169 - - [08/Feb/2026:17:28:33 -0800] "GET /cpbackup-exclude.conf HTTP/1.1" 404 - "http://www.test.ngo.ge/" "Mozilla/5.0 AppleWebKit/537.36 (KHTML, like Gecko; compatible; GPTBot/1.3; +https://openai.com/gptbot)"
74.7.227.169 - - [08/Feb/2026:17:28:33 -0800] "GET /cgi-bin/ HTTP/1.1" 404 - "http://www.test.ngo.ge/" "Mozilla/5.0 AppleWebKit/537.36 (KHTML, like Gecko; compatible; GPTBot/1.3; +https://openai.com/gptbot)"
74.7.227.169 - - [08/Feb/2026:17:28:34 -0800] "GET /www/ HTTP/1.1" 200 1 "http://www.test.ngo.ge/" "Mozilla/5.0 AppleWebKit/537.36 (KHTML, like Gecko; compatible; GPTBot/1.3; +https://openai.com/gptbot)"
74.7.227.169 - - [08/Feb/2026:17:28:34 -0800] "GET /?C=D;O=D HTTP/1.1" 200 2739 "http://www.test.ngo.ge/?C=D;O=A" "Mozilla/5.0 AppleWebKit/537.36 (KHTML, like Gecko; compatible; GPTBot/1.3; +https://openai.com/gptbot)"
74.7.242.55 - - [08/Feb/2026:17:28:35 -0800] "GET /tmp/analog/ssl/ngo.ge/12.html HTTP/1.1" 200 149496 "http://test.ngo.ge/tmp/webalizer/usage_202512.html" "Mozilla/5.0 AppleWebKit/537.36 (KHTML, like Gecko; compatible; GPTBot/1.3; +https://openai.com/gptbot)"
74.7.227.169 - - [08/Feb/2026:17:28:35 -0800] "GET /?C=N;O=A HTTP/1.1" 200 2739 "http://www.test.ngo.ge/?C=D;O=A" "Mozilla/5.0 AppleWebKit/537.36 (KHTML, like Gecko; compatible; GPTBot/1.3; +https://openai.com/gptbot)"
74.7.227.169 - - [08/Feb/2026:17:28:35 -0800] "GET /?C=M;O=D HTTP/1.1" 200 2739 "http://www.test.ngo.ge/?C=M;O=A" "Mozilla/5.0 AppleWebKit/537.36 (KHTML, like Gecko; compatible; GPTBot/1.3; +https://openai.com/gptbot)"
74.7.227.169 - - [08/Feb/2026:17:28:36 -0800] "GET /?C=S;O=D HTTP/1.1" 200 2739 "http://www.test.ngo.ge/?C=S;O=A" "Mozilla/5.0 AppleWebKit/537.36 (KHTML, like Gecko; compatible; GPTBot/1.3; +https://openai.com/gptbot)"
74.7.227.169 - - [08/Feb/2026:17:28:36 -0800] "GET /mail/ HTTP/1.1" 200 2973 "http://www.test.ngo.ge/" "Mozilla/5.0 AppleWebKit/537.36 (KHTML, like Gecko; compatible; GPTBot/1.3; +https://openai.com/gptbot)"
74.7.242.55 - - [08/Feb/2026:17:28:37 -0800] "GET /tmp/webalizer/ctry_usage_202410.png HTTP/1.1" 200 3398 "http://test.ngo.ge/tmp/webalizer/usage_202410.html" "Mozilla/5.0 AppleWebKit/537.36 (KHTML, like Gecko; compatible; GPTBot/1.3; +https://openai.com/gptbot)"
74.7.227.169 - - [08/Feb/2026:17:28:37 -0800] "GET /logs/ HTTP/1.1" 200 11765 "http://www.test.ngo.ge/" "Mozilla/5.0 AppleWebKit/537.36 (KHTML, like Gecko; compatible; GPTBot/1.3; +https://openai.com/gptbot)"
74.7.227.169 - - [08/Feb/2026:17:28:38 -0800] "GET /ssl/ HTTP/1.1" 200 1470 "http://www.test.ngo.ge/" "Mozilla/5.0 AppleWebKit/537.36 (KHTML, like Gecko; compatible; GPTBot/1.3; +https://openai.com/gptbot)"
74.7.227.169 - - [08/Feb/2026:17:28:38 -0800] "GET /etc/ HTTP/1.1" 200 1643 "http://www.test.ngo.ge/" "Mozilla/5.0 AppleWebKit/537.36 (KHTML, like Gecko; compatible; GPTBot/1.3; +https://openai.com/gptbot)"
74.7.227.169 - - [08/Feb/2026:17:28:39 -0800] "GET /tmp/ HTTP/1.1" 200 2632 "http://www.test.ngo.ge/" "Mozilla/5.0 AppleWebKit/537.36 (KHTML, like Gecko; compatible; GPTBot/1.3; +https://openai.com/gptbot)"
74.7.242.55 - - [08/Feb/2026:17:28:39 -0800] "GET /tmp/webalizer/usage_202506.html HTTP/1.1" 200 135634 "https://www.test.ngo.ge" "Mozilla/5.0 AppleWebKit/537.36 (KHTML, like Gecko; compatible; GPTBot/1.3; +https://openai.com/gptbot)"
74.7.227.169 - - [08/Feb/2026:17:28:39 -0800] "GET /cache/ HTTP/1.1" 200 17711 "http://www.test.ngo.ge/" "Mozilla/5.0 AppleWebKit/537.36 (KHTML, like Gecko; compatible; GPTBot/1.3; +https://openai.com/gptbot)"
74.7.242.55 - - [08/Feb/2026:17:28:39 -0800] "GET /tmp/webalizer/usage_202409.html HTTP/1.1" 200 122809 "https://www.test.ngo.ge" "Mozilla/5.0 AppleWebKit/537.36 (KHTML, like Gecko; compatible; GPTBot/1.3; +https://openai.com/gptbot)"
74.7.227.169 - - [08/Feb/2026:17:28:40 -0800] "GET /access-logs/test.ngo.ge-ssl_log HTTP/1.1" 404 - "http://www.test.ngo.ge/access-logs/" "Mozilla/5.0 AppleWebKit/537.36 (KHTML, like Gecko; compatible; GPTBot/1.3; +https://openai.com/gptbot)"
74.7.242.55 - - [08/Feb/2026:17:28:40 -0800] "GET /tmp/webalizer/usage_202508.html HTTP/1.1" 200 136875 "https://www.test.ngo.ge" "Mozilla/5.0 AppleWebKit/537.36 (KHTML, like Gecko; compatible; GPTBot/1.3; +https://openai.com/gptbot)"
74.7.227.169 - - [08/Feb/2026:17:28:40 -0800] "GET /access-logs/temp.ngo.ge-ssl_log HTTP/1.1" 404 - "http://www.test.ngo.ge/access-logs/" "Mozilla/5.0 AppleWebKit/537.36 (KHTML, like Gecko; compatible; GPTBot/1.3; +https://openai.com/gptbot)"
74.7.242.55 - - [08/Feb/2026:17:28:40 -0800] "GET /tmp/webalizer/usage_202406.html HTTP/1.1" 200 127668 "https://www.test.ngo.ge" "Mozilla/5.0 AppleWebKit/537.36 (KHTML, like Gecko; compatible; GPTBot/1.3; +https://openai.com/gptbot)"
74.7.227.169 - - [08/Feb/2026:17:28:41 -0800] "GET /access-logs/ertoba.ngo.ge-ssl_log HTTP/1.1" 404 - "http://www.test.ngo.ge/access-logs/" "Mozilla/5.0 AppleWebKit/537.36 (KHTML, like Gecko; compatible; GPTBot/1.3; +https://openai.com/gptbot)"
74.7.242.55 - - [08/Feb/2026:17:28:41 -0800] "GET /tmp/webalizer/daily_usage_202402.png HTTP/1.1" 200 3523 "http://test.ngo.ge/tmp/webalizer/usage_202402.html" "Mozilla/5.0 AppleWebKit/537.36 (KHTML, like Gecko; compatible; GPTBot/1.3; +https://openai.com/gptbot)"
74.7.227.169 - - [08/Feb/2026:17:28:41 -0800] "GET /access-logs/test.ngo.ge HTTP/1.1" 404 - "http://www.test.ngo.ge/access-logs/" "Mozilla/5.0 AppleWebKit/537.36 (KHTML, like Gecko; compatible; GPTBot/1.3; +https://openai.com/gptbot)"
74.7.242.55 - - [08/Feb/2026:17:28:41 -0800] "GET /tmp/webalizer/ctry_usage_202402.png HTTP/1.1" 200 3181 "http://test.ngo.ge/tmp/webalizer/usage_202402.html" "Mozilla/5.0 AppleWebKit/537.36 (KHTML, like Gecko; compatible; GPTBot/1.3; +https://openai.com/gptbot)"
74.7.227.169 - - [08/Feb/2026:17:28:42 -0800] "GET /mail/dovecot-uidvalidity.5f41072d HTTP/1.1" 200 - "http://www.test.ngo.ge/mail/" "Mozilla/5.0 AppleWebKit/537.36 (KHTML, like Gecko; compatible; GPTBot/1.3; +https://openai.com/gptbot)"
74.7.227.169 - - [08/Feb/2026:17:28:43 -0800] "GET /logs/test_ngo_ge.php.error.log HTTP/1.1" 404 - "http://www.test.ngo.ge/logs/" "Mozilla/5.0 AppleWebKit/537.36 (KHTML, like Gecko; compatible; GPTBot/1.3; +https://openai.com/gptbot)"
74.7.242.55 - - [08/Feb/2026:17:28:43 -0800] "GET /foresight5/en/ HTTP/1.1" 404 - "http://test.ngo.ge/tmp/analog/ssl/ngo.ge/12.html" "Mozilla/5.0 AppleWebKit/537.36 (KHTML, like Gecko; compatible; GPTBot/1.3; +https://openai.com/gptbot)"
74.7.227.169 - - [08/Feb/2026:17:28:43 -0800] "GET /logs/ngo_ge.php.error.log HTTP/1.1" 404 - "http://www.test.ngo.ge/logs/" "Mozilla/5.0 AppleWebKit/537.36 (KHTML, like Gecko; compatible; GPTBot/1.3; +https://openai.com/gptbot)"
74.7.227.169 - - [08/Feb/2026:17:28:44 -0800] "GET /etc/quota HTTP/1.1" 200 - "http://www.test.ngo.ge/etc/" "Mozilla/5.0 AppleWebKit/537.36 (KHTML, like Gecko; compatible; GPTBot/1.3; +https://openai.com/gptbot)"
74.7.242.55 - - [08/Feb/2026:17:28:44 -0800] "GET /hn2021ge/es/hn2021x/observation-unit/1764/268/ HTTP/1.1" 404 - "http://test.ngo.ge/tmp/analog/ssl/ngo.ge/12.html" "Mozilla/5.0 AppleWebKit/537.36 (KHTML, like Gecko; compatible; GPTBot/1.3; +https://openai.com/gptbot)"
74.7.227.169 - - [08/Feb/2026:17:28:44 -0800] "GET /tmp/sess_29da89251db39f24823845b8f0bbcea5 HTTP/1.1" 200 4676 "http://www.test.ngo.ge/tmp/" "Mozilla/5.0 AppleWebKit/537.36 (KHTML, like Gecko; compatible; GPTBot/1.3; +https://openai.com/gptbot)"
74.7.242.55 - - [08/Feb/2026:17:28:45 -0800] "GET /hn2021ge/es/hn2021x/observation-unit/8359/292/ HTTP/1.1" 404 - "http://test.ngo.ge/tmp/analog/ssl/ngo.ge/12.html" "Mozilla/5.0 AppleWebKit/537.36 (KHTML, like Gecko; compatible; GPTBot/1.3; +https://openai.com/gptbot)"
74.7.227.169 - - [08/Feb/2026:17:28:45 -0800] "GET /cache/cache_751da702b028317232b71007fba1ef6f HTTP/1.1" 200 - "http://www.test.ngo.ge/cache/" "Mozilla/5.0 AppleWebKit/537.36 (KHTML, like Gecko; compatible; GPTBot/1.3; +https://openai.com/gptbot)"
74.7.227.169 - - [08/Feb/2026:17:28:45 -0800] "GET /cache/cache_1520c3375c7047b445edbff91af1a012 HTTP/1.1" 200 - "http://www.test.ngo.ge/cache/" "Mozilla/5.0 AppleWebKit/537.36 (KHTML, like Gecko; compatible; GPTBot/1.3; +https://openai.com/gptbot)"
74.7.227.169 - - [08/Feb/2026:17:28:46 -0800] "GET /cache/cache_26bc22926debfad0fe5282210e5894a7 HTTP/1.1" 200 - "http://www.test.ngo.ge/cache/" "Mozilla/5.0 AppleWebKit/537.36 (KHTML, like Gecko; compatible; GPTBot/1.3; +https://openai.com/gptbot)"
74.7.227.169 - - [08/Feb/2026:17:28:46 -0800] "GET /cache/cache_3f80ac955c111fd5014fb6e47ff7cb14 HTTP/1.1" 200 - "http://www.test.ngo.ge/cache/" "Mozilla/5.0 AppleWebKit/537.36 (KHTML, like Gecko; compatible; GPTBot/1.3; +https://openai.com/gptbot)"
74.7.242.55 - - [08/Feb/2026:17:28:48 -0800] "GET /hn2021ge/es/profile/ HTTP/1.1" 404 - "http://test.ngo.ge/tmp/analog/ssl/ngo.ge/12.html" "Mozilla/5.0 AppleWebKit/537.36 (KHTML, like Gecko; compatible; GPTBot/1.3; +https://openai.com/gptbot)"
74.7.242.55 - - [08/Feb/2026:17:28:53 -0800] "GET /test/ HTTP/1.1" 404 - "http://test.ngo.ge/tmp/analog/ssl/ngo.ge/12.html" "Mozilla/5.0 AppleWebKit/537.36 (KHTML, like Gecko; compatible; GPTBot/1.3; +https://openai.com/gptbot)"
74.7.242.55 - - [08/Feb/2026:17:28:56 -0800] "GET /?locale=id HTTP/1.1" 200 2739 "http://test.ngo.ge/tmp/analog/ssl/ngo.ge/12.html" "Mozilla/5.0 AppleWebKit/537.36 (KHTML, like Gecko; compatible; GPTBot/1.3; +https://openai.com/gptbot)"
74.7.242.55 - - [08/Feb/2026:17:28:57 -0800] "GET /hn2021ge/es/?signout=true HTTP/1.1" 404 - "http://test.ngo.ge/tmp/analog/ssl/ngo.ge/12.html" "Mozilla/5.0 AppleWebKit/537.36 (KHTML, like Gecko; compatible; GPTBot/1.3; +https://openai.com/gptbot)"
74.7.242.55 - - [08/Feb/2026:17:28:59 -0800] "GET /hn2021ge/es/hn2021x/response-tables/ HTTP/1.1" 404 - "http://test.ngo.ge/tmp/analog/ssl/ngo.ge/12.html" "Mozilla/5.0 AppleWebKit/537.36 (KHTML, like Gecko; compatible; GPTBot/1.3; +https://openai.com/gptbot)"
74.7.242.55 - - [08/Feb/2026:17:28:59 -0800] "GET /hn2021ge/es/hn2021f/response-tables/ HTTP/1.1" 404 - "http://test.ngo.ge/tmp/analog/ssl/ngo.ge/12.html" "Mozilla/5.0 AppleWebKit/537.36 (KHTML, like Gecko; compatible; GPTBot/1.3; +https://openai.com/gptbot)"
74.7.242.55 - - [08/Feb/2026:17:29:01 -0800] "GET /access-logs/ HTTP/1.1" 200 2070 "http://test.ngo.ge/?locale=id" "Mozilla/5.0 AppleWebKit/537.36 (KHTML, like Gecko; compatible; GPTBot/1.3; +https://openai.com/gptbot)"
74.7.242.55 - - [08/Feb/2026:17:29:02 -0800] "GET /mail/ HTTP/1.1" 200 2973 "http://test.ngo.ge/?locale=id" "Mozilla/5.0 AppleWebKit/537.36 (KHTML, like Gecko; compatible; GPTBot/1.3; +https://openai.com/gptbot)"
74.7.242.55 - - [08/Feb/2026:17:29:02 -0800] "GET /logs/ HTTP/1.1" 200 11765 "http://test.ngo.ge/?locale=id" "Mozilla/5.0 AppleWebKit/537.36 (KHTML, like Gecko; compatible; GPTBot/1.3; +https://openai.com/gptbot)"
74.7.242.55 - - [08/Feb/2026:17:29:03 -0800] "GET /www/ HTTP/1.1" 200 1 "http://test.ngo.ge/?locale=id" "Mozilla/5.0 AppleWebKit/537.36 (KHTML, like Gecko; compatible; GPTBot/1.3; +https://openai.com/gptbot)"
74.7.242.55 - - [08/Feb/2026:17:29:03 -0800] "GET /cgi-bin/ HTTP/1.1" 404 - "http://test.ngo.ge/?locale=id" "Mozilla/5.0 AppleWebKit/537.36 (KHTML, like Gecko; compatible; GPTBot/1.3; +https://openai.com/gptbot)"
74.7.242.55 - - [08/Feb/2026:17:29:04 -0800] "GET /hn2021ge/es/hn2021x/sms-inbox/ HTTP/1.1" 404 - "http://test.ngo.ge/tmp/analog/ssl/ngo.ge/12.html" "Mozilla/5.0 AppleWebKit/537.36 (KHTML, like Gecko; compatible; GPTBot/1.3; +https://openai.com/gptbot)"
74.7.242.55 - - [08/Feb/2026:17:29:05 -0800] "GET /hn2021ge/es/hn2021f/reporting-graphs/ HTTP/1.1" 404 - "http://test.ngo.ge/tmp/analog/ssl/ngo.ge/12.html" "Mozilla/5.0 AppleWebKit/537.36 (KHTML, like Gecko; compatible; GPTBot/1.3; +https://openai.com/gptbot)"
74.7.242.55 - - [08/Feb/2026:17:29:06 -0800] "GET /public/_ignition/health-check/ HTTP/1.1" 404 - "http://test.ngo.ge/tmp/analog/ssl/ngo.ge/12.html" "Mozilla/5.0 AppleWebKit/537.36 (KHTML, like Gecko; compatible; GPTBot/1.3; +https://openai.com/gptbot)"
74.7.242.55 - - [08/Feb/2026:17:29:08 -0800] "GET /mail/mailbox_format.cpanel HTTP/1.1" 200 7 "http://test.ngo.ge/mail/" "Mozilla/5.0 AppleWebKit/537.36 (KHTML, like Gecko; compatible; GPTBot/1.3; +https://openai.com/gptbot)"
74.7.242.55 - - [08/Feb/2026:17:29:08 -0800] "GET /logs/ngo_ge.php.error.log HTTP/1.1" 404 - "http://test.ngo.ge/logs/" "Mozilla/5.0 AppleWebKit/537.36 (KHTML, like Gecko; compatible; GPTBot/1.3; +https://openai.com/gptbot)"
74.7.242.55 - - [08/Feb/2026:17:29:09 -0800] "GET /logs/ftp.ngo.ge-ftp_log-Apr-2019.gz HTTP/1.1" 200 306 "http://test.ngo.ge/logs/" "Mozilla/5.0 AppleWebKit/537.36 (KHTML, like Gecko; compatible; GPTBot/1.3; +https://openai.com/gptbot)"
74.7.242.55 - - [08/Feb/2026:17:29:09 -0800] "GET /logs/ftp.ngo.ge-ftp_log-Jul-2019.gz HTTP/1.1" 200 1152 "http://test.ngo.ge/logs/" "Mozilla/5.0 AppleWebKit/537.36 (KHTML, like Gecko; compatible; GPTBot/1.3; +https://openai.com/gptbot)"
74.7.242.55 - - [08/Feb/2026:17:29:10 -0800] "GET /logs/ftp.ngo.ge-ftp_log-Nov-2018.gz HTTP/1.1" 200 20 "http://test.ngo.ge/logs/" "Mozilla/5.0 AppleWebKit/537.36 (KHTML, like Gecko; compatible; GPTBot/1.3; +https://openai.com/gptbot)"
74.7.242.55 - - [08/Feb/2026:17:29:10 -0800] "GET /logs/ftp.ngo.ge-ftp_log-Aug-2020.gz HTTP/1.1" 200 329 "http://test.ngo.ge/logs/" "Mozilla/5.0 AppleWebKit/537.36 (KHTML, like Gecko; compatible; GPTBot/1.3; +https://openai.com/gptbot)"
74.7.242.55 - - [08/Feb/2026:17:29:11 -0800] "GET /logs/ftp.ngo.ge-ftp_log-Jul-2020.gz HTTP/1.1" 200 3811 "http://test.ngo.ge/logs/" "Mozilla/5.0 AppleWebKit/537.36 (KHTML, like Gecko; compatible; GPTBot/1.3; +https://openai.com/gptbot)"
74.7.242.55 - - [08/Feb/2026:17:29:11 -0800] "GET /logs/ftp.ngo.ge-ftp_log-Aug-2019.gz HTTP/1.1" 200 480 "http://test.ngo.ge/logs/" "Mozilla/5.0 AppleWebKit/537.36 (KHTML, like Gecko; compatible; GPTBot/1.3; +https://openai.com/gptbot)"
74.7.242.55 - - [08/Feb/2026:17:29:12 -0800] "GET /logs/ftp.ngo.ge-ftp_log-Nov-2019.gz HTTP/1.1" 200 5693 "http://test.ngo.ge/logs/" "Mozilla/5.0 AppleWebKit/537.36 (KHTML, like Gecko; compatible; GPTBot/1.3; +https://openai.com/gptbot)"
74.7.242.55 - - [08/Feb/2026:17:29:13 -0800] "GET /logs/ftp.ngo.ge-ftp_log-Apr-2018.gz HTTP/1.1" 200 1427 "http://test.ngo.ge/logs/" "Mozilla/5.0 AppleWebKit/537.36 (KHTML, like Gecko; compatible; GPTBot/1.3; +https://openai.com/gptbot)"
74.7.242.55 - - [08/Feb/2026:17:29:13 -0800] "GET /logs/ngo.ge-ssl_log-Feb-2026.gz HTTP/1.1" 200 59418 "http://test.ngo.ge/logs/" "Mozilla/5.0 AppleWebKit/537.36 (KHTML, like Gecko; compatible; GPTBot/1.3; +https://openai.com/gptbot)"
74.7.242.55 - - [08/Feb/2026:17:29:14 -0800] "GET /logs/ftp.ngo.ge-ftp_log-Nov-2020.gz HTTP/1.1" 200 2134 "http://test.ngo.ge/logs/" "Mozilla/5.0 AppleWebKit/537.36 (KHTML, like Gecko; compatible; GPTBot/1.3; +https://openai.com/gptbot)"
74.7.242.55 - - [08/Feb/2026:17:29:15 -0800] "GET /logs/ftp.ngo.ge-ftp_log-Jan-2023.gz HTTP/1.1" 200 13771 "http://test.ngo.ge/logs/" "Mozilla/5.0 AppleWebKit/537.36 (KHTML, like Gecko; compatible; GPTBot/1.3; +https://openai.com/gptbot)"
74.7.242.55 - - [08/Feb/2026:17:29:15 -0800] "GET /logs/ftp.ngo.ge-ftp_log-Nov-2021.gz HTTP/1.1" 200 116 "http://test.ngo.ge/logs/" "Mozilla/5.0 AppleWebKit/537.36 (KHTML, like Gecko; compatible; GPTBot/1.3; +https://openai.com/gptbot)"
74.7.242.55 - - [08/Feb/2026:17:29:16 -0800] "GET /logs/ngo.ge-ssl_log-Aug-2020.gz HTTP/1.1" 200 16283 "http://test.ngo.ge/logs/" "Mozilla/5.0 AppleWebKit/537.36 (KHTML, like Gecko; compatible; GPTBot/1.3; +https://openai.com/gptbot)"
74.7.242.55 - - [08/Feb/2026:17:29:16 -0800] "GET /logs/ngo.ge-ssl_log-Jan-2026.gz HTTP/1.1" 200 238694 "http://test.ngo.ge/logs/" "Mozilla/5.0 AppleWebKit/537.36 (KHTML, like Gecko; compatible; GPTBot/1.3; +https://openai.com/gptbot)"
74.7.242.55 - - [08/Feb/2026:17:29:19 -0800] "GET /mail/maildirsize HTTP/1.1" 200 1267 "http://test.ngo.ge/mail/" "Mozilla/5.0 AppleWebKit/537.36 (KHTML, like Gecko; compatible; GPTBot/1.3; +https://openai.com/gptbot)"
74.7.242.55 - - [08/Feb/2026:17:29:20 -0800] "GET /access-logs/ertoba.ngo.ge HTTP/1.1" 404 - "http://test.ngo.ge/access-logs/" "Mozilla/5.0 AppleWebKit/537.36 (KHTML, like Gecko; compatible; GPTBot/1.3; +https://openai.com/gptbot)"
74.7.242.55 - - [08/Feb/2026:17:29:21 -0800] "GET /access-logs/ngo.ge HTTP/1.1" 404 - "http://test.ngo.ge/access-logs/" "Mozilla/5.0 AppleWebKit/537.36 (KHTML, like Gecko; compatible; GPTBot/1.3; +https://openai.com/gptbot)"
74.7.242.55 - - [08/Feb/2026:17:29:22 -0800] "GET /hn2021ge/en/hn2021x/observation-unit/8359/292/ HTTP/1.1" 404 - "http://test.ngo.ge/tmp/analog/ssl/ngo.ge/12.html" "Mozilla/5.0 AppleWebKit/537.36 (KHTML, like Gecko; compatible; GPTBot/1.3; +https://openai.com/gptbot)"
74.7.242.55 - - [08/Feb/2026:17:29:31 -0800] "GET /hn2021ge/en/hn2021x/observation-unit/1764/268/ HTTP/1.1" 404 - "http://test.ngo.ge/tmp/analog/ssl/ngo.ge/12.html" "Mozilla/5.0 AppleWebKit/537.36 (KHTML, like Gecko; compatible; GPTBot/1.3; +https://openai.com/gptbot)"
74.7.242.55 - - [08/Feb/2026:17:29:32 -0800] "GET /?rest_route=/wp/v2/users/ HTTP/1.1" 200 2739 "http://test.ngo.ge/tmp/analog/ssl/ngo.ge/12.html" "Mozilla/5.0 AppleWebKit/537.36 (KHTML, like Gecko; compatible; GPTBot/1.3; +https://openai.com/gptbot)"
74.7.242.55 - - [08/Feb/2026:17:29:34 -0800] "GET /mail/dovecot.list.index.log HTTP/1.1" 404 - "http://test.ngo.ge/mail/" "Mozilla/5.0 AppleWebKit/537.36 (KHTML, like Gecko; compatible; GPTBot/1.3; +https://openai.com/gptbot)"
74.7.242.55 - - [08/Feb/2026:17:29:34 -0800] "GET /?locale=i_cpanel_snowmen HTTP/1.1" 200 2739 "http://test.ngo.ge/tmp/analog/ssl/ngo.ge/12.html" "Mozilla/5.0 AppleWebKit/537.36 (KHTML, like Gecko; compatible; GPTBot/1.3; +https://openai.com/gptbot)"
74.7.242.55 - - [08/Feb/2026:17:29:36 -0800] "GET /ge17isfed/en/signin/ HTTP/1.1" 404 - "http://test.ngo.ge/tmp/analog/ssl/ngo.ge/12.html" "Mozilla/5.0 AppleWebKit/537.36 (KHTML, like Gecko; compatible; GPTBot/1.3; +https://openai.com/gptbot)"
74.7.242.55 - - [08/Feb/2026:17:29:38 -0800] "GET /hn2021ge/es/signin/ HTTP/1.1" 404 - "http://test.ngo.ge/tmp/analog/ssl/ngo.ge/12.html" "Mozilla/5.0 AppleWebKit/537.36 (KHTML, like Gecko; compatible; GPTBot/1.3; +https://openai.com/gptbot)"
74.7.242.55 - - [08/Feb/2026:17:29:40 -0800] "GET /?locale=es_es HTTP/1.1" 200 2739 "http://test.ngo.ge/tmp/analog/ssl/ngo.ge/12.html" "Mozilla/5.0 AppleWebKit/537.36 (KHTML, like Gecko; compatible; GPTBot/1.3; +https://openai.com/gptbot)"
74.7.242.55 - - [08/Feb/2026:17:29:40 -0800] "GET /logs/ngo.ge-Aug-2020.gz HTTP/1.1" 200 103792 "http://test.ngo.ge/logs/" "Mozilla/5.0 AppleWebKit/537.36 (KHTML, like Gecko; compatible; GPTBot/1.3; +https://openai.com/gptbot)"
74.7.242.55 - - [08/Feb/2026:17:29:43 -0800] "GET /?locale=ru HTTP/1.1" 200 2739 "http://test.ngo.ge/tmp/analog/ssl/ngo.ge/12.html" "Mozilla/5.0 AppleWebKit/537.36 (KHTML, like Gecko; compatible; GPTBot/1.3; +https://openai.com/gptbot)"
74.7.242.55 - - [08/Feb/2026:17:29:43 -0800] "GET /hn2021ge/en/ HTTP/1.1" 404 - "http://test.ngo.ge/tmp/analog/ssl/ngo.ge/12.html" "Mozilla/5.0 AppleWebKit/537.36 (KHTML, like Gecko; compatible; GPTBot/1.3; +https://openai.com/gptbot)"
74.7.242.55 - - [08/Feb/2026:17:29:44 -0800] "GET /tmp/webalizer/hourly_usage_202406.png HTTP/1.1" 200 1997 "http://test.ngo.ge/tmp/webalizer/usage_202406.html" "Mozilla/5.0 AppleWebKit/537.36 (KHTML, like Gecko; compatible; GPTBot/1.3; +https://openai.com/gptbot)"
74.7.242.55 - - [08/Feb/2026:17:29:51 -0800] "GET /tmp/analog/ssl/ngo.ge/os.png HTTP/1.1" 200 2763 "http://test.ngo.ge/tmp/analog/ssl/ngo.ge/12.html" "Mozilla/5.0 AppleWebKit/537.36 (KHTML, like Gecko; compatible; GPTBot/1.3; +https://openai.com/gptbot)"
