217.113.194.199 - - [04/Feb/2026:01:05:57 -0800] "GET /mail/new/1475611981.H822431P23434.peshe.info-tbilisi.com,S=1569 HTTP/1.1" 200 1569 "-" "Mozilla/5.0 (compatible; Barkrowler/0.9; +https://babbar.tech/crawler)"
217.113.194.193 - - [04/Feb/2026:01:06:10 -0800] "GET /mail/new/1475619122.H55573P31733.peshe.info-tbilisi.com,S=1569 HTTP/1.1" 200 1569 "-" "Mozilla/5.0 (compatible; Barkrowler/0.9; +https://babbar.tech/crawler)"
51.161.65.142 - - [04/Feb/2026:01:06:21 -0800] "GET /cache/cache_3ebbab63ff1d3bffdaddb17747049f2d HTTP/1.1" 200 7 "-" "Mozilla/5.0 (compatible; AhrefsBot/7.0; +http://ahrefs.com/robot/)"
217.113.194.199 - - [04/Feb/2026:01:06:35 -0800] "GET /mail/new/1475613841.H663849P29934.peshe.info-tbilisi.com,S=1569 HTTP/1.1" 200 1569 "-" "Mozilla/5.0 (compatible; Barkrowler/0.9; +https://babbar.tech/crawler)"
217.113.194.197 - - [04/Feb/2026:01:06:44 -0800] "GET /mail/new/1475619901.H187609P1685.peshe.info-tbilisi.com,S=1569 HTTP/1.1" 200 1569 "-" "Mozilla/5.0 (compatible; Barkrowler/0.9; +https://babbar.tech/crawler)"
217.113.194.198 - - [04/Feb/2026:01:07:06 -0800] "GET /mail/new/1475612762.H117173P26077.peshe.info-tbilisi.com,S=1569 HTTP/1.1" 200 1569 "-" "Mozilla/5.0 (compatible; Barkrowler/0.9; +https://babbar.tech/crawler)"
217.113.194.197 - - [04/Feb/2026:01:07:15 -0800] "GET /mail/new/1475619961.H796485P1791.peshe.info-tbilisi.com,S=1569 HTTP/1.1" 200 1569 "-" "Mozilla/5.0 (compatible; Barkrowler/0.9; +https://babbar.tech/crawler)"
217.113.194.196 - - [04/Feb/2026:01:07:38 -0800] "GET /mail/new/1475612701.H558959P25955.peshe.info-tbilisi.com,S=1569 HTTP/1.1" 200 1569 "-" "Mozilla/5.0 (compatible; Barkrowler/0.9; +https://babbar.tech/crawler)"
217.113.194.254 - - [04/Feb/2026:01:07:46 -0800] "GET /mail/new/1475613961.H402614P30378.peshe.info-tbilisi.com,S=1569 HTTP/1.1" 200 1569 "-" "Mozilla/5.0 (compatible; Barkrowler/0.9; +https://babbar.tech/crawler)"
54.39.0.90 - - [04/Feb/2026:01:07:59 -0800] "GET /cache/cache_85daced7c4de2f5a2c332a7d8a7a3803 HTTP/1.1" 200 7 "-" "Mozilla/5.0 (compatible; AhrefsBot/7.0; +http://ahrefs.com/robot/)"
217.113.194.199 - - [04/Feb/2026:01:08:10 -0800] "GET /mail/new/1475614081.H735585P30697.peshe.info-tbilisi.com,S=1569 HTTP/1.1" 200 1569 "-" "Mozilla/5.0 (compatible; Barkrowler/0.9; +https://babbar.tech/crawler)"
217.113.194.200 - - [04/Feb/2026:01:08:22 -0800] "GET /mail/new/1475613421.H625891P28524.peshe.info-tbilisi.com,S=1569 HTTP/1.1" 200 1569 "-" "Mozilla/5.0 (compatible; Barkrowler/0.9; +https://babbar.tech/crawler)"
217.113.194.199 - - [04/Feb/2026:01:08:43 -0800] "GET /mail/new/1475615521.H988934P19471.peshe.info-tbilisi.com,S=1569 HTTP/1.1" 200 1569 "-" "Mozilla/5.0 (compatible; Barkrowler/0.9; +https://babbar.tech/crawler)"
217.113.194.193 - - [04/Feb/2026:01:08:56 -0800] "GET /mail/new/1475613481.H762697P28711.peshe.info-tbilisi.com,S=1569 HTTP/1.1" 200 1569 "-" "Mozilla/5.0 (compatible; Barkrowler/0.9; +https://babbar.tech/crawler)"
217.113.194.201 - - [04/Feb/2026:01:09:17 -0800] "GET /mail/new/1418754912.H166553P25509.peshe.info-tbilisi.com,S=3986 HTTP/1.1" 200 3986 "-" "Mozilla/5.0 (compatible; Barkrowler/0.9; +https://babbar.tech/crawler)"
217.113.194.197 - - [04/Feb/2026:01:09:26 -0800] "GET /mail/new/1475611621.H236503P18862.peshe.info-tbilisi.com,S=1569 HTTP/1.1" 200 1569 "-" "Mozilla/5.0 (compatible; Barkrowler/0.9; +https://babbar.tech/crawler)"
142.44.220.232 - - [04/Feb/2026:01:09:35 -0800] "GET /cache/cache_8c8e788cebc63413d300e711b2ddae43 HTTP/1.1" 200 7 "-" "Mozilla/5.0 (compatible; AhrefsBot/7.0; +http://ahrefs.com/robot/)"
217.113.194.194 - - [04/Feb/2026:01:09:49 -0800] "GET /mail/new/1484302398.H96389P22979.peshe.info-tbilisi.com,S=4540 HTTP/1.1" 200 4540 "-" "Mozilla/5.0 (compatible; Barkrowler/0.9; +https://babbar.tech/crawler)"
154.54.249.214 - - [04/Feb/2026:01:09:56 -0800] "GET /mail/new/1475614382.H35369P31745.peshe.info-tbilisi.com,S=1569 HTTP/1.1" 200 1569 "-" "Mozilla/5.0 (compatible; Barkrowler/0.9; +https://babbar.tech/crawler)"
217.113.194.193 - - [04/Feb/2026:01:10:20 -0800] "GET /mail/new/1455619335.H783727P26759.peshe.info-tbilisi.com,S=4081 HTTP/1.1" 200 4081 "-" "Mozilla/5.0 (compatible; Barkrowler/0.9; +https://babbar.tech/crawler)"
217.113.194.254 - - [04/Feb/2026:01:10:32 -0800] "GET /mail/new/1475614321.H868388P31552.peshe.info-tbilisi.com,S=1569 HTTP/1.1" 200 1569 "-" "Mozilla/5.0 (compatible; Barkrowler/0.9; +https://babbar.tech/crawler)"
217.113.194.201 - - [04/Feb/2026:01:10:54 -0800] "GET /ssl/certs/ngo_ge_bd43e_e0917_1766232174_f560c372368c4d170d0df68fb5e189a6.crt HTTP/1.1" 200 1776 "-" "Mozilla/5.0 (compatible; Barkrowler/0.9; +https://babbar.tech/crawler)"
217.113.194.254 - - [04/Feb/2026:01:11:03 -0800] "GET /mail/new/1475612522.H33740P25412.peshe.info-tbilisi.com,S=1569 HTTP/1.1" 200 1569 "-" "Mozilla/5.0 (compatible; Barkrowler/0.9; +https://babbar.tech/crawler)"
54.39.203.71 - - [04/Feb/2026:01:11:13 -0800] "GET /cache/cache_763860a21a94412ffb8081c5efb43196 HTTP/1.1" 200 7 "-" "Mozilla/5.0 (compatible; AhrefsBot/7.0; +http://ahrefs.com/robot/)"
154.54.249.214 - - [04/Feb/2026:01:11:26 -0800] "GET /ssl/certs/ngo_ge_e1083_dde97_1776852158_e390e7ab60b4290b82cdb51f8dd5bd56.crt HTTP/1.1" 200 1784 "-" "Mozilla/5.0 (compatible; Barkrowler/0.9; +https://babbar.tech/crawler)"
217.113.194.196 - - [04/Feb/2026:01:11:37 -0800] "GET /mail/new/1475612581.H198859P25523.peshe.info-tbilisi.com,S=1569 HTTP/1.1" 200 1569 "-" "Mozilla/5.0 (compatible; Barkrowler/0.9; +https://babbar.tech/crawler)"
217.113.194.195 - - [04/Feb/2026:01:12:02 -0800] "GET /ssl/certs/ngo_ge_bd43e_e0917_1766232174_f560c372368c4d170d0df68fb5e189a6.crt.cache HTTP/1.1" 200 4026 "-" "Mozilla/5.0 (compatible; Barkrowler/0.9; +https://babbar.tech/crawler)"
217.113.194.197 - - [04/Feb/2026:01:12:10 -0800] "GET /mail/new/1475614862.H442343P1728.peshe.info-tbilisi.com,S=1569 HTTP/1.1" 200 1569 "-" "Mozilla/5.0 (compatible; Barkrowler/0.9; +https://babbar.tech/crawler)"
154.16.115.97 - - [04/Feb/2026:01:12:14 -0800] "GET /tmp/webalizer/usage_202402.html HTTP/1.1" 200 114924 "https://seo-creative.ru/" "Mozilla/5.0 (Windows NT 10.0; Win64; x64) AppleWebKit/537.36 (KHTML, like Gecko) Chrome/130.0.0.0 Safari/537.36"
159.65.245.255 - - [04/Feb/2026:01:12:34 -0800] "GET /tmp/webalizer/usage_202402.html HTTP/1.1" 200 114924 "https://seo-creative.ru/" "Mozilla/5.0 (Windows NT 10.0; Win64; x64) AppleWebKit/537.36 (KHTML, like Gecko) Chrome/130.0.0.0 Safari/537.36 CCleaner/130.0.0.0"
217.113.194.240 - - [04/Feb/2026:01:12:36 -0800] "GET /ssl/certs/ngo_ge_e1083_dde97_1776852158_e390e7ab60b4290b82cdb51f8dd5bd56.crt.cache HTTP/1.1" 200 4034 "-" "Mozilla/5.0 (compatible; Barkrowler/0.9; +https://babbar.tech/crawler)"
167.114.139.213 - - [04/Feb/2026:01:12:42 -0800] "GET /tmp/pma_template_compiles_ngoge/twig/0f/?C=N;O=D HTTP/1.1" 200 944 "-" "Mozilla/5.0 (compatible; AhrefsBot/7.0; +http://ahrefs.com/robot/)"
154.16.115.97 - - [04/Feb/2026:01:12:42 -0800] "GET /tmp/webalizer/usage_202402.html HTTP/1.1" 200 114924 "https://seo-creative.ru/" "Mozilla/5.0 (Windows NT 10.0; Win64; x64) AppleWebKit/537.36 (KHTML, like Gecko) Chrome/129.0.0.0 Safari/537.36"
217.113.194.199 - - [04/Feb/2026:01:12:44 -0800] "GET /mail/new/1475614801.H496458P1054.peshe.info-tbilisi.com,S=1569 HTTP/1.1" 200 1569 "-" "Mozilla/5.0 (compatible; Barkrowler/0.9; +https://babbar.tech/crawler)"
114.119.139.207 - - [04/Feb/2026:01:13:00 -0800] "GET /tmp/analog/ertoba.ngo.ge/5.html HTTP/1.1" 200 841767 "https://www.ertoba.ngo.ge/tmp/analog/ertoba.ngo.ge/6.html" "Mozilla/5.0 (Linux; Android 7.0;) AppleWebKit/537.36 (KHTML, like Gecko) Mobile Safari/537.36 (compatible; PetalBot;+https://webmaster.petalsearch.com/site/petalbot)"
217.113.194.193 - - [04/Feb/2026:01:13:05 -0800] "GET /ssl/certs/_wildcard__ngo_ge_c0274_dda93_1762841108_25f9be21961c17253f74b35454798488.crt HTTP/1.1" 200 1788 "-" "Mozilla/5.0 (compatible; Barkrowler/0.9; +https://babbar.tech/crawler)"
154.54.249.214 - - [04/Feb/2026:01:13:18 -0800] "GET /mail/new/1475615221.H470302P10899.peshe.info-tbilisi.com,S=1569 HTTP/1.1" 200 1569 "-" "Mozilla/5.0 (compatible; Barkrowler/0.9; +https://babbar.tech/crawler)"
217.113.194.198 - - [04/Feb/2026:01:13:42 -0800] "GET /ssl/certs/www_test_ngo_ge_c44bf_3674b_1767852159_63fad36e96bd02d63c54b9b71c1d8b2f.crt HTTP/1.1" 200 1800 "-" "Mozilla/5.0 (compatible; Barkrowler/0.9; +https://babbar.tech/crawler)"
217.113.194.199 - - [04/Feb/2026:01:13:49 -0800] "GET /mail/new/1475615281.H635766P13799.peshe.info-tbilisi.com,S=1569 HTTP/1.1" 200 1569 "-" "Mozilla/5.0 (compatible; Barkrowler/0.9; +https://babbar.tech/crawler)"
154.54.249.214 - - [04/Feb/2026:01:14:12 -0800] "GET /ssl/certs/www_temp_ngo_ge_ce395_a907d_1762668360_2af37baf55715bea7864f9f48dab5ae2.crt HTTP/1.1" 200 1800 "-" "Mozilla/5.0 (compatible; Barkrowler/0.9; +https://babbar.tech/crawler)"
51.222.95.243 - - [04/Feb/2026:01:14:16 -0800] "GET /cache/cache_8c1e2d0573ed1f99fd247768110f872f HTTP/1.1" 200 7 "-" "Mozilla/5.0 (compatible; AhrefsBot/7.0; +http://ahrefs.com/robot/)"
154.54.249.214 - - [04/Feb/2026:01:14:20 -0800] "GET /mail/new/1475614562.H15991P32454.peshe.info-tbilisi.com,S=1569 HTTP/1.1" 200 1569 "-" "Mozilla/5.0 (compatible; Barkrowler/0.9; +https://babbar.tech/crawler)"
217.113.194.201 - - [04/Feb/2026:01:14:42 -0800] "GET /ssl/certs/cpcontacts_ngo_ge_ab902_88211_1776830814_56e679267ef8e66c34a70e43b468d488.crt HTTP/1.1" 200 1853 "-" "Mozilla/5.0 (compatible; Barkrowler/0.9; +https://babbar.tech/crawler)"
217.113.194.194 - - [04/Feb/2026:01:14:52 -0800] "GET /mail/new/1475618341.H441148P29000.peshe.info-tbilisi.com,S=1569 HTTP/1.1" 200 1569 "-" "Mozilla/5.0 (compatible; Barkrowler/0.9; +https://babbar.tech/crawler)"
217.113.194.201 - - [04/Feb/2026:01:15:20 -0800] "GET /ssl/certs/_wildcard__ngo_ge_ac4f2_eb1ff_1773223379_592403fa2540640ad193f545218c3326.crt HTTP/1.1" 200 1796 "-" "Mozilla/5.0 (compatible; Barkrowler/0.9; +https://babbar.tech/crawler)"
217.113.194.197 - - [04/Feb/2026:01:15:28 -0800] "GET /mail/new/1475614921.H657083P3085.peshe.info-tbilisi.com,S=1569 HTTP/1.1" 200 1569 "-" "Mozilla/5.0 (compatible; Barkrowler/0.9; +https://babbar.tech/crawler)"
217.113.194.241 - - [04/Feb/2026:01:15:52 -0800] "GET /ssl/certs/_wildcard__ngo_ge_c0274_dda93_1762841108_25f9be21961c17253f74b35454798488.crt.cache HTTP/1.1" 200 4066 "-" "Mozilla/5.0 (compatible; Barkrowler/0.9; +https://babbar.tech/crawler)"
51.222.168.135 - - [04/Feb/2026:01:15:58 -0800] "GET /cache/cache_0f1ff313f7d5dc65958843d70148d9f6 HTTP/1.1" 200 7 "-" "Mozilla/5.0 (compatible; AhrefsBot/7.0; +http://ahrefs.com/robot/)"
217.113.194.240 - - [04/Feb/2026:01:16:00 -0800] "GET /mail/new/1475614981.H904944P5319.peshe.info-tbilisi.com,S=1569 HTTP/1.1" 200 1569 "-" "Mozilla/5.0 (compatible; Barkrowler/0.9; +https://babbar.tech/crawler)"
217.113.194.196 - - [04/Feb/2026:01:16:23 -0800] "GET /ssl/certs/www_temp_ngo_ge_b7dd9_424c1_1767949373_cd46aba5a593462e981a4acba01f5a5f.crt HTTP/1.1" 200 1800 "-" "Mozilla/5.0 (compatible; Barkrowler/0.9; +https://babbar.tech/crawler)"
217.113.194.254 - - [04/Feb/2026:01:16:31 -0800] "GET /mail/new/1475612821.H301147P26263.peshe.info-tbilisi.com,S=1569 HTTP/1.1" 200 1569 "-" "Mozilla/5.0 (compatible; Barkrowler/0.9; +https://babbar.tech/crawler)"
154.54.249.214 - - [04/Feb/2026:01:16:53 -0800] "GET /ssl/certs/_wildcard__ngo_ge_acd57_181ff_1760961901_bba1206b3da36fa2dcac3ba4f8ec8b8e.crt HTTP/1.1" 200 1776 "-" "Mozilla/5.0 (compatible; Barkrowler/0.9; +https://babbar.tech/crawler)"
217.113.194.201 - - [04/Feb/2026:01:17:00 -0800] "GET /mail/new/1475617382.H98009P25757.peshe.info-tbilisi.com,S=1569 HTTP/1.1" 200 1569 "-" "Mozilla/5.0 (compatible; Barkrowler/0.9; +https://babbar.tech/crawler)"
217.113.194.199 - - [04/Feb/2026:01:17:26 -0800] "GET /ssl/certs/www_ertoba_ngo_ge_f064f_74f09_1768122173_97d57f853f21c356f1461db772495e02.crt HTTP/1.1" 200 1804 "-" "Mozilla/5.0 (compatible; Barkrowler/0.9; +https://babbar.tech/crawler)"
142.44.220.132 - - [04/Feb/2026:01:17:31 -0800] "GET /tmp/pma_template_compiles_ngoge/twig/ff/?C=N;O=D HTTP/1.1" 200 912 "-" "Mozilla/5.0 (compatible; AhrefsBot/7.0; +http://ahrefs.com/robot/)"
217.113.194.254 - - [04/Feb/2026:01:17:34 -0800] "GET /mail/new/1475617321.H831631P25581.peshe.info-tbilisi.com,S=1569 HTTP/1.1" 200 1569 "-" "Mozilla/5.0 (compatible; Barkrowler/0.9; +https://babbar.tech/crawler)"
217.113.194.193 - - [04/Feb/2026:01:18:01 -0800] "GET /ssl/certs/www_test_ngo_ge_9bbb6_12163_1762581913_eda74edf0b838dc9b3283ba8d3151708.crt.cache HTTP/1.1" 200 4095 "-" "Mozilla/5.0 (compatible; Barkrowler/0.9; +https://babbar.tech/crawler)"
217.113.194.196 - - [04/Feb/2026:01:18:08 -0800] "GET /mail/new/1475614202.H56941P31150.peshe.info-tbilisi.com,S=1569 HTTP/1.1" 200 1569 "-" "Mozilla/5.0 (compatible; Barkrowler/0.9; +https://babbar.tech/crawler)"
217.113.194.192 - - [04/Feb/2026:01:18:31 -0800] "GET /ssl/certs/www_test_ngo_ge_c44bf_3674b_1767852159_63fad36e96bd02d63c54b9b71c1d8b2f.crt.cache HTTP/1.1" 200 4095 "-" "Mozilla/5.0 (compatible; Barkrowler/0.9; +https://babbar.tech/crawler)"
217.113.194.254 - - [04/Feb/2026:01:18:39 -0800] "GET /mail/new/1475617141.H890263P24821.peshe.info-tbilisi.com,S=1569 HTTP/1.1" 200 1569 "-" "Mozilla/5.0 (compatible; Barkrowler/0.9; +https://babbar.tech/crawler)"
15.235.27.104 - - [04/Feb/2026:01:19:03 -0800] "GET /tmp/pma_template_compiles_ngoge/twig/91/?C=N;O=D HTTP/1.1" 200 944 "-" "Mozilla/5.0 (compatible; AhrefsBot/7.0; +http://ahrefs.com/robot/)"
217.113.194.194 - - [04/Feb/2026:01:19:05 -0800] "GET /ssl/certs/cpcontacts_ngo_ge_ab902_88211_1776830814_56e679267ef8e66c34a70e43b468d488.crt.cache HTTP/1.1" 200 4213 "-" "Mozilla/5.0 (compatible; Barkrowler/0.9; +https://babbar.tech/crawler)"
217.113.194.201 - - [04/Feb/2026:01:19:13 -0800] "GET /mail/new/1475619721.H637867P1172.peshe.info-tbilisi.com,S=1569 HTTP/1.1" 200 1569 "-" "Mozilla/5.0 (compatible; Barkrowler/0.9; +https://babbar.tech/crawler)"
217.113.194.201 - - [04/Feb/2026:01:19:38 -0800] "GET /ssl/certs/_wildcard__ngo_ge_b59c7_eecf1_1771516968_a1621f14e2573d335aafb3d1abada1dd.crt HTTP/1.1" 200 1776 "-" "Mozilla/5.0 (compatible; Barkrowler/0.9; +https://babbar.tech/crawler)"
217.113.194.194 - - [04/Feb/2026:01:19:46 -0800] "GET /mail/new/1475619781.H815501P1371.peshe.info-tbilisi.com,S=1569 HTTP/1.1" 200 1569 "-" "Mozilla/5.0 (compatible; Barkrowler/0.9; +https://babbar.tech/crawler)"
217.113.194.199 - - [04/Feb/2026:01:20:09 -0800] "GET /ssl/certs/_wildcard__ngo_ge_c203d_4a0a5_1773126175_d063577e0b8289c74406bcb1a54d46af.crt HTTP/1.1" 200 1788 "-" "Mozilla/5.0 (compatible; Barkrowler/0.9; +https://babbar.tech/crawler)"
217.113.194.193 - - [04/Feb/2026:01:20:18 -0800] "GET /mail/new/1475616121.H477311P21539.peshe.info-tbilisi.com,S=1569 HTTP/1.1" 200 1569 "-" "Mozilla/5.0 (compatible; Barkrowler/0.9; +https://babbar.tech/crawler)"
217.113.194.254 - - [04/Feb/2026:01:20:44 -0800] "GET /ssl/certs/www_temp_ngo_ge_ce395_a907d_1762668360_2af37baf55715bea7864f9f48dab5ae2.crt.cache HTTP/1.1" 200 4095 "-" "Mozilla/5.0 (compatible; Barkrowler/0.9; +https://babbar.tech/crawler)"
217.113.194.240 - - [04/Feb/2026:01:20:52 -0800] "GET /mail/new/1475618101.H931599P28212.peshe.info-tbilisi.com,S=1569 HTTP/1.1" 200 1569 "-" "Mozilla/5.0 (compatible; Barkrowler/0.9; +https://babbar.tech/crawler)"
217.113.194.240 - - [04/Feb/2026:01:21:16 -0800] "GET /ssl/certs/cpanel_ngo_ge_b175e_d672b_1776820067_ffeb817e48ffa7aa8473480d1d55289e.crt HTTP/1.1" 200 1837 "-" "Mozilla/5.0 (compatible; Barkrowler/0.9; +https://babbar.tech/crawler)"
217.113.194.196 - - [04/Feb/2026:01:21:23 -0800] "GET /mail/new/1475615642.H139185P19804.peshe.info-tbilisi.com,S=1569 HTTP/1.1" 200 1569 "-" "Mozilla/5.0 (compatible; Barkrowler/0.9; +https://babbar.tech/crawler)"
217.113.194.240 - - [04/Feb/2026:01:21:46 -0800] "GET /ssl/certs/_wildcard__ngo_ge_ac4f2_eb1ff_1773223379_592403fa2540640ad193f545218c3326.crt.cache HTTP/1.1" 200 4070 "-" "Mozilla/5.0 (compatible; Barkrowler/0.9; +https://babbar.tech/crawler)"
217.113.194.192 - - [04/Feb/2026:01:21:53 -0800] "GET /mail/new/1475617921.H461249P27772.peshe.info-tbilisi.com,S=1569 HTTP/1.1" 200 1569 "-" "Mozilla/5.0 (compatible; Barkrowler/0.9; +https://babbar.tech/crawler)"
54.39.89.145 - - [04/Feb/2026:01:22:12 -0800] "GET /tmp/pma_template_compiles_ngoge/twig/6c/?C=N;O=D HTTP/1.1" 200 944 "-" "Mozilla/5.0 (compatible; AhrefsBot/7.0; +http://ahrefs.com/robot/)"
217.113.194.194 - - [04/Feb/2026:01:22:14 -0800] "GET /ssl/certs/www_ertoba_ngo_ge_f064f_74f09_1768122173_97d57f853f21c356f1461db772495e02.crt.cache HTTP/1.1" 200 4109 "-" "Mozilla/5.0 (compatible; Barkrowler/0.9; +https://babbar.tech/crawler)"
217.113.194.254 - - [04/Feb/2026:01:22:23 -0800] "GET /mail/new/1475619301.H525470P32217.peshe.info-tbilisi.com,S=1569 HTTP/1.1" 200 1569 "-" "Mozilla/5.0 (compatible; Barkrowler/0.9; +https://babbar.tech/crawler)"
217.113.194.197 - - [04/Feb/2026:01:22:54 -0800] "GET /ssl/certs/www_temp_ngo_ge_b7dd9_424c1_1767949373_cd46aba5a593462e981a4acba01f5a5f.crt.cache HTTP/1.1" 200 4095 "-" "Mozilla/5.0 (compatible; Barkrowler/0.9; +https://babbar.tech/crawler)"
217.113.194.196 - - [04/Feb/2026:01:23:01 -0800] "GET /mail/new/1475618521.H395217P29747.peshe.info-tbilisi.com,S=1569 HTTP/1.1" 200 1569 "-" "Mozilla/5.0 (compatible; Barkrowler/0.9; +https://babbar.tech/crawler)"
217.113.194.197 - - [04/Feb/2026:01:23:28 -0800] "GET /ssl/certs/cpcalendars_ngo_ge_c7bdb_e51cf_1776809401_8d23e67ebaaf28d1f53abe72350c6d9e.crt HTTP/1.1" 200 1821 "-" "Mozilla/5.0 (compatible; Barkrowler/0.9; +https://babbar.tech/crawler)"
217.113.194.200 - - [04/Feb/2026:01:23:35 -0800] "GET /mail/new/1475618581.H577600P29868.peshe.info-tbilisi.com,S=1569 HTTP/1.1" 200 1569 "-" "Mozilla/5.0 (compatible; Barkrowler/0.9; +https://babbar.tech/crawler)"
148.113.130.239 - - [04/Feb/2026:01:23:55 -0800] "GET /tmp/pma_template_compiles_ngoge/twig/67/?C=N;O=D HTTP/1.1" 200 944 "-" "Mozilla/5.0 (compatible; AhrefsBot/7.0; +http://ahrefs.com/robot/)"
217.113.194.240 - - [04/Feb/2026:01:23:57 -0800] "GET /ssl/certs/_wildcard__ngo_ge_acd57_181ff_1760961901_bba1206b3da36fa2dcac3ba4f8ec8b8e.crt.cache HTTP/1.1" 200 4032 "-" "Mozilla/5.0 (compatible; Barkrowler/0.9; +https://babbar.tech/crawler)"
217.113.194.240 - - [04/Feb/2026:01:24:05 -0800] "GET /mail/new/1475620081.H667059P2227.peshe.info-tbilisi.com,S=1569 HTTP/1.1" 200 1569 "-" "Mozilla/5.0 (compatible; Barkrowler/0.9; +https://babbar.tech/crawler)"
154.54.249.214 - - [04/Feb/2026:01:24:26 -0800] "GET /ssl/certs/cpanel_ngo_ge_b175e_d672b_1776820067_ffeb817e48ffa7aa8473480d1d55289e.crt.cache HTTP/1.1" 200 4169 "-" "Mozilla/5.0 (compatible; Barkrowler/0.9; +https://babbar.tech/crawler)"
217.113.194.198 - - [04/Feb/2026:01:24:33 -0800] "GET /mail/new/1475611563.H73543P18668.peshe.info-tbilisi.com,S=1569 HTTP/1.1" 200 1569 "-" "Mozilla/5.0 (compatible; Barkrowler/0.9; +https://babbar.tech/crawler)"
217.113.194.196 - - [04/Feb/2026:01:24:55 -0800] "GET /ssl/certs/_wildcard__ngo_ge_b59c7_eecf1_1771516968_a1621f14e2573d335aafb3d1abada1dd.crt.cache HTTP/1.1" 200 4032 "-" "Mozilla/5.0 (compatible; Barkrowler/0.9; +https://babbar.tech/crawler)"
217.113.194.194 - - [04/Feb/2026:01:25:02 -0800] "GET /mail/new/1475617202.H90440P25039.peshe.info-tbilisi.com,S=1569 HTTP/1.1" 200 1569 "-" "Mozilla/5.0 (compatible; Barkrowler/0.9; +https://babbar.tech/crawler)"
217.113.194.194 - - [04/Feb/2026:01:25:26 -0800] "GET /ssl/certs/_wildcard__ngo_ge_c203d_4a0a5_1773126175_d063577e0b8289c74406bcb1a54d46af.crt.cache HTTP/1.1" 200 4062 "-" "Mozilla/5.0 (compatible; Barkrowler/0.9; +https://babbar.tech/crawler)"
54.39.203.0 - - [04/Feb/2026:01:25:32 -0800] "GET /tmp/pma_template_compiles_ngoge/?C=D;O=A HTTP/1.1" 200 829 "-" "Mozilla/5.0 (compatible; AhrefsBot/7.0; +http://ahrefs.com/robot/)"
217.113.194.201 - - [04/Feb/2026:01:25:33 -0800] "GET /mail/new/1475615701.H307019P20031.peshe.info-tbilisi.com,S=1569 HTTP/1.1" 200 1569 "-" "Mozilla/5.0 (compatible; Barkrowler/0.9; +https://babbar.tech/crawler)"
217.113.194.195 - - [04/Feb/2026:01:25:52 -0800] "GET /ssl/certs/cpcalendars_ngo_ge_c7bdb_e51cf_1776809401_8d23e67ebaaf28d1f53abe72350c6d9e.crt.cache HTTP/1.1" 200 4150 "-" "Mozilla/5.0 (compatible; Barkrowler/0.9; +https://babbar.tech/crawler)"
217.113.194.197 - - [04/Feb/2026:01:25:59 -0800] "GET /mail/new/1475615761.H981415P20258.peshe.info-tbilisi.com,S=1569 HTTP/1.1" 200 1569 "-" "Mozilla/5.0 (compatible; Barkrowler/0.9; +https://babbar.tech/crawler)"
217.113.194.192 - - [04/Feb/2026:01:26:18 -0800] "GET /ssl/certs/_wildcard__ngo_ge_df28a_6b7dd_1773396175_52d99d3907c63ae48f71b68b7ca7e2f1.crt HTTP/1.1" 200 1804 "-" "Mozilla/5.0 (compatible; Barkrowler/0.9; +https://babbar.tech/crawler)"
217.113.194.197 - - [04/Feb/2026:01:26:31 -0800] "GET /mail/new/1475615162.H176438P10115.peshe.info-tbilisi.com,S=1569 HTTP/1.1" 200 1569 "-" "Mozilla/5.0 (compatible; Barkrowler/0.9; +https://babbar.tech/crawler)"
217.113.194.254 - - [04/Feb/2026:01:26:49 -0800] "GET /ssl/certs/_wildcard__ngo_ge_df28a_6b7dd_1773396175_52d99d3907c63ae48f71b68b7ca7e2f1.crt.cache HTTP/1.1" 200 4082 "-" "Mozilla/5.0 (compatible; Barkrowler/0.9; +https://babbar.tech/crawler)"
217.113.194.194 - - [04/Feb/2026:01:26:56 -0800] "GET /mail/new/1475615101.H229520P9705.peshe.info-tbilisi.com,S=1569 HTTP/1.1" 200 1569 "-" "Mozilla/5.0 (compatible; Barkrowler/0.9; +https://babbar.tech/crawler)"
51.161.37.160 - - [04/Feb/2026:01:27:10 -0800] "GET /tmp/pma_template_compiles_ngoge/twig/1a/?C=N;O=D HTTP/1.1" 200 944 "-" "Mozilla/5.0 (compatible; AhrefsBot/7.0; +http://ahrefs.com/robot/)"
217.113.194.240 - - [04/Feb/2026:01:27:19 -0800] "GET /mail/new/1475619421.H306799P32590.peshe.info-tbilisi.com,S=1569 HTTP/1.1" 200 1569 "-" "Mozilla/5.0 (compatible; Barkrowler/0.9; +https://babbar.tech/crawler)"
154.54.249.214 - - [04/Feb/2026:01:27:44 -0800] "GET /mail/new/1475619481.H494866P32758.peshe.info-tbilisi.com,S=1569 HTTP/1.1" 200 1569 "-" "Mozilla/5.0 (compatible; Barkrowler/0.9; +https://babbar.tech/crawler)"
217.113.194.240 - - [04/Feb/2026:01:28:11 -0800] "GET /mail/new/1475612101.H161233P23862.peshe.info-tbilisi.com,S=1569 HTTP/1.1" 200 1569 "-" "Mozilla/5.0 (compatible; Barkrowler/0.9; +https://babbar.tech/crawler)"
217.113.194.192 - - [04/Feb/2026:01:28:40 -0800] "GET /mail/new/1475612161.H794991P23992.peshe.info-tbilisi.com,S=1569 HTTP/1.1" 200 1569 "-" "Mozilla/5.0 (compatible; Barkrowler/0.9; +https://babbar.tech/crawler)"
51.161.65.205 - - [04/Feb/2026:01:28:45 -0800] "GET /tmp/pma_template_compiles_ngoge/twig/9f/?C=N;O=D HTTP/1.1" 200 944 "-" "Mozilla/5.0 (compatible; AhrefsBot/7.0; +http://ahrefs.com/robot/)"
217.113.194.201 - - [04/Feb/2026:01:29:06 -0800] "GET /mail/new/1475612282.H160723P24312.peshe.info-tbilisi.com,S=1569 HTTP/1.1" 200 1569 "-" "Mozilla/5.0 (compatible; Barkrowler/0.9; +https://babbar.tech/crawler)"
154.54.249.214 - - [04/Feb/2026:01:29:29 -0800] "GET /mail/new/1475612221.H981307P24191.peshe.info-tbilisi.com,S=1569 HTTP/1.1" 200 1569 "-" "Mozilla/5.0 (compatible; Barkrowler/0.9; +https://babbar.tech/crawler)"
217.113.194.200 - - [04/Feb/2026:01:29:52 -0800] "GET /mail/new/1475613121.H258707P27628.peshe.info-tbilisi.com,S=1569 HTTP/1.1" 200 1569 "-" "Mozilla/5.0 (compatible; Barkrowler/0.9; +https://babbar.tech/crawler)"
217.113.194.201 - - [04/Feb/2026:01:30:17 -0800] "GET /mail/new/1475613181.H436900P27777.peshe.info-tbilisi.com,S=1569 HTTP/1.1" 200 1569 "-" "Mozilla/5.0 (compatible; Barkrowler/0.9; +https://babbar.tech/crawler)"
148.113.128.3 - - [04/Feb/2026:01:30:18 -0800] "GET /tmp/pma_template_compiles_ngoge/twig/91/?C=M;O=A HTTP/1.1" 200 944 "-" "Mozilla/5.0 (compatible; AhrefsBot/7.0; +http://ahrefs.com/robot/)"
154.16.115.97 - - [04/Feb/2026:01:30:39 -0800] "GET /tmp/webalizer/usage_202402.html HTTP/1.1" 200 114924 "https://seo-creative.ru/" "Mozilla/5.0 (Windows NT 10.0; Win64; x64) AppleWebKit/537.36 (KHTML, like Gecko) Chrome/130.0.0.0 Safari/537.36"
133.18.234.13 - - [04/Feb/2026:01:30:42 -0800] "GET http://www.test.ngo.ge/tmp/webalizer/usage_202402.html HTTP/1.0" 200 114924 "https://seo-creative.ru/" "Mozilla/5.0 (Windows NT 10.0; Win64; x64) AppleWebKit/537.36 (KHTML, like Gecko) Chrome/130.0.0.0 Safari/537.36 CCleaner/130.0.0.0"
154.16.115.97 - - [04/Feb/2026:01:30:45 -0800] "GET /tmp/webalizer/usage_202402.html HTTP/1.1" 200 114924 "https://seo-creative.ru/" "Mozilla/5.0 (Windows NT 10.0; Win64; x64) AppleWebKit/537.36 (KHTML, like Gecko) Chrome/130.0.0.0 Safari/537.36"
217.113.194.195 - - [04/Feb/2026:01:30:47 -0800] "GET /mail/new/1475613062.H78462P27423.peshe.info-tbilisi.com,S=1569 HTTP/1.1" 200 1569 "-" "Mozilla/5.0 (compatible; Barkrowler/0.9; +https://babbar.tech/crawler)"
154.54.249.214 - - [04/Feb/2026:01:31:17 -0800] "GET /mail/new/1475613001.H484556P27008.peshe.info-tbilisi.com,S=1569 HTTP/1.1" 200 1569 "-" "Mozilla/5.0 (compatible; Barkrowler/0.9; +https://babbar.tech/crawler)"
15.235.98.201 - - [04/Feb/2026:01:31:48 -0800] "GET /tmp/pma_template_compiles_ngoge/twig/59/?C=N;O=D HTTP/1.1" 200 944 "-" "Mozilla/5.0 (compatible; AhrefsBot/7.0; +http://ahrefs.com/robot/)"
217.113.194.197 - - [04/Feb/2026:01:31:52 -0800] "GET /mail/new/1475613721.H867331P29591.peshe.info-tbilisi.com,S=1569 HTTP/1.1" 200 1569 "-" "Mozilla/5.0 (compatible; Barkrowler/0.9; +https://babbar.tech/crawler)"
217.113.194.241 - - [04/Feb/2026:01:32:32 -0800] "GET /mail/new/1475613781.H479622P29803.peshe.info-tbilisi.com,S=1569 HTTP/1.1" 200 1569 "-" "Mozilla/5.0 (compatible; Barkrowler/0.9; +https://babbar.tech/crawler)"
217.113.194.240 - - [04/Feb/2026:01:33:08 -0800] "GET /mail/new/1475613541.H957923P28882.peshe.info-tbilisi.com,S=1569 HTTP/1.1" 200 1569 "-" "Mozilla/5.0 (compatible; Barkrowler/0.9; +https://babbar.tech/crawler)"
54.39.6.127 - - [04/Feb/2026:01:33:24 -0800] "GET /tmp/pma_template_compiles_ngoge/twig/2f/?C=N;O=D HTTP/1.1" 200 912 "-" "Mozilla/5.0 (compatible; AhrefsBot/7.0; +http://ahrefs.com/robot/)"
217.113.194.194 - - [04/Feb/2026:01:33:44 -0800] "GET /mail/new/1475611861.H330694P23119.peshe.info-tbilisi.com,S=1569 HTTP/1.1" 200 1569 "-" "Mozilla/5.0 (compatible; Barkrowler/0.9; +https://babbar.tech/crawler)"
217.113.194.196 - - [04/Feb/2026:01:34:15 -0800] "GET /mail/new/1475617441.H256070P25962.peshe.info-tbilisi.com,S=1569 HTTP/1.1" 200 1569 "-" "Mozilla/5.0 (compatible; Barkrowler/0.9; +https://babbar.tech/crawler)"
217.113.194.241 - - [04/Feb/2026:01:34:44 -0800] "GET /mail/new/1475615402.H63667P19029.peshe.info-tbilisi.com,S=1569 HTTP/1.1" 200 1569 "-" "Mozilla/5.0 (compatible; Barkrowler/0.9; +https://babbar.tech/crawler)"
54.39.0.126 - - [04/Feb/2026:01:34:56 -0800] "GET /tmp/pma_template_compiles_ngoge/twig/99/?C=D;O=A HTTP/1.1" 200 944 "-" "Mozilla/5.0 (compatible; AhrefsBot/7.0; +http://ahrefs.com/robot/)"
217.113.194.198 - - [04/Feb/2026:01:35:13 -0800] "GET /mail/new/1475615461.H816118P19342.peshe.info-tbilisi.com,S=1569 HTTP/1.1" 200 1569 "-" "Mozilla/5.0 (compatible; Barkrowler/0.9; +https://babbar.tech/crawler)"
217.113.194.241 - - [04/Feb/2026:01:35:41 -0800] "GET /mail/new/1475615822.H158938P20397.peshe.info-tbilisi.com,S=1569 HTTP/1.1" 200 1569 "-" "Mozilla/5.0 (compatible; Barkrowler/0.9; +https://babbar.tech/crawler)"
217.113.194.197 - - [04/Feb/2026:01:36:10 -0800] "GET /mail/new/1475615881.H344688P20613.peshe.info-tbilisi.com,S=1569 HTTP/1.1" 200 1569 "-" "Mozilla/5.0 (compatible; Barkrowler/0.9; +https://babbar.tech/crawler)"
142.44.220.0 - - [04/Feb/2026:01:36:36 -0800] "GET /ssl/keys/?C=D;O=D HTTP/1.1" 200 4333 "-" "Mozilla/5.0 (compatible; AhrefsBot/7.0; +http://ahrefs.com/robot/)"
217.113.194.240 - - [04/Feb/2026:01:36:41 -0800] "GET /mail/new/1475615941.H530800P20724.peshe.info-tbilisi.com,S=1569 HTTP/1.1" 200 1569 "-" "Mozilla/5.0 (compatible; Barkrowler/0.9; +https://babbar.tech/crawler)"
154.54.249.214 - - [04/Feb/2026:01:37:08 -0800] "GET /mail/new/1475611921.H473399P23304.peshe.info-tbilisi.com,S=1569 HTTP/1.1" 200 1569 "-" "Mozilla/5.0 (compatible; Barkrowler/0.9; +https://babbar.tech/crawler)"
154.54.249.214 - - [04/Feb/2026:01:37:37 -0800] "GET /mail/new/1475618641.H738519P30086.peshe.info-tbilisi.com,S=1569 HTTP/1.1" 200 1569 "-" "Mozilla/5.0 (compatible; Barkrowler/0.9; +https://babbar.tech/crawler)"
15.235.96.222 - - [04/Feb/2026:01:38:03 -0800] "GET /mail/ngo.ge/?C=N;O=D HTTP/1.1" 200 617 "-" "Mozilla/5.0 (compatible; AhrefsBot/7.0; +http://ahrefs.com/robot/)"
217.113.194.196 - - [04/Feb/2026:01:38:15 -0800] "GET /mail/new/1475619841.H999327P1529.peshe.info-tbilisi.com,S=1569 HTTP/1.1" 200 1569 "-" "Mozilla/5.0 (compatible; Barkrowler/0.9; +https://babbar.tech/crawler)"
217.113.194.195 - - [04/Feb/2026:01:38:44 -0800] "GET /mail/new/1475614621.H174289P32723.peshe.info-tbilisi.com,S=1569 HTTP/1.1" 200 1569 "-" "Mozilla/5.0 (compatible; Barkrowler/0.9; +https://babbar.tech/crawler)"
217.113.194.240 - - [04/Feb/2026:01:39:09 -0800] "GET /mail/new/1475614441.H224966P31863.peshe.info-tbilisi.com,S=1569 HTTP/1.1" 200 1569 "-" "Mozilla/5.0 (compatible; Barkrowler/0.9; +https://babbar.tech/crawler)"
154.54.249.214 - - [04/Feb/2026:01:39:43 -0800] "GET /mail/new/1475619001.H238304P31213.peshe.info-tbilisi.com,S=1569 HTTP/1.1" 200 1569 "-" "Mozilla/5.0 (compatible; Barkrowler/0.9; +https://babbar.tech/crawler)"
217.113.194.240 - - [04/Feb/2026:01:40:11 -0800] "GET /mail/new/1475619061.H906601P31475.peshe.info-tbilisi.com,S=1569 HTTP/1.1" 200 1569 "-" "Mozilla/5.0 (compatible; Barkrowler/0.9; +https://babbar.tech/crawler)"
217.113.194.200 - - [04/Feb/2026:01:40:39 -0800] "GET /mail/new/1475617562.H24495P26315.peshe.info-tbilisi.com,S=1569 HTTP/1.1" 200 1569 "-" "Mozilla/5.0 (compatible; Barkrowler/0.9; +https://babbar.tech/crawler)"
217.113.194.240 - - [04/Feb/2026:01:41:13 -0800] "GET /mail/new/1475617501.H406781P26077.peshe.info-tbilisi.com,S=1569 HTTP/1.1" 200 1569 "-" "Mozilla/5.0 (compatible; Barkrowler/0.9; +https://babbar.tech/crawler)"
142.44.225.148 - - [04/Feb/2026:01:41:31 -0800] "GET /tmp/pma_template_compiles_ngoge/twig/91/?C=S;O=A HTTP/1.1" 200 944 "-" "Mozilla/5.0 (compatible; AhrefsBot/7.0; +http://ahrefs.com/robot/)"
217.113.194.192 - - [04/Feb/2026:01:41:44 -0800] "GET /mail/new/1475612042.H24575P23645.peshe.info-tbilisi.com,S=1569 HTTP/1.1" 200 1569 "-" "Mozilla/5.0 (compatible; Barkrowler/0.9; +https://babbar.tech/crawler)"
217.113.194.192 - - [04/Feb/2026:01:42:16 -0800] "GET /mail/new/1475614021.H585244P30514.peshe.info-tbilisi.com,S=1569 HTTP/1.1" 200 1569 "-" "Mozilla/5.0 (compatible; Barkrowler/0.9; +https://babbar.tech/crawler)"
217.113.194.193 - - [04/Feb/2026:01:42:50 -0800] "GET /mail/new/1560173134.H110277P9763.peshe.info-tbilisi.com,S=3975 HTTP/1.1" 200 3975 "-" "Mozilla/5.0 (compatible; Barkrowler/0.9; +https://babbar.tech/crawler)"
54.39.136.11 - - [04/Feb/2026:01:43:07 -0800] "GET /tmp/cpbandwidth/?C=N;O=D HTTP/1.1" 200 808 "-" "Mozilla/5.0 (compatible; AhrefsBot/7.0; +http://ahrefs.com/robot/)"
154.54.249.214 - - [04/Feb/2026:01:43:25 -0800] "GET /mail/new/1467649928.H69940P13038.peshe.info-tbilisi.com,S=3944 HTTP/1.1" 200 3944 "-" "Mozilla/5.0 (compatible; Barkrowler/0.9; +https://babbar.tech/crawler)"
217.113.194.199 - - [04/Feb/2026:01:43:58 -0800] "GET /mail/new/1263676355.H258726P30634.cougar.elinuxservers.com,S=2560 HTTP/1.1" 200 2560 "-" "Mozilla/5.0 (compatible; Barkrowler/0.9; +https://babbar.tech/crawler)"
217.113.194.197 - - [04/Feb/2026:01:44:32 -0800] "GET /mail/new/1362373169.H282543P3164.peshe.info-tbilisi.com,S=2879 HTTP/1.1" 200 2879 "-" "Mozilla/5.0 (compatible; Barkrowler/0.9; +https://babbar.tech/crawler)"
54.39.0.18 - - [04/Feb/2026:01:44:32 -0800] "GET /cpmove.psql/?C=N;O=D HTTP/1.1" 200 612 "-" "Mozilla/5.0 (compatible; AhrefsBot/7.0; +http://ahrefs.com/robot/)"
217.113.194.200 - - [04/Feb/2026:01:44:59 -0800] "GET /mail/new/1362242799.H209110P13248.peshe.info-tbilisi.com,S=4389 HTTP/1.1" 200 4389 "-" "Mozilla/5.0 (compatible; Barkrowler/0.9; +https://babbar.tech/crawler)"
217.113.194.240 - - [04/Feb/2026:01:45:26 -0800] "GET /mail/new/1343679296.H240744P15664.peshe.info-tbilisi.com,S=2391 HTTP/1.1" 200 2391 "-" "Mozilla/5.0 (compatible; Barkrowler/0.9; +https://babbar.tech/crawler)"
217.113.194.197 - - [04/Feb/2026:01:45:51 -0800] "GET /mail/new/1310533357.H216114P31179.cougar.elinuxservers.com,S=4756 HTTP/1.1" 200 4756 "-" "Mozilla/5.0 (compatible; Barkrowler/0.9; +https://babbar.tech/crawler)"
51.222.168.95 - - [04/Feb/2026:01:45:58 -0800] "GET /tmp/pma_template_compiles_ngoge/twig/91/?C=D;O=A HTTP/1.1" 200 944 "-" "Mozilla/5.0 (compatible; AhrefsBot/7.0; +http://ahrefs.com/robot/)"
217.113.194.198 - - [04/Feb/2026:01:46:21 -0800] "GET /mail/new/1237199017.H189222P19674.cougar.elinuxservers.com,S=3744 HTTP/1.1" 200 3744 "-" "Mozilla/5.0 (compatible; Barkrowler/0.9; +https://babbar.tech/crawler)"
217.113.194.197 - - [04/Feb/2026:01:46:43 -0800] "GET /mail/new/1416398327.H570710P29670.peshe.info-tbilisi.com,S=3820 HTTP/1.1" 200 3820 "-" "Mozilla/5.0 (compatible; Barkrowler/0.9; +https://babbar.tech/crawler)"
217.113.194.199 - - [04/Feb/2026:01:47:01 -0800] "GET /mail/new/1380839750.H772190P21388.peshe.info-tbilisi.com,S=2264 HTTP/1.1" 200 2264 "-" "Mozilla/5.0 (compatible; Barkrowler/0.9; +https://babbar.tech/crawler)"
154.16.115.97 - - [04/Feb/2026:01:47:20 -0800] "GET /tmp/webalizer/usage_202402.html HTTP/1.1" 200 114924 "https://seo-creative.ru/" "Mozilla/5.0 (Windows NT 10.0; Win64; x64) AppleWebKit/537.36 (KHTML, like Gecko) Chrome/131.0.0.0 Safari/537.36 Avast/131.0.0.0"
217.113.194.199 - - [04/Feb/2026:01:47:21 -0800] "GET /mail/new/1249136374.H519130P31473.cougar.elinuxservers.com,S=3845 HTTP/1.1" 200 3845 "-" "Mozilla/5.0 (compatible; Barkrowler/0.9; +https://babbar.tech/crawler)"
154.16.115.97 - - [04/Feb/2026:01:47:36 -0800] "GET /tmp/webalizer/usage_202402.html HTTP/1.1" 200 114924 "https://seo-creative.ru/" "Mozilla/5.0 (Windows NT 10.0; Win64; x64) AppleWebKit/537.36 (KHTML, like Gecko) Chrome/131.0.0.0 Safari/537.36 Avast/131.0.0.0"
217.113.194.240 - - [04/Feb/2026:01:47:41 -0800] "GET /mail/new/1475618041.H764289P28109.peshe.info-tbilisi.com,S=1569 HTTP/1.1" 200 1569 "-" "Mozilla/5.0 (compatible; Barkrowler/0.9; +https://babbar.tech/crawler)"
15.235.98.75 - - [04/Feb/2026:01:47:43 -0800] "GET /public_ftp/incoming/?C=N;O=D HTTP/1.1" 200 639 "-" "Mozilla/5.0 (compatible; AhrefsBot/7.0; +http://ahrefs.com/robot/)"
45.59.186.60 - - [04/Feb/2026:01:47:43 -0800] "GET http://www.test.ngo.ge/tmp/webalizer/usage_202402.html HTTP/1.0" 200 114924 "https://seo-creative.ru/" "Mozilla/5.0 (Windows NT 10.0; Win64; x64) AppleWebKit/537.36 (KHTML, like Gecko) Chrome/130.0.0.0 Safari/537.36 CCleaner/130.0.0.0"
217.113.194.254 - - [04/Feb/2026:01:48:15 -0800] "GET /mail/new/1475617741.H556486P26866.peshe.info-tbilisi.com,S=1569 HTTP/1.1" 200 1569 "-" "Mozilla/5.0 (compatible; Barkrowler/0.9; +https://babbar.tech/crawler)"
114.119.153.97 - - [04/Feb/2026:01:48:16 -0800] "GET /tmp/webalizer/usage_202310.html?146.70.53.41 HTTP/1.1" 200 135459 "http://test.ngo.ge/tmp/analog/ssl/test.ngo.ge/10.html" "Mozilla/5.0 (Linux; Android 7.0;) AppleWebKit/537.36 (KHTML, like Gecko) Mobile Safari/537.36 (compatible; PetalBot;+https://webmaster.petalsearch.com/site/petalbot)"
217.113.194.198 - - [04/Feb/2026:01:48:39 -0800] "GET /mail/new/1475612461.H868395P25212.peshe.info-tbilisi.com,S=1569 HTTP/1.1" 200 1569 "-" "Mozilla/5.0 (compatible; Barkrowler/0.9; +https://babbar.tech/crawler)"
217.113.194.193 - - [04/Feb/2026:01:49:00 -0800] "GET /mail/new/1475614141.H907036P30804.peshe.info-tbilisi.com,S=1569 HTTP/1.1" 200 1569 "-" "Mozilla/5.0 (compatible; Barkrowler/0.9; +https://babbar.tech/crawler)"
54.39.136.114 - - [04/Feb/2026:01:49:10 -0800] "GET /tmp/pma_template_compiles_ngoge/twig/99/?C=M;O=A HTTP/1.1" 200 944 "-" "Mozilla/5.0 (compatible; AhrefsBot/7.0; +http://ahrefs.com/robot/)"
217.113.194.196 - - [04/Feb/2026:01:49:18 -0800] "GET /mail/new/1475617801.H722284P27097.peshe.info-tbilisi.com,S=1569 HTTP/1.1" 200 1569 "-" "Mozilla/5.0 (compatible; Barkrowler/0.9; +https://babbar.tech/crawler)"
217.113.194.254 - - [04/Feb/2026:01:49:38 -0800] "GET /mail/new/1475616301.H974070P22100.peshe.info-tbilisi.com,S=1569 HTTP/1.1" 200 1569 "-" "Mozilla/5.0 (compatible; Barkrowler/0.9; +https://babbar.tech/crawler)"
217.113.194.192 - - [04/Feb/2026:01:50:01 -0800] "GET /mail/new/1475618761.H543576P30363.peshe.info-tbilisi.com,S=1569 HTTP/1.1" 200 1569 "-" "Mozilla/5.0 (compatible; Barkrowler/0.9; +https://babbar.tech/crawler)"
15.235.96.188 - - [04/Feb/2026:01:50:07 -0800] "GET /tmp/pma_template_compiles_ngoge/twig/82/?C=N;O=A HTTP/1.1" 200 944 "-" "Mozilla/5.0 (compatible; AhrefsBot/7.0; +http://ahrefs.com/robot/)"
114.119.131.123 - - [04/Feb/2026:01:50:08 -0800] "GET /tmp/pma_template_compiles_ngoge/twig/08/087d810ac45bf13e016a801fdbb16519ae135ae8200564fae32bfd45a73ba969.php HTTP/1.1" 500 - "http://test.ngo.ge/tmp/pma_template_compiles_ngoge/twig/08/?C=N%3BO%3DD" "Mozilla/5.0 (Linux; Android 7.0;) AppleWebKit/537.36 (KHTML, like Gecko) Mobile Safari/537.36 (compatible; PetalBot;+https://webmaster.petalsearch.com/site/petalbot)"
217.113.194.194 - - [04/Feb/2026:01:50:22 -0800] "GET /mail/new/1475611741.H607507P19224.peshe.info-tbilisi.com,S=1569 HTTP/1.1" 200 1569 "-" "Mozilla/5.0 (compatible; Barkrowler/0.9; +https://babbar.tech/crawler)"
217.113.194.195 - - [04/Feb/2026:01:50:42 -0800] "GET /mail/new/1475616961.H381504P24294.peshe.info-tbilisi.com,S=1569 HTTP/1.1" 200 1569 "-" "Mozilla/5.0 (compatible; Barkrowler/0.9; +https://babbar.tech/crawler)"
148.113.128.109 - - [04/Feb/2026:01:50:59 -0800] "GET /public_ftp/incoming/?C=D;O=A HTTP/1.1" 200 639 "-" "Mozilla/5.0 (compatible; AhrefsBot/7.0; +http://ahrefs.com/robot/)"
217.113.194.241 - - [04/Feb/2026:01:51:08 -0800] "GET /mail/new/1475618401.H651155P29266.peshe.info-tbilisi.com,S=1569 HTTP/1.1" 200 1569 "-" "Mozilla/5.0 (compatible; Barkrowler/0.9; +https://babbar.tech/crawler)"
217.113.194.201 - - [04/Feb/2026:01:51:28 -0800] "GET /mail/new/1475613301.H794745P28197.peshe.info-tbilisi.com,S=1569 HTTP/1.1" 200 1569 "-" "Mozilla/5.0 (compatible; Barkrowler/0.9; +https://babbar.tech/crawler)"
148.113.130.97 - - [04/Feb/2026:01:51:40 -0800] "GET /cache/cache_03ccc987bb84ad942c7bdc1b37a1d5af HTTP/1.1" 200 7 "-" "Mozilla/5.0 (compatible; AhrefsBot/7.0; +http://ahrefs.com/robot/)"
217.113.194.194 - - [04/Feb/2026:01:51:46 -0800] "GET /mail/new/1475613361.H467412P28365.peshe.info-tbilisi.com,S=1569 HTTP/1.1" 200 1569 "-" "Mozilla/5.0 (compatible; Barkrowler/0.9; +https://babbar.tech/crawler)"
114.119.153.97 - - [04/Feb/2026:01:51:57 -0800] "GET /mail/new/1475615341.H790434P16933.peshe.info-tbilisi.com,S=1569 HTTP/1.1" 200 1569 "http://test.ngo.ge/mail/new" "Mozilla/5.0 (Linux; Android 7.0;) AppleWebKit/537.36 (KHTML, like Gecko) Mobile Safari/537.36 (compatible; PetalBot;+https://webmaster.petalsearch.com/site/petalbot)"
217.113.194.254 - - [04/Feb/2026:01:52:08 -0800] "GET /mail/new/1475619182.H174952P31884.peshe.info-tbilisi.com,S=1569 HTTP/1.1" 200 1569 "-" "Mozilla/5.0 (compatible; Barkrowler/0.9; +https://babbar.tech/crawler)"
167.114.139.165 - - [04/Feb/2026:01:52:24 -0800] "GET /tmp/pma_template_compiles_ngoge/?C=S;O=A HTTP/1.1" 200 829 "-" "Mozilla/5.0 (compatible; AhrefsBot/7.0; +http://ahrefs.com/robot/)"
217.113.194.254 - - [04/Feb/2026:01:52:28 -0800] "GET /mail/new/1475613901.H832724P30186.peshe.info-tbilisi.com,S=1569 HTTP/1.1" 200 1569 "-" "Mozilla/5.0 (compatible; Barkrowler/0.9; +https://babbar.tech/crawler)"
217.113.194.196 - - [04/Feb/2026:01:52:51 -0800] "GET /mail/new/1475611681.H420579P18984.peshe.info-tbilisi.com,S=1569 HTTP/1.1" 200 1569 "-" "Mozilla/5.0 (compatible; Barkrowler/0.9; +https://babbar.tech/crawler)"
54.39.6.85 - - [04/Feb/2026:01:53:01 -0800] "GET /tmp/pma_template_compiles_ngoge/twig/3c/?C=M;O=A HTTP/1.1" 200 944 "-" "Mozilla/5.0 (compatible; AhrefsBot/7.0; +http://ahrefs.com/robot/)"
217.113.194.201 - - [04/Feb/2026:01:53:14 -0800] "GET /mail/new/1475619241.H356576P32093.peshe.info-tbilisi.com,S=1569 HTTP/1.1" 200 1569 "-" "Mozilla/5.0 (compatible; Barkrowler/0.9; +https://babbar.tech/crawler)"
217.113.194.194 - - [04/Feb/2026:01:53:40 -0800] "GET /mail/new/1475614501.H389809P32118.peshe.info-tbilisi.com,S=1569 HTTP/1.1" 200 1569 "-" "Mozilla/5.0 (compatible; Barkrowler/0.9; +https://babbar.tech/crawler)"
142.44.233.177 - - [04/Feb/2026:01:53:44 -0800] "GET /tmp/pma_template_compiles_ngoge/?C=M;O=A HTTP/1.1" 200 829 "-" "Mozilla/5.0 (compatible; AhrefsBot/7.0; +http://ahrefs.com/robot/)"
114.119.137.237 - - [04/Feb/2026:01:53:48 -0800] "GET /cache/cache_31f8ac8a868a216fe9b2616582030beb HTTP/1.1" 200 - "http://test.ngo.ge/cache/" "Mozilla/5.0 (Linux; Android 7.0;) AppleWebKit/537.36 (KHTML, like Gecko) Mobile Safari/537.36 (compatible; PetalBot;+https://webmaster.petalsearch.com/site/petalbot)"
217.113.194.240 - - [04/Feb/2026:01:54:03 -0800] "GET /mail/new/1475616241.H816546P21854.peshe.info-tbilisi.com,S=1569 HTTP/1.1" 200 1569 "-" "Mozilla/5.0 (compatible; Barkrowler/0.9; +https://babbar.tech/crawler)"
54.39.136.67 - - [04/Feb/2026:01:54:20 -0800] "GET /tmp/pma_template_compiles_ngoge/twig/3c/?C=S;O=A HTTP/1.1" 200 944 "-" "Mozilla/5.0 (compatible; AhrefsBot/7.0; +http://ahrefs.com/robot/)"
154.54.249.214 - - [04/Feb/2026:01:54:25 -0800] "GET /mail/new/1475615341.H790434P16933.peshe.info-tbilisi.com,S=1569 HTTP/1.1" 200 1569 "-" "Mozilla/5.0 (compatible; Barkrowler/0.9; +https://babbar.tech/crawler)"
217.113.194.195 - - [04/Feb/2026:01:54:47 -0800] "GET /mail/new/1475612883.H706699P26417.peshe.info-tbilisi.com,S=1569 HTTP/1.1" 200 1569 "-" "Mozilla/5.0 (compatible; Barkrowler/0.9; +https://babbar.tech/crawler)"
54.39.203.153 - - [04/Feb/2026:01:54:55 -0800] "GET /tmp/pma_template_compiles_ngoge/twig/68/?C=D;O=A HTTP/1.1" 200 1183 "-" "Mozilla/5.0 (compatible; AhrefsBot/7.0; +http://ahrefs.com/robot/)"
217.113.194.194 - - [04/Feb/2026:01:55:05 -0800] "GET /mail/new/1475614261.H705773P31434.peshe.info-tbilisi.com,S=1569 HTTP/1.1" 200 1569 "-" "Mozilla/5.0 (compatible; Barkrowler/0.9; +https://babbar.tech/crawler)"
217.113.194.197 - - [04/Feb/2026:01:55:24 -0800] "GET /mail/new/1475616541.H774668P22753.peshe.info-tbilisi.com,S=1569 HTTP/1.1" 200 1569 "-" "Mozilla/5.0 (compatible; Barkrowler/0.9; +https://babbar.tech/crawler)"
54.39.136.225 - - [04/Feb/2026:01:55:35 -0800] "GET /tmp/pma_template_compiles_ngoge/twig/29/?C=D;O=A HTTP/1.1" 200 944 "-" "Mozilla/5.0 (compatible; AhrefsBot/7.0; +http://ahrefs.com/robot/)"
217.113.194.197 - - [04/Feb/2026:01:55:46 -0800] "GET /mail/new/1475616181.H655706P21739.peshe.info-tbilisi.com,S=1569 HTTP/1.1" 200 1569 "-" "Mozilla/5.0 (compatible; Barkrowler/0.9; +https://babbar.tech/crawler)"
154.54.249.214 - - [04/Feb/2026:01:56:09 -0800] "GET /mail/new/1475616601.H359486P23087.peshe.info-tbilisi.com,S=1569 HTTP/1.1" 200 1569 "-" "Mozilla/5.0 (compatible; Barkrowler/0.9; +https://babbar.tech/crawler)"
15.235.27.190 - - [04/Feb/2026:01:56:13 -0800] "GET /tmp/pma_template_compiles_ngoge/twig/3c/?C=D;O=A HTTP/1.1" 200 944 "-" "Mozilla/5.0 (compatible; AhrefsBot/7.0; +http://ahrefs.com/robot/)"
217.113.194.195 - - [04/Feb/2026:01:56:29 -0800] "GET /mail/new/1475616661.H947307P23445.peshe.info-tbilisi.com,S=1569 HTTP/1.1" 200 1569 "-" "Mozilla/5.0 (compatible; Barkrowler/0.9; +https://babbar.tech/crawler)"
148.113.128.66 - - [04/Feb/2026:01:56:52 -0800] "GET /tmp/pma_template_compiles_ngoge/twig/29/?C=S;O=A HTTP/1.1" 200 944 "-" "Mozilla/5.0 (compatible; AhrefsBot/7.0; +http://ahrefs.com/robot/)"
217.113.194.254 - - [04/Feb/2026:01:56:57 -0800] "GET /mail/new/1475618821.H724739P30659.peshe.info-tbilisi.com,S=1569 HTTP/1.1" 200 1569 "-" "Mozilla/5.0 (compatible; Barkrowler/0.9; +https://babbar.tech/crawler)"
217.113.194.254 - - [04/Feb/2026:01:57:16 -0800] "GET /mail/new/1475618881.H905340P30778.peshe.info-tbilisi.com,S=1569 HTTP/1.1" 200 1569 "-" "Mozilla/5.0 (compatible; Barkrowler/0.9; +https://babbar.tech/crawler)"
15.235.27.115 - - [04/Feb/2026:01:57:25 -0800] "GET /tmp/pma_template_compiles_ngoge/twig/c3/?C=M;O=A HTTP/1.1" 200 944 "-" "Mozilla/5.0 (compatible; AhrefsBot/7.0; +http://ahrefs.com/robot/)"
217.113.194.199 - - [04/Feb/2026:01:57:36 -0800] "GET /mail/new/1475618161.H540657P28373.peshe.info-tbilisi.com,S=1569 HTTP/1.1" 200 1569 "-" "Mozilla/5.0 (compatible; Barkrowler/0.9; +https://babbar.tech/crawler)"
148.113.128.80 - - [04/Feb/2026:01:57:55 -0800] "GET /tmp/pma_template_compiles_ngoge/twig/c3/?C=D;O=A HTTP/1.1" 200 944 "-" "Mozilla/5.0 (compatible; AhrefsBot/7.0; +http://ahrefs.com/robot/)"
217.113.194.197 - - [04/Feb/2026:01:58:00 -0800] "GET /mail/new/1475612942.H145583P26687.peshe.info-tbilisi.com,S=1569 HTTP/1.1" 200 1569 "-" "Mozilla/5.0 (compatible; Barkrowler/0.9; +https://babbar.tech/crawler)"
154.54.249.214 - - [04/Feb/2026:01:58:24 -0800] "GET /mail/new/1475617981.H623457P27903.peshe.info-tbilisi.com,S=1569 HTTP/1.1" 200 1569 "-" "Mozilla/5.0 (compatible; Barkrowler/0.9; +https://babbar.tech/crawler)"
54.39.203.48 - - [04/Feb/2026:01:58:29 -0800] "GET /tmp/pma_template_compiles_ngoge/twig/c8/c87eb823230fdb4ab25aab2ef5d245831ab68ae8733172acfe968619324a3808.php HTTP/1.1" 500 - "-" "Mozilla/5.0 (compatible; AhrefsBot/7.0; +http://ahrefs.com/robot/)"
217.113.194.200 - - [04/Feb/2026:01:58:43 -0800] "GET /mail/new/1475619362.H129552P32365.peshe.info-tbilisi.com,S=1569 HTTP/1.1" 200 1569 "-" "Mozilla/5.0 (compatible; Barkrowler/0.9; +https://babbar.tech/crawler)"
217.113.194.196 - - [04/Feb/2026:01:59:03 -0800] "GET /mail/new/1475617261.H657269P25365.peshe.info-tbilisi.com,S=1569 HTTP/1.1" 200 1569 "-" "Mozilla/5.0 (compatible; Barkrowler/0.9; +https://babbar.tech/crawler)"
167.114.139.147 - - [04/Feb/2026:01:59:04 -0800] "GET /tmp/pma_template_compiles_ngoge/twig/c8/c89a593abb8807604affd9fe0a7865f6.php HTTP/1.1" 500 - "-" "Mozilla/5.0 (compatible; AhrefsBot/7.0; +http://ahrefs.com/robot/)"
217.113.194.254 - - [04/Feb/2026:01:59:23 -0800] "GET /mail/new/1475611801.H758551P19534.peshe.info-tbilisi.com,S=1569 HTTP/1.1" 200 1569 "-" "Mozilla/5.0 (compatible; Barkrowler/0.9; +https://babbar.tech/crawler)"
217.113.194.254 - - [04/Feb/2026:01:59:45 -0800] "GET /mail/new/1475616841.H626300P23939.peshe.info-tbilisi.com,S=1569 HTTP/1.1" 200 1569 "-" "Mozilla/5.0 (compatible; Barkrowler/0.9; +https://babbar.tech/crawler)"
217.113.194.192 - - [04/Feb/2026:02:00:04 -0800] "GET /mail/new/1475616421.H746003P22415.peshe.info-tbilisi.com,S=1569 HTTP/1.1" 200 1569 "-" "Mozilla/5.0 (compatible; Barkrowler/0.9; +https://babbar.tech/crawler)"
54.39.0.178 - - [04/Feb/2026:02:00:20 -0800] "GET /tmp/pma_template_compiles_ngoge/twig/c3/?C=S;O=A HTTP/1.1" 200 944 "-" "Mozilla/5.0 (compatible; AhrefsBot/7.0; +http://ahrefs.com/robot/)"
217.113.194.197 - - [04/Feb/2026:02:00:27 -0800] "GET /mail/new/1475616481.H570826P22625.peshe.info-tbilisi.com,S=1569 HTTP/1.1" 200 1569 "-" "Mozilla/5.0 (compatible; Barkrowler/0.9; +https://babbar.tech/crawler)"
217.113.194.197 - - [04/Feb/2026:02:00:46 -0800] "GET /mail/new/1475611981.H822431P23434.peshe.info-tbilisi.com,S=1569 HTTP/1.1" 200 1569 "-" "Mozilla/5.0 (compatible; Barkrowler/0.9; +https://babbar.tech/crawler)"
217.113.194.201 - - [04/Feb/2026:02:01:08 -0800] "GET /mail/new/1475613841.H663849P29934.peshe.info-tbilisi.com,S=1569 HTTP/1.1" 200 1569 "-" "Mozilla/5.0 (compatible; Barkrowler/0.9; +https://babbar.tech/crawler)"
217.113.194.193 - - [04/Feb/2026:02:01:32 -0800] "GET /mail/new/1475612762.H117173P26077.peshe.info-tbilisi.com,S=1569 HTTP/1.1" 200 1569 "-" "Mozilla/5.0 (compatible; Barkrowler/0.9; +https://babbar.tech/crawler)"
217.113.194.195 - - [04/Feb/2026:02:01:51 -0800] "GET /mail/new/1475612701.H558959P25955.peshe.info-tbilisi.com,S=1569 HTTP/1.1" 200 1569 "-" "Mozilla/5.0 (compatible; Barkrowler/0.9; +https://babbar.tech/crawler)"
217.113.194.197 - - [04/Feb/2026:02:02:12 -0800] "GET /mail/new/1475614081.H735585P30697.peshe.info-tbilisi.com,S=1569 HTTP/1.1" 200 1569 "-" "Mozilla/5.0 (compatible; Barkrowler/0.9; +https://babbar.tech/crawler)"
114.119.153.97 - - [04/Feb/2026:02:02:21 -0800] "GET /cache/cache_2f16d88bfaf6f522cf9e9bcae3410323 HTTP/1.1" 200 - "http://test.ngo.ge/cache/" "Mozilla/5.0 (Linux; Android 7.0;) AppleWebKit/537.36 (KHTML, like Gecko) Mobile Safari/537.36 (compatible; PetalBot;+https://webmaster.petalsearch.com/site/petalbot)"
142.44.220.237 - - [04/Feb/2026:02:02:31 -0800] "GET /tmp/pma_template_compiles_ngoge/twig/29/?C=M;O=A HTTP/1.1" 200 944 "-" "Mozilla/5.0 (compatible; AhrefsBot/7.0; +http://ahrefs.com/robot/)"
217.113.194.198 - - [04/Feb/2026:02:02:35 -0800] "GET /mail/new/1475615521.H988934P19471.peshe.info-tbilisi.com,S=1569 HTTP/1.1" 200 1569 "-" "Mozilla/5.0 (compatible; Barkrowler/0.9; +https://babbar.tech/crawler)"
217.113.194.192 - - [04/Feb/2026:02:03:01 -0800] "GET /mail/new/1418754912.H166553P25509.peshe.info-tbilisi.com,S=3986 HTTP/1.1" 200 3986 "-" "Mozilla/5.0 (compatible; Barkrowler/0.9; +https://babbar.tech/crawler)"
217.113.194.201 - - [04/Feb/2026:02:03:22 -0800] "GET /mail/new/1484302398.H96389P22979.peshe.info-tbilisi.com,S=4540 HTTP/1.1" 200 4540 "-" "Mozilla/5.0 (compatible; Barkrowler/0.9; +https://babbar.tech/crawler)"
217.113.194.196 - - [04/Feb/2026:02:03:46 -0800] "GET /mail/new/1455619335.H783727P26759.peshe.info-tbilisi.com,S=4081 HTTP/1.1" 200 4081 "-" "Mozilla/5.0 (compatible; Barkrowler/0.9; +https://babbar.tech/crawler)"
217.113.194.192 - - [04/Feb/2026:02:04:09 -0800] "GET /ssl/keys/b175e_d672b_0f77b9823e97f145e965f792cb73b071.key HTTP/1.1" 404 - "-" "Mozilla/5.0 (compatible; Barkrowler/0.9; +https://babbar.tech/crawler)"
51.222.168.151 - - [04/Feb/2026:02:04:51 -0800] "GET /tmp/pma_template_compiles_ngoge/twig/ff/?C=S;O=A HTTP/1.1" 200 912 "-" "Mozilla/5.0 (compatible; AhrefsBot/7.0; +http://ahrefs.com/robot/)"
101.132.222.120 - - [04/Feb/2026:02:05:51 -0800] "GET /tmp/webalizer/usage_202402.html HTTP/1.0" 200 114924 "https://seo-creative.ru/" "Mozilla/5.0 (Windows NT 10.0; Win64; x64) AppleWebKit/537.36 (KHTML, like Gecko) Chrome/131.0.0.0 Safari/537.36"
