217.113.194.200 - - [03/Feb/2026:21:03:29 -0800] "GET /cache/cache_8234b51dcb9836e52584d825071f4892 HTTP/1.1" 200 - "-" "Mozilla/5.0 (compatible; Barkrowler/0.9; +https://babbar.tech/crawler)"
217.113.194.241 - - [03/Feb/2026:21:04:00 -0800] "GET /tmp/awstats/awstats042023.temp.ngo.ge.txt HTTP/1.1" 200 11720 "-" "Mozilla/5.0 (compatible; Barkrowler/0.9; +https://babbar.tech/crawler)"
217.113.194.193 - - [03/Feb/2026:21:04:24 -0800] "GET /cache/cache_d38fb491e43ada8823404461866a1c2c HTTP/1.1" 200 - "-" "Mozilla/5.0 (compatible; Barkrowler/0.9; +https://babbar.tech/crawler)"
217.113.194.197 - - [03/Feb/2026:21:04:35 -0800] "GET /tmp/awstats/awstats042009.ertoba.ngo.ge.txt HTTP/1.1" 200 5591 "-" "Mozilla/5.0 (compatible; Barkrowler/0.9; +https://babbar.tech/crawler)"
217.113.194.196 - - [03/Feb/2026:21:04:56 -0800] "GET /cache/cache_a09c183b37c9a84490da95390733d80e HTTP/1.1" 200 - "-" "Mozilla/5.0 (compatible; Barkrowler/0.9; +https://babbar.tech/crawler)"
154.54.249.214 - - [03/Feb/2026:21:05:07 -0800] "GET /tmp/awstats/awstats042008.ertoba.ngo.ge.txt HTTP/1.1" 200 5754 "-" "Mozilla/5.0 (compatible; Barkrowler/0.9; +https://babbar.tech/crawler)"
114.119.137.237 - - [03/Feb/2026:21:05:16 -0800] "GET /mail/new/1475618881.H905340P30778.peshe.info-tbilisi.com,S=1569 HTTP/1.1" 200 1569 "http://test.ngo.ge/mail/new" "Mozilla/5.0 (Linux; Android 7.0;) AppleWebKit/537.36 (KHTML, like Gecko) Mobile Safari/537.36 (compatible; PetalBot;+https://webmaster.petalsearch.com/site/petalbot)"
217.113.194.200 - - [03/Feb/2026:21:05:28 -0800] "GET /cache/cache_c62a1b5dc11c1dfe2317706b99cc5091 HTTP/1.1" 200 - "-" "Mozilla/5.0 (compatible; Barkrowler/0.9; +https://babbar.tech/crawler)"
217.113.194.196 - - [03/Feb/2026:21:05:39 -0800] "GET /tmp/awstats/awstats042021.ertoba.ngo.ge.txt HTTP/1.1" 200 9192 "-" "Mozilla/5.0 (compatible; Barkrowler/0.9; +https://babbar.tech/crawler)"
217.113.194.200 - - [03/Feb/2026:21:05:59 -0800] "GET /cache/cache_c968b8840835981a2ab3f24b9452159c HTTP/1.1" 200 - "-" "Mozilla/5.0 (compatible; Barkrowler/0.9; +https://babbar.tech/crawler)"
217.113.194.254 - - [03/Feb/2026:21:06:09 -0800] "GET /tmp/awstats/awstats102019.ertoba.ngo.ge.txt HTTP/1.1" 200 5875 "-" "Mozilla/5.0 (compatible; Barkrowler/0.9; +https://babbar.tech/crawler)"
217.113.194.254 - - [03/Feb/2026:21:06:31 -0800] "GET /cache/cache_c22063026b7c73eb1a50e3487e1870de HTTP/1.1" 200 - "-" "Mozilla/5.0 (compatible; Barkrowler/0.9; +https://babbar.tech/crawler)"
217.113.194.192 - - [03/Feb/2026:21:06:42 -0800] "GET /tmp/awstats/awstats102022.ertoba.ngo.ge.txt HTTP/1.1" 200 63760 "-" "Mozilla/5.0 (compatible; Barkrowler/0.9; +https://babbar.tech/crawler)"
217.113.194.195 - - [03/Feb/2026:21:07:06 -0800] "GET /cache/cache_eed6a39784dcea224b53b4459411db87 HTTP/1.1" 200 - "-" "Mozilla/5.0 (compatible; Barkrowler/0.9; +https://babbar.tech/crawler)"
217.113.194.192 - - [03/Feb/2026:21:07:18 -0800] "GET /tmp/awstats/awstats102023.ertoba.ngo.ge.txt HTTP/1.1" 200 52076 "-" "Mozilla/5.0 (compatible; Barkrowler/0.9; +https://babbar.tech/crawler)"
114.119.141.100 - - [03/Feb/2026:21:07:24 -0800] "GET /mail/new/1475617981.H623457P27903.peshe.info-tbilisi.com,S=1569 HTTP/1.1" 200 1569 "http://test.ngo.ge/mail/new" "Mozilla/5.0 (Linux; Android 7.0;) AppleWebKit/537.36 (KHTML, like Gecko) Mobile Safari/537.36 (compatible; PetalBot;+https://webmaster.petalsearch.com/site/petalbot)"
217.113.194.198 - - [03/Feb/2026:21:07:37 -0800] "GET /cache/cache_28facb5bd5eb42aedeebeb06f1fbb0ff HTTP/1.1" 200 - "-" "Mozilla/5.0 (compatible; Barkrowler/0.9; +https://babbar.tech/crawler)"
217.113.194.196 - - [03/Feb/2026:21:07:52 -0800] "GET /tmp/awstats/awstats102024.ertoba.ngo.ge.txt HTTP/1.1" 200 57225 "-" "Mozilla/5.0 (compatible; Barkrowler/0.9; +https://babbar.tech/crawler)"
217.113.194.195 - - [03/Feb/2026:21:08:11 -0800] "GET /cache/cache_6223144c07e9158e3242db7bdc1b779b HTTP/1.1" 200 - "-" "Mozilla/5.0 (compatible; Barkrowler/0.9; +https://babbar.tech/crawler)"
217.113.194.195 - - [03/Feb/2026:21:08:23 -0800] "GET /tmp/awstats/awstats122019.test.ngo.ge.txt HTTP/1.1" 200 6408 "-" "Mozilla/5.0 (compatible; Barkrowler/0.9; +https://babbar.tech/crawler)"
217.113.194.254 - - [03/Feb/2026:21:08:45 -0800] "GET /cache/cache_9917520cf06db05a000cb83bd6cd57ff HTTP/1.1" 200 - "-" "Mozilla/5.0 (compatible; Barkrowler/0.9; +https://babbar.tech/crawler)"
217.113.194.197 - - [03/Feb/2026:21:08:55 -0800] "GET /tmp/awstats/awstats122022.ertoba.ngo.ge.txt HTTP/1.1" 200 58256 "-" "Mozilla/5.0 (compatible; Barkrowler/0.9; +https://babbar.tech/crawler)"
217.113.194.200 - - [03/Feb/2026:21:09:23 -0800] "GET /tmp/awstats/ssl/awstats012025.temp.ngo.ge.txt HTTP/1.1" 200 8785 "-" "Mozilla/5.0 (compatible; Barkrowler/0.9; +https://babbar.tech/crawler)"
114.119.131.123 - - [03/Feb/2026:21:09:30 -0800] "GET /mail/new/1475615761.H981415P20258.peshe.info-tbilisi.com,S=1569 HTTP/1.1" 200 1569 "http://test.ngo.ge/mail/new" "Mozilla/5.0 (Linux; Android 7.0;) AppleWebKit/537.36 (KHTML, like Gecko) Mobile Safari/537.36 (compatible; PetalBot;+https://webmaster.petalsearch.com/site/petalbot)"
217.113.194.240 - - [03/Feb/2026:21:09:34 -0800] "GET /tmp/awstats/awstats122023.ertoba.ngo.ge.txt HTTP/1.1" 200 53962 "-" "Mozilla/5.0 (compatible; Barkrowler/0.9; +https://babbar.tech/crawler)"
217.113.194.197 - - [03/Feb/2026:21:09:56 -0800] "GET /tmp/awstats/ssl/awstats012025.ertoba.ngo.ge.txt HTTP/1.1" 200 51740 "-" "Mozilla/5.0 (compatible; Barkrowler/0.9; +https://babbar.tech/crawler)"
217.113.194.199 - - [03/Feb/2026:21:10:09 -0800] "GET /tmp/awstats/awstats122008.ertoba.ngo.ge.txt HTTP/1.1" 200 5591 "-" "Mozilla/5.0 (compatible; Barkrowler/0.9; +https://babbar.tech/crawler)"
217.113.194.200 - - [03/Feb/2026:21:10:28 -0800] "GET /tmp/awstats/ssl/awstats012020.ertoba.ngo.ge.txt HTTP/1.1" 200 6164 "-" "Mozilla/5.0 (compatible; Barkrowler/0.9; +https://babbar.tech/crawler)"
167.99.124.118 - - [03/Feb/2026:21:10:37 -0800] "GET /tmp/webalizer/usage_202402.html HTTP/1.1" 200 114924 "https://seo-creative.ru/" "Mozilla/5.0 (Windows NT 10.0; Win64; x64) AppleWebKit/537.36 (KHTML, like Gecko) Chrome/130.0.0.0 Safari/537.36 CCleaner/130.0.0.0"
217.113.194.240 - - [03/Feb/2026:21:10:40 -0800] "GET /tmp/awstats/awstats122024.ertoba.ngo.ge.txt HTTP/1.1" 200 66129 "-" "Mozilla/5.0 (compatible; Barkrowler/0.9; +https://babbar.tech/crawler)"
109.107.186.56 - - [03/Feb/2026:21:10:54 -0800] "GET http://www.test.ngo.ge/tmp/webalizer/usage_202402.html HTTP/1.0" 200 114924 "https://seo-creative.ru/" "Mozilla/5.0 (Windows NT 10.0; Win64; x64) AppleWebKit/537.36 (KHTML, like Gecko) Chrome/130.0.0.0 Safari/537.36"
109.107.186.56 - - [03/Feb/2026:21:10:57 -0800] "GET /tmp/webalizer/usage_202402.html HTTP/1.0" 200 114924 "https://seo-creative.ru/" "Mozilla/5.0 (Windows NT 10.0; Win64; x64) AppleWebKit/537.36 (KHTML, like Gecko) Chrome/130.0.0.0 Safari/537.36"
217.113.194.254 - - [03/Feb/2026:21:11:01 -0800] "GET /tmp/awstats/ssl/awstats012026.temp.ngo.ge.txt HTTP/1.1" 200 10607 "-" "Mozilla/5.0 (compatible; Barkrowler/0.9; +https://babbar.tech/crawler)"
217.113.194.199 - - [03/Feb/2026:21:11:11 -0800] "GET /tmp/awstats/awstats052017.ertoba.ngo.ge.txt HTTP/1.1" 200 6020 "-" "Mozilla/5.0 (compatible; Barkrowler/0.9; +https://babbar.tech/crawler)"
217.113.194.197 - - [03/Feb/2026:21:11:32 -0800] "GET /tmp/awstats/ssl/awstats012023.temp.ngo.ge.txt HTTP/1.1" 200 8443 "-" "Mozilla/5.0 (compatible; Barkrowler/0.9; +https://babbar.tech/crawler)"
114.119.153.97 - - [03/Feb/2026:21:11:38 -0800] "GET /mail/new/1475615581.H217207P19682.peshe.info-tbilisi.com,S=1569 HTTP/1.1" 200 1569 "http://test.ngo.ge/mail/new" "Mozilla/5.0 (Linux; Android 7.0;) AppleWebKit/537.36 (KHTML, like Gecko) Mobile Safari/537.36 (compatible; PetalBot;+https://webmaster.petalsearch.com/site/petalbot)"
217.113.194.197 - - [03/Feb/2026:21:11:43 -0800] "GET /tmp/awstats/awstats052018.ertoba.ngo.ge.txt HTTP/1.1" 200 6068 "-" "Mozilla/5.0 (compatible; Barkrowler/0.9; +https://babbar.tech/crawler)"
217.113.194.240 - - [03/Feb/2026:21:12:08 -0800] "GET /tmp/awstats/ssl/awstats012023.test.ngo.ge.txt HTTP/1.1" 200 8854 "-" "Mozilla/5.0 (compatible; Barkrowler/0.9; +https://babbar.tech/crawler)"
217.113.194.201 - - [03/Feb/2026:21:12:22 -0800] "GET /tmp/awstats/awstats052016.ertoba.ngo.ge.txt HTTP/1.1" 200 6081 "-" "Mozilla/5.0 (compatible; Barkrowler/0.9; +https://babbar.tech/crawler)"
217.113.194.254 - - [03/Feb/2026:21:12:43 -0800] "GET /tmp/awstats/ssl/awstats012021.temp.ngo.ge.txt HTTP/1.1" 200 6716 "-" "Mozilla/5.0 (compatible; Barkrowler/0.9; +https://babbar.tech/crawler)"
217.113.194.200 - - [03/Feb/2026:21:12:55 -0800] "GET /tmp/awstats/awstats052024.ertoba.ngo.ge.txt HTTP/1.1" 200 58180 "-" "Mozilla/5.0 (compatible; Barkrowler/0.9; +https://babbar.tech/crawler)"
217.113.194.197 - - [03/Feb/2026:21:13:15 -0800] "GET /tmp/awstats/ssl/awstats012021.ertoba.ngo.ge.txt HTTP/1.1" 200 6830 "-" "Mozilla/5.0 (compatible; Barkrowler/0.9; +https://babbar.tech/crawler)"
217.113.194.240 - - [03/Feb/2026:21:13:27 -0800] "GET /tmp/awstats/awstats052015.ertoba.ngo.ge.txt HTTP/1.1" 200 6453 "-" "Mozilla/5.0 (compatible; Barkrowler/0.9; +https://babbar.tech/crawler)"
114.119.139.207 - - [03/Feb/2026:21:13:45 -0800] "GET /mail/new/1475615042.H56151P8455.peshe.info-tbilisi.com,S=1569 HTTP/1.1" 200 1569 "http://test.ngo.ge/mail/new" "Mozilla/5.0 (Linux; Android 7.0;) AppleWebKit/537.36 (KHTML, like Gecko) Mobile Safari/537.36 (compatible; PetalBot;+https://webmaster.petalsearch.com/site/petalbot)"
217.113.194.195 - - [03/Feb/2026:21:13:46 -0800] "GET /tmp/awstats/ssl/awstats012024.test.ngo.ge.txt HTTP/1.1" 200 22709 "-" "Mozilla/5.0 (compatible; Barkrowler/0.9; +https://babbar.tech/crawler)"
217.113.194.194 - - [03/Feb/2026:21:13:56 -0800] "GET /tmp/awstats/awstats052022.test.ngo.ge.txt HTTP/1.1" 200 14465 "-" "Mozilla/5.0 (compatible; Barkrowler/0.9; +https://babbar.tech/crawler)"
217.113.194.196 - - [03/Feb/2026:21:14:19 -0800] "GET /tmp/awstats/ssl/awstats012024.ertoba.ngo.ge.txt HTTP/1.1" 200 11826 "-" "Mozilla/5.0 (compatible; Barkrowler/0.9; +https://babbar.tech/crawler)"
217.113.194.254 - - [03/Feb/2026:21:14:30 -0800] "GET /tmp/awstats/awstats052022.ertoba.ngo.ge.txt HTTP/1.1" 200 67105 "-" "Mozilla/5.0 (compatible; Barkrowler/0.9; +https://babbar.tech/crawler)"
217.113.194.197 - - [03/Feb/2026:21:14:54 -0800] "GET /tmp/awstats/ssl/awstats012022.temp.ngo.ge.txt HTTP/1.1" 200 8194 "-" "Mozilla/5.0 (compatible; Barkrowler/0.9; +https://babbar.tech/crawler)"
217.113.194.194 - - [03/Feb/2026:21:15:08 -0800] "GET /tmp/awstats/awstats052022.temp.ngo.ge.txt HTTP/1.1" 200 8401 "-" "Mozilla/5.0 (compatible; Barkrowler/0.9; +https://babbar.tech/crawler)"
217.113.194.193 - - [03/Feb/2026:21:15:29 -0800] "GET /tmp/awstats/ssl/awstats012022.test.ngo.ge.txt HTTP/1.1" 200 7953 "-" "Mozilla/5.0 (compatible; Barkrowler/0.9; +https://babbar.tech/crawler)"
217.113.194.197 - - [03/Feb/2026:21:15:41 -0800] "GET /tmp/awstats/awstats052023.test.ngo.ge.txt HTTP/1.1" 200 42288 "-" "Mozilla/5.0 (compatible; Barkrowler/0.9; +https://babbar.tech/crawler)"
114.119.131.123 - - [03/Feb/2026:21:15:53 -0800] "GET /mail/new/1475614562.H15991P32454.peshe.info-tbilisi.com,S=1569 HTTP/1.1" 200 1569 "http://test.ngo.ge/mail/new" "Mozilla/5.0 (Linux; Android 7.0;) AppleWebKit/537.36 (KHTML, like Gecko) Mobile Safari/537.36 (compatible; PetalBot;+https://webmaster.petalsearch.com/site/petalbot)"
217.113.194.199 - - [03/Feb/2026:21:16:00 -0800] "GET /tmp/awstats/ssl/awstats112023.temp.ngo.ge.txt HTTP/1.1" 200 6696 "-" "Mozilla/5.0 (compatible; Barkrowler/0.9; +https://babbar.tech/crawler)"
217.113.194.198 - - [03/Feb/2026:21:16:15 -0800] "GET /tmp/awstats/awstats052023.ertoba.ngo.ge.txt HTTP/1.1" 200 50400 "-" "Mozilla/5.0 (compatible; Barkrowler/0.9; +https://babbar.tech/crawler)"
217.113.194.240 - - [03/Feb/2026:21:16:35 -0800] "GET /tmp/awstats/ssl/awstats112023.test.ngo.ge.txt HTTP/1.1" 200 18389 "-" "Mozilla/5.0 (compatible; Barkrowler/0.9; +https://babbar.tech/crawler)"
217.113.194.196 - - [03/Feb/2026:21:16:48 -0800] "GET /tmp/awstats/awstats052023.temp.ngo.ge.txt HTTP/1.1" 200 9661 "-" "Mozilla/5.0 (compatible; Barkrowler/0.9; +https://babbar.tech/crawler)"
217.113.194.201 - - [03/Feb/2026:21:17:15 -0800] "GET /tmp/awstats/ssl/awstats112023.ertoba.ngo.ge.txt HTTP/1.1" 200 31631 "-" "Mozilla/5.0 (compatible; Barkrowler/0.9; +https://babbar.tech/crawler)"
217.113.194.195 - - [03/Feb/2026:21:17:27 -0800] "GET /tmp/awstats/awstats052008.ertoba.ngo.ge.txt HTTP/1.1" 200 6049 "-" "Mozilla/5.0 (compatible; Barkrowler/0.9; +https://babbar.tech/crawler)"
217.113.194.201 - - [03/Feb/2026:21:17:50 -0800] "GET /tmp/awstats/ssl/awstats112024.test.ngo.ge.txt HTTP/1.1" 200 54420 "-" "Mozilla/5.0 (compatible; Barkrowler/0.9; +https://babbar.tech/crawler)"
114.119.141.100 - - [03/Feb/2026:21:17:59 -0800] "GET /mail/new/1475614441.H224966P31863.peshe.info-tbilisi.com,S=1569 HTTP/1.1" 200 1569 "http://test.ngo.ge/mail/new" "Mozilla/5.0 (Linux; Android 7.0;) AppleWebKit/537.36 (KHTML, like Gecko) Mobile Safari/537.36 (compatible; PetalBot;+https://webmaster.petalsearch.com/site/petalbot)"
217.113.194.192 - - [03/Feb/2026:21:18:04 -0800] "GET /tmp/awstats/awstats052021.ertoba.ngo.ge.txt HTTP/1.1" 200 23716 "-" "Mozilla/5.0 (compatible; Barkrowler/0.9; +https://babbar.tech/crawler)"
217.113.194.195 - - [03/Feb/2026:21:18:25 -0800] "GET /tmp/awstats/ssl/awstats112024.ertoba.ngo.ge.txt HTTP/1.1" 200 23352 "-" "Mozilla/5.0 (compatible; Barkrowler/0.9; +https://babbar.tech/crawler)"
217.113.194.199 - - [03/Feb/2026:21:18:36 -0800] "GET /tmp/awstats/awstats062018.ertoba.ngo.ge.txt HTTP/1.1" 200 6095 "-" "Mozilla/5.0 (compatible; Barkrowler/0.9; +https://babbar.tech/crawler)"
217.113.194.240 - - [03/Feb/2026:21:18:57 -0800] "GET /tmp/awstats/ssl/awstats112024.temp.ngo.ge.txt HTTP/1.1" 200 8903 "-" "Mozilla/5.0 (compatible; Barkrowler/0.9; +https://babbar.tech/crawler)"
217.113.194.200 - - [03/Feb/2026:21:19:10 -0800] "GET /tmp/awstats/awstats062016.ertoba.ngo.ge.txt HTTP/1.1" 200 6169 "-" "Mozilla/5.0 (compatible; Barkrowler/0.9; +https://babbar.tech/crawler)"
217.113.194.197 - - [03/Feb/2026:21:19:29 -0800] "GET /tmp/awstats/ssl/awstats112020.ertoba.ngo.ge.txt HTTP/1.1" 200 6316 "-" "Mozilla/5.0 (compatible; Barkrowler/0.9; +https://babbar.tech/crawler)"
217.113.194.254 - - [03/Feb/2026:21:19:40 -0800] "GET /tmp/awstats/awstats062024.ertoba.ngo.ge.txt HTTP/1.1" 200 71190 "-" "Mozilla/5.0 (compatible; Barkrowler/0.9; +https://babbar.tech/crawler)"
217.113.194.240 - - [03/Feb/2026:21:20:01 -0800] "GET /tmp/awstats/ssl/awstats112022.temp.ngo.ge.txt HTTP/1.1" 200 9767 "-" "Mozilla/5.0 (compatible; Barkrowler/0.9; +https://babbar.tech/crawler)"
217.113.194.240 - - [03/Feb/2026:21:20:14 -0800] "GET /tmp/awstats/awstats062015.ertoba.ngo.ge.txt HTTP/1.1" 200 6076 "-" "Mozilla/5.0 (compatible; Barkrowler/0.9; +https://babbar.tech/crawler)"
217.113.194.195 - - [03/Feb/2026:21:20:34 -0800] "GET /tmp/awstats/ssl/awstats112022.test.ngo.ge.txt HTTP/1.1" 200 14063 "-" "Mozilla/5.0 (compatible; Barkrowler/0.9; +https://babbar.tech/crawler)"
217.113.194.197 - - [03/Feb/2026:21:20:45 -0800] "GET /tmp/awstats/awstats062022.test.ngo.ge.txt HTTP/1.1" 200 22333 "-" "Mozilla/5.0 (compatible; Barkrowler/0.9; +https://babbar.tech/crawler)"
217.113.194.196 - - [03/Feb/2026:21:21:13 -0800] "GET /tmp/awstats/ssl/awstats112022.ertoba.ngo.ge.txt HTTP/1.1" 200 15858 "-" "Mozilla/5.0 (compatible; Barkrowler/0.9; +https://babbar.tech/crawler)"
217.113.194.240 - - [03/Feb/2026:21:21:25 -0800] "GET /tmp/awstats/awstats062022.ertoba.ngo.ge.txt HTTP/1.1" 200 42297 "-" "Mozilla/5.0 (compatible; Barkrowler/0.9; +https://babbar.tech/crawler)"
217.113.194.240 - - [03/Feb/2026:21:21:46 -0800] "GET /tmp/awstats/ssl/awstats112025.ertoba.ngo.ge.txt HTTP/1.1" 200 70728 "-" "Mozilla/5.0 (compatible; Barkrowler/0.9; +https://babbar.tech/crawler)"
217.113.194.196 - - [03/Feb/2026:21:21:59 -0800] "GET /tmp/awstats/awstats062022.temp.ngo.ge.txt HTTP/1.1" 200 13493 "-" "Mozilla/5.0 (compatible; Barkrowler/0.9; +https://babbar.tech/crawler)"
217.113.194.254 - - [03/Feb/2026:21:22:31 -0800] "GET /tmp/awstats/ssl/awstats112021.temp.ngo.ge.txt HTTP/1.1" 200 8273 "-" "Mozilla/5.0 (compatible; Barkrowler/0.9; +https://babbar.tech/crawler)"
217.113.194.241 - - [03/Feb/2026:21:22:42 -0800] "GET /tmp/awstats/awstats062023.test.ngo.ge.txt HTTP/1.1" 200 26422 "-" "Mozilla/5.0 (compatible; Barkrowler/0.9; +https://babbar.tech/crawler)"
217.113.194.241 - - [03/Feb/2026:21:23:10 -0800] "GET /tmp/awstats/ssl/awstats112021.ertoba.ngo.ge.txt HTTP/1.1" 200 8554 "-" "Mozilla/5.0 (compatible; Barkrowler/0.9; +https://babbar.tech/crawler)"
217.113.194.195 - - [03/Feb/2026:21:23:22 -0800] "GET /tmp/awstats/awstats062023.temp.ngo.ge.txt HTTP/1.1" 200 10774 "-" "Mozilla/5.0 (compatible; Barkrowler/0.9; +https://babbar.tech/crawler)"
217.113.194.240 - - [03/Feb/2026:21:23:41 -0800] "GET /tmp/awstats/ssl/awstats102023.temp.ngo.ge.txt HTTP/1.1" 200 9319 "-" "Mozilla/5.0 (compatible; Barkrowler/0.9; +https://babbar.tech/crawler)"
217.113.194.240 - - [03/Feb/2026:21:23:53 -0800] "GET /tmp/awstats/awstats062021.ertoba.ngo.ge.txt HTTP/1.1" 200 11376 "-" "Mozilla/5.0 (compatible; Barkrowler/0.9; +https://babbar.tech/crawler)"
217.113.194.198 - - [03/Feb/2026:21:24:13 -0800] "GET /tmp/awstats/ssl/awstats102023.test.ngo.ge.txt HTTP/1.1" 200 70501 "-" "Mozilla/5.0 (compatible; Barkrowler/0.9; +https://babbar.tech/crawler)"
114.119.153.97 - - [03/Feb/2026:21:24:21 -0800] "GET /mail/new/1475614081.H735585P30697.peshe.info-tbilisi.com,S=1569 HTTP/1.1" 200 1569 "http://test.ngo.ge/mail/new" "Mozilla/5.0 (Linux; Android 7.0;) AppleWebKit/537.36 (KHTML, like Gecko) Mobile Safari/537.36 (compatible; PetalBot;+https://webmaster.petalsearch.com/site/petalbot)"
217.113.194.254 - - [03/Feb/2026:21:24:25 -0800] "GET /tmp/awstats/awstats032017.ertoba.ngo.ge.txt HTTP/1.1" 200 6266 "-" "Mozilla/5.0 (compatible; Barkrowler/0.9; +https://babbar.tech/crawler)"
217.113.194.241 - - [03/Feb/2026:21:24:49 -0800] "GET /tmp/awstats/ssl/awstats102023.ertoba.ngo.ge.txt HTTP/1.1" 200 24161 "-" "Mozilla/5.0 (compatible; Barkrowler/0.9; +https://babbar.tech/crawler)"
217.113.194.254 - - [03/Feb/2026:21:25:02 -0800] "GET /tmp/awstats/awstats032018.ertoba.ngo.ge.txt HTTP/1.1" 200 5933 "-" "Mozilla/5.0 (compatible; Barkrowler/0.9; +https://babbar.tech/crawler)"
217.113.194.196 - - [03/Feb/2026:21:25:25 -0800] "GET /tmp/awstats/ssl/awstats102024.test.ngo.ge.txt HTTP/1.1" 200 80067 "-" "Mozilla/5.0 (compatible; Barkrowler/0.9; +https://babbar.tech/crawler)"
217.113.194.196 - - [03/Feb/2026:21:25:40 -0800] "GET /tmp/awstats/awstats032016.ertoba.ngo.ge.txt HTTP/1.1" 200 6228 "-" "Mozilla/5.0 (compatible; Barkrowler/0.9; +https://babbar.tech/crawler)"
217.113.194.194 - - [03/Feb/2026:21:26:04 -0800] "GET /tmp/awstats/ssl/awstats102024.ertoba.ngo.ge.txt HTTP/1.1" 200 25111 "-" "Mozilla/5.0 (compatible; Barkrowler/0.9; +https://babbar.tech/crawler)"
217.113.194.197 - - [03/Feb/2026:21:26:17 -0800] "GET /tmp/awstats/awstats032024.ertoba.ngo.ge.txt HTTP/1.1" 200 51996 "-" "Mozilla/5.0 (compatible; Barkrowler/0.9; +https://babbar.tech/crawler)"
114.119.139.207 - - [03/Feb/2026:21:26:28 -0800] "GET /mail/new/1475613361.H467412P28365.peshe.info-tbilisi.com,S=1569 HTTP/1.1" 200 1569 "http://test.ngo.ge/mail/new" "Mozilla/5.0 (Linux; Android 7.0;) AppleWebKit/537.36 (KHTML, like Gecko) Mobile Safari/537.36 (compatible; PetalBot;+https://webmaster.petalsearch.com/site/petalbot)"
202.55.67.194 - - [03/Feb/2026:21:26:41 -0800] "GET http://www.test.ngo.ge/tmp/webalizer/usage_202402.html HTTP/1.0" 200 114924 "https://seo-creative.ru/" "Mozilla/5.0 (Windows NT 10.0; Win64; x64) AppleWebKit/537.36 (KHTML, like Gecko) Chrome/130.0.0.0 Safari/537.36 CCleaner/130.0.0.0"
217.113.194.240 - - [03/Feb/2026:21:26:50 -0800] "GET /tmp/awstats/ssl/awstats102024.temp.ngo.ge.txt HTTP/1.1" 200 9985 "-" "Mozilla/5.0 (compatible; Barkrowler/0.9; +https://babbar.tech/crawler)"
154.16.115.97 - - [03/Feb/2026:21:26:50 -0800] "GET /tmp/webalizer/usage_202402.html HTTP/1.1" 200 114924 "https://seo-creative.ru/" "Mozilla/5.0 (Windows NT 10.0; Win64; x64) AppleWebKit/537.36 (KHTML, like Gecko) Chrome/130.0.0.0 Safari/537.36 CCleaner/130.0.0.0"
154.16.115.97 - - [03/Feb/2026:21:26:53 -0800] "GET /tmp/webalizer/usage_202402.html HTTP/1.1" 200 114924 "https://seo-creative.ru/" "Mozilla/5.0 (Windows NT 10.0; Win64; x64) AppleWebKit/537.36 (KHTML, like Gecko) Chrome/130.0.0.0 Safari/537.36"
217.113.194.241 - - [03/Feb/2026:21:27:01 -0800] "GET /tmp/awstats/awstats032015.ertoba.ngo.ge.txt HTTP/1.1" 200 5981 "-" "Mozilla/5.0 (compatible; Barkrowler/0.9; +https://babbar.tech/crawler)"
217.113.194.240 - - [03/Feb/2026:21:27:22 -0800] "GET /tmp/awstats/ssl/awstats102020.ertoba.ngo.ge.txt HTTP/1.1" 200 6230 "-" "Mozilla/5.0 (compatible; Barkrowler/0.9; +https://babbar.tech/crawler)"
154.54.249.214 - - [03/Feb/2026:21:27:33 -0800] "GET /tmp/awstats/awstats032014.ertoba.ngo.ge.txt HTTP/1.1" 200 5949 "-" "Mozilla/5.0 (compatible; Barkrowler/0.9; +https://babbar.tech/crawler)"
217.113.194.193 - - [03/Feb/2026:21:27:54 -0800] "GET /tmp/awstats/ssl/awstats102022.temp.ngo.ge.txt HTTP/1.1" 200 8150 "-" "Mozilla/5.0 (compatible; Barkrowler/0.9; +https://babbar.tech/crawler)"
217.113.194.192 - - [03/Feb/2026:21:28:05 -0800] "GET /tmp/awstats/awstats032022.test.ngo.ge.txt HTTP/1.1" 200 9474 "-" "Mozilla/5.0 (compatible; Barkrowler/0.9; +https://babbar.tech/crawler)"
217.113.194.197 - - [03/Feb/2026:21:28:32 -0800] "GET /tmp/awstats/ssl/awstats102022.test.ngo.ge.txt HTTP/1.1" 200 8412 "-" "Mozilla/5.0 (compatible; Barkrowler/0.9; +https://babbar.tech/crawler)"
114.119.146.37 - - [03/Feb/2026:21:28:35 -0800] "GET /mail/new/1475612821.H301147P26263.peshe.info-tbilisi.com,S=1569 HTTP/1.1" 200 1569 "http://test.ngo.ge/mail/new" "Mozilla/5.0 (Linux; Android 7.0;) AppleWebKit/537.36 (KHTML, like Gecko) Mobile Safari/537.36 (compatible; PetalBot;+https://webmaster.petalsearch.com/site/petalbot)"
217.113.194.195 - - [03/Feb/2026:21:28:43 -0800] "GET /tmp/awstats/awstats032022.ertoba.ngo.ge.txt HTTP/1.1" 200 41958 "-" "Mozilla/5.0 (compatible; Barkrowler/0.9; +https://babbar.tech/crawler)"
217.113.194.201 - - [03/Feb/2026:21:29:02 -0800] "GET /tmp/awstats/ssl/awstats102022.ertoba.ngo.ge.txt HTTP/1.1" 200 9840 "-" "Mozilla/5.0 (compatible; Barkrowler/0.9; +https://babbar.tech/crawler)"
217.113.194.241 - - [03/Feb/2026:21:29:14 -0800] "GET /tmp/awstats/awstats032022.temp.ngo.ge.txt HTTP/1.1" 200 7955 "-" "Mozilla/5.0 (compatible; Barkrowler/0.9; +https://babbar.tech/crawler)"
217.113.194.254 - - [03/Feb/2026:21:29:34 -0800] "GET /tmp/awstats/ssl/awstats102025.ertoba.ngo.ge.txt HTTP/1.1" 200 73117 "-" "Mozilla/5.0 (compatible; Barkrowler/0.9; +https://babbar.tech/crawler)"
217.113.194.196 - - [03/Feb/2026:21:29:50 -0800] "GET /tmp/awstats/awstats032023.test.ngo.ge.txt HTTP/1.1" 200 14675 "-" "Mozilla/5.0 (compatible; Barkrowler/0.9; +https://babbar.tech/crawler)"
217.113.194.198 - - [03/Feb/2026:21:30:08 -0800] "GET /tmp/awstats/ssl/awstats102021.temp.ngo.ge.txt HTTP/1.1" 200 8183 "-" "Mozilla/5.0 (compatible; Barkrowler/0.9; +https://babbar.tech/crawler)"
217.113.194.241 - - [03/Feb/2026:21:30:20 -0800] "GET /tmp/awstats/awstats032023.ertoba.ngo.ge.txt HTTP/1.1" 200 54233 "-" "Mozilla/5.0 (compatible; Barkrowler/0.9; +https://babbar.tech/crawler)"
114.119.131.123 - - [03/Feb/2026:21:30:43 -0800] "GET /mail/new/1475612401.H236665P24953.peshe.info-tbilisi.com,S=1569 HTTP/1.1" 200 1569 "http://test.ngo.ge/mail/new" "Mozilla/5.0 (Linux; Android 7.0;) AppleWebKit/537.36 (KHTML, like Gecko) Mobile Safari/537.36 (compatible; PetalBot;+https://webmaster.petalsearch.com/site/petalbot)"
217.113.194.241 - - [03/Feb/2026:21:30:47 -0800] "GET /tmp/awstats/ssl/awstats102021.ertoba.ngo.ge.txt HTTP/1.1" 200 8143 "-" "Mozilla/5.0 (compatible; Barkrowler/0.9; +https://babbar.tech/crawler)"
217.113.194.199 - - [03/Feb/2026:21:30:59 -0800] "GET /tmp/awstats/awstats032023.temp.ngo.ge.txt HTTP/1.1" 200 9255 "-" "Mozilla/5.0 (compatible; Barkrowler/0.9; +https://babbar.tech/crawler)"
217.113.194.193 - - [03/Feb/2026:21:31:25 -0800] "GET /tmp/awstats/ssl/awstats072025.temp.ngo.ge.txt HTTP/1.1" 200 9501 "-" "Mozilla/5.0 (compatible; Barkrowler/0.9; +https://babbar.tech/crawler)"
217.113.194.192 - - [03/Feb/2026:21:31:37 -0800] "GET /tmp/awstats/awstats032009.ertoba.ngo.ge.txt HTTP/1.1" 200 5591 "-" "Mozilla/5.0 (compatible; Barkrowler/0.9; +https://babbar.tech/crawler)"
217.113.194.240 - - [03/Feb/2026:21:32:04 -0800] "GET /tmp/awstats/ssl/awstats072025.ertoba.ngo.ge.txt HTTP/1.1" 200 89549 "-" "Mozilla/5.0 (compatible; Barkrowler/0.9; +https://babbar.tech/crawler)"
217.113.194.254 - - [03/Feb/2026:21:32:17 -0800] "GET /tmp/awstats/awstats032021.ertoba.ngo.ge.txt HTTP/1.1" 200 23118 "-" "Mozilla/5.0 (compatible; Barkrowler/0.9; +https://babbar.tech/crawler)"
217.113.194.199 - - [03/Feb/2026:21:32:39 -0800] "GET /tmp/awstats/ssl/awstats072020.temp.ngo.ge.txt HTTP/1.1" 200 6099 "-" "Mozilla/5.0 (compatible; Barkrowler/0.9; +https://babbar.tech/crawler)"
114.119.141.100 - - [03/Feb/2026:21:32:50 -0800] "GET /mail/new/1475612161.H794991P23992.peshe.info-tbilisi.com,S=1569 HTTP/1.1" 200 1569 "http://test.ngo.ge/mail/new" "Mozilla/5.0 (Linux; Android 7.0;) AppleWebKit/537.36 (KHTML, like Gecko) Mobile Safari/537.36 (compatible; PetalBot;+https://webmaster.petalsearch.com/site/petalbot)"
217.113.194.197 - - [03/Feb/2026:21:32:53 -0800] "GET /tmp/awstats/awstats082014.ertoba.ngo.ge.txt HTTP/1.1" 200 5878 "-" "Mozilla/5.0 (compatible; Barkrowler/0.9; +https://babbar.tech/crawler)"
217.113.194.240 - - [03/Feb/2026:21:33:15 -0800] "GET /tmp/awstats/ssl/awstats072020.ertoba.ngo.ge.txt HTTP/1.1" 200 6419 "-" "Mozilla/5.0 (compatible; Barkrowler/0.9; +https://babbar.tech/crawler)"
217.113.194.192 - - [03/Feb/2026:21:33:25 -0800] "GET /tmp/awstats/awstats082015.ertoba.ngo.ge.txt HTTP/1.1" 200 6399 "-" "Mozilla/5.0 (compatible; Barkrowler/0.9; +https://babbar.tech/crawler)"
217.113.194.254 - - [03/Feb/2026:21:33:48 -0800] "GET /tmp/awstats/ssl/awstats072024.temp.ngo.ge.txt HTTP/1.1" 200 8106 "-" "Mozilla/5.0 (compatible; Barkrowler/0.9; +https://babbar.tech/crawler)"
217.113.194.193 - - [03/Feb/2026:21:34:00 -0800] "GET /tmp/awstats/awstats082018.ertoba.ngo.ge.txt HTTP/1.1" 200 6064 "-" "Mozilla/5.0 (compatible; Barkrowler/0.9; +https://babbar.tech/crawler)"
217.113.194.201 - - [03/Feb/2026:21:34:22 -0800] "GET /tmp/awstats/ssl/awstats072024.test.ngo.ge.txt HTTP/1.1" 200 58842 "-" "Mozilla/5.0 (compatible; Barkrowler/0.9; +https://babbar.tech/crawler)"
217.113.194.254 - - [03/Feb/2026:21:34:35 -0800] "GET /tmp/awstats/awstats082016.ertoba.ngo.ge.txt HTTP/1.1" 200 6096 "-" "Mozilla/5.0 (compatible; Barkrowler/0.9; +https://babbar.tech/crawler)"
114.119.133.1 - - [03/Feb/2026:21:34:57 -0800] "GET /mail/new/1475611681.H420579P18984.peshe.info-tbilisi.com,S=1569 HTTP/1.1" 200 1569 "http://test.ngo.ge/mail/new" "Mozilla/5.0 (Linux; Android 7.0;) AppleWebKit/537.36 (KHTML, like Gecko) Mobile Safari/537.36 (compatible; PetalBot;+https://webmaster.petalsearch.com/site/petalbot)"
217.113.194.241 - - [03/Feb/2026:21:35:00 -0800] "GET /tmp/awstats/ssl/awstats072023.temp.ngo.ge.txt HTTP/1.1" 200 8746 "-" "Mozilla/5.0 (compatible; Barkrowler/0.9; +https://babbar.tech/crawler)"
217.113.194.241 - - [03/Feb/2026:21:35:12 -0800] "GET /tmp/awstats/awstats082017.ertoba.ngo.ge.txt HTTP/1.1" 200 5991 "-" "Mozilla/5.0 (compatible; Barkrowler/0.9; +https://babbar.tech/crawler)"
217.113.194.201 - - [03/Feb/2026:21:35:44 -0800] "GET /tmp/awstats/ssl/awstats072023.test.ngo.ge.txt HTTP/1.1" 200 51569 "-" "Mozilla/5.0 (compatible; Barkrowler/0.9; +https://babbar.tech/crawler)"
154.54.249.214 - - [03/Feb/2026:21:35:59 -0800] "GET /tmp/awstats/awstats082023.test.ngo.ge.txt HTTP/1.1" 200 34785 "-" "Mozilla/5.0 (compatible; Barkrowler/0.9; +https://babbar.tech/crawler)"
154.54.249.214 - - [03/Feb/2026:21:36:19 -0800] "GET /tmp/awstats/ssl/awstats072022.temp.ngo.ge.txt HTTP/1.1" 200 8018 "-" "Mozilla/5.0 (compatible; Barkrowler/0.9; +https://babbar.tech/crawler)"
217.113.194.201 - - [03/Feb/2026:21:36:32 -0800] "GET /tmp/awstats/awstats082023.ertoba.ngo.ge.txt HTTP/1.1" 200 50765 "-" "Mozilla/5.0 (compatible; Barkrowler/0.9; +https://babbar.tech/crawler)"
217.113.194.200 - - [03/Feb/2026:21:37:00 -0800] "GET /tmp/awstats/ssl/awstats072022.test.ngo.ge.txt HTTP/1.1" 200 8063 "-" "Mozilla/5.0 (compatible; Barkrowler/0.9; +https://babbar.tech/crawler)"
114.119.131.123 - - [03/Feb/2026:21:37:03 -0800] "GET /mail/new/1333387815.H885981P23485.cougar.elinuxservers.com,S=2211 HTTP/1.1" 200 2211 "http://test.ngo.ge/mail/new" "Mozilla/5.0 (Linux; Android 7.0;) AppleWebKit/537.36 (KHTML, like Gecko) Mobile Safari/537.36 (compatible; PetalBot;+https://webmaster.petalsearch.com/site/petalbot)"
217.113.194.198 - - [03/Feb/2026:21:37:11 -0800] "GET /tmp/awstats/awstats082023.temp.ngo.ge.txt HTTP/1.1" 200 10670 "-" "Mozilla/5.0 (compatible; Barkrowler/0.9; +https://babbar.tech/crawler)"
217.113.194.195 - - [03/Feb/2026:21:37:39 -0800] "GET /tmp/awstats/ssl/awstats072021.temp.ngo.ge.txt HTTP/1.1" 200 7935 "-" "Mozilla/5.0 (compatible; Barkrowler/0.9; +https://babbar.tech/crawler)"
217.113.194.196 - - [03/Feb/2026:21:37:52 -0800] "GET /tmp/awstats/awstats082024.test.ngo.ge.txt HTTP/1.1" 200 67617 "-" "Mozilla/5.0 (compatible; Barkrowler/0.9; +https://babbar.tech/crawler)"
217.113.194.199 - - [03/Feb/2026:21:38:17 -0800] "GET /tmp/awstats/ssl/awstats072021.test.ngo.ge.txt HTTP/1.1" 200 7595 "-" "Mozilla/5.0 (compatible; Barkrowler/0.9; +https://babbar.tech/crawler)"
217.113.194.195 - - [03/Feb/2026:21:38:30 -0800] "GET /tmp/awstats/awstats082024.ertoba.ngo.ge.txt HTTP/1.1" 200 54648 "-" "Mozilla/5.0 (compatible; Barkrowler/0.9; +https://babbar.tech/crawler)"
217.113.194.192 - - [03/Feb/2026:21:38:52 -0800] "GET /tmp/awstats/ssl/awstats072021.ertoba.ngo.ge.txt HTTP/1.1" 200 6845 "-" "Mozilla/5.0 (compatible; Barkrowler/0.9; +https://babbar.tech/crawler)"
217.113.194.194 - - [03/Feb/2026:21:39:04 -0800] "GET /tmp/awstats/awstats082022.test.ngo.ge.txt HTTP/1.1" 200 27681 "-" "Mozilla/5.0 (compatible; Barkrowler/0.9; +https://babbar.tech/crawler)"
114.119.149.232 - - [03/Feb/2026:21:39:11 -0800] "GET /mail/new/1296559709.H201341P2701.cougar.elinuxservers.com,S=2227 HTTP/1.1" 200 2227 "http://test.ngo.ge/mail/new" "Mozilla/5.0 (Linux; Android 7.0;) AppleWebKit/537.36 (KHTML, like Gecko) Mobile Safari/537.36 (compatible; PetalBot;+https://webmaster.petalsearch.com/site/petalbot)"
217.113.194.197 - - [03/Feb/2026:21:39:28 -0800] "GET /tmp/awstats/ssl/awstats062025.temp.ngo.ge.txt HTTP/1.1" 200 10428 "-" "Mozilla/5.0 (compatible; Barkrowler/0.9; +https://babbar.tech/crawler)"
217.113.194.200 - - [03/Feb/2026:21:39:39 -0800] "GET /tmp/awstats/awstats082022.ertoba.ngo.ge.txt HTTP/1.1" 200 61657 "-" "Mozilla/5.0 (compatible; Barkrowler/0.9; +https://babbar.tech/crawler)"
154.54.249.214 - - [03/Feb/2026:21:40:03 -0800] "GET /tmp/awstats/ssl/awstats062025.ertoba.ngo.ge.txt HTTP/1.1" 200 76784 "-" "Mozilla/5.0 (compatible; Barkrowler/0.9; +https://babbar.tech/crawler)"
217.113.194.194 - - [03/Feb/2026:21:40:17 -0800] "GET /tmp/awstats/awstats082022.temp.ngo.ge.txt HTTP/1.1" 200 9448 "-" "Mozilla/5.0 (compatible; Barkrowler/0.9; +https://babbar.tech/crawler)"
217.113.194.201 - - [03/Feb/2026:21:40:39 -0800] "GET /tmp/awstats/ssl/awstats062020.temp.ngo.ge.txt HTTP/1.1" 200 6248 "-" "Mozilla/5.0 (compatible; Barkrowler/0.9; +https://babbar.tech/crawler)"
217.113.194.254 - - [03/Feb/2026:21:40:54 -0800] "GET /tmp/awstats/awstats082009.ertoba.ngo.ge.txt HTTP/1.1" 200 5591 "-" "Mozilla/5.0 (compatible; Barkrowler/0.9; +https://babbar.tech/crawler)"
217.113.194.196 - - [03/Feb/2026:21:41:15 -0800] "GET /tmp/awstats/ssl/awstats062020.ertoba.ngo.ge.txt HTTP/1.1" 200 6257 "-" "Mozilla/5.0 (compatible; Barkrowler/0.9; +https://babbar.tech/crawler)"
114.119.141.100 - - [03/Feb/2026:21:41:17 -0800] "GET /mail/new/1294389580.H901507P11936.cougar.elinuxservers.com,S=2293 HTTP/1.1" 200 2293 "http://test.ngo.ge/mail/new" "Mozilla/5.0 (Linux; Android 7.0;) AppleWebKit/537.36 (KHTML, like Gecko) Mobile Safari/537.36 (compatible; PetalBot;+https://webmaster.petalsearch.com/site/petalbot)"
217.113.194.241 - - [03/Feb/2026:21:41:28 -0800] "GET /tmp/awstats/awstats082008.ertoba.ngo.ge.txt HTTP/1.1" 200 5787 "-" "Mozilla/5.0 (compatible; Barkrowler/0.9; +https://babbar.tech/crawler)"
217.113.194.241 - - [03/Feb/2026:21:41:54 -0800] "GET /tmp/awstats/ssl/awstats062024.temp.ngo.ge.txt HTTP/1.1" 200 10732 "-" "Mozilla/5.0 (compatible; Barkrowler/0.9; +https://babbar.tech/crawler)"
217.113.194.200 - - [03/Feb/2026:21:42:04 -0800] "GET /tmp/awstats/awstats082021.ertoba.ngo.ge.txt HTTP/1.1" 200 17044 "-" "Mozilla/5.0 (compatible; Barkrowler/0.9; +https://babbar.tech/crawler)"
217.113.194.197 - - [03/Feb/2026:21:42:26 -0800] "GET /tmp/awstats/ssl/awstats062024.test.ngo.ge.txt HTTP/1.1" 200 85564 "-" "Mozilla/5.0 (compatible; Barkrowler/0.9; +https://babbar.tech/crawler)"
192.73.244.36 - - [03/Feb/2026:21:42:31 -0800] "GET /tmp/webalizer/usage_202402.html HTTP/1.1" 200 114924 "https://seo-creative.ru/" "Mozilla/5.0 (Windows NT 10.0; Win64; x64) AppleWebKit/537.36 (KHTML, like Gecko) Chrome/130.0.0.0 Safari/537.36 CCleaner/130.0.0.0"
45.59.186.60 - - [03/Feb/2026:21:42:39 -0800] "GET http://www.test.ngo.ge/tmp/webalizer/usage_202402.html HTTP/1.0" 200 114924 "https://seo-creative.ru/" "Mozilla/5.0 (Windows NT 10.0; Win64; x64) AppleWebKit/537.36 (KHTML, like Gecko) Chrome/129.0.0.0 Safari/537.36"
217.113.194.197 - - [03/Feb/2026:21:42:43 -0800] "GET /tmp/awstats/awstats082025.ertoba.ngo.ge.txt HTTP/1.1" 200 78214 "-" "Mozilla/5.0 (compatible; Barkrowler/0.9; +https://babbar.tech/crawler)"
109.107.186.56 - - [03/Feb/2026:21:42:57 -0800] "GET http://www.test.ngo.ge/tmp/webalizer/usage_202402.html HTTP/1.0" 200 114924 "https://seo-creative.ru/" "Mozilla/5.0 (Windows NT 10.0; Win64; x64) AppleWebKit/537.36 (KHTML, like Gecko) Chrome/131.0.0.0 Safari/537.36"
217.113.194.197 - - [03/Feb/2026:21:43:08 -0800] "GET /tmp/awstats/ssl/awstats062023.temp.ngo.ge.txt HTTP/1.1" 200 9083 "-" "Mozilla/5.0 (compatible; Barkrowler/0.9; +https://babbar.tech/crawler)"
94.176.85.8 - - [03/Feb/2026:21:43:13 -0800] "GET /tmp/webalizer/usage_202402.html HTTP/1.1" 200 114924 "http://test.ngo.ge/" "Mozilla/5.0 (Windows NT 10.0) AppleWebKit/537.36 (KHTML, like Gecko) Chrome/114.0.0.0 Safari/537.36"
217.113.194.192 - - [03/Feb/2026:21:43:19 -0800] "GET /cache/cache_ec1123d6fb4f8641f72b12ab6735f885 HTTP/1.1" 200 - "-" "Mozilla/5.0 (compatible; Barkrowler/0.9; +https://babbar.tech/crawler)"
94.176.85.8 - - [03/Feb/2026:21:43:25 -0800] "GET / HTTP/1.1" 404 - "https://www.google.com/search?q=%3Ca+href%3D%22https://bullminers.eu%22%3ECrypto Mining Equipment at Unbeatable Prices%3C%2Fa%3E" "Mozilla/5.0 Crypto Mining Equipment at Unbeatable Prices (Windows NT 5.1; U; en) Presto/2.10.229 Version/11.60"
114.119.146.37 - - [03/Feb/2026:21:43:25 -0800] "GET /mail/new/1273502857.H389599P6946.cougar.elinuxservers.com,S=4162 HTTP/1.1" 200 4162 "http://test.ngo.ge/mail/new" "Mozilla/5.0 (Linux; Android 7.0;) AppleWebKit/537.36 (KHTML, like Gecko) Mobile Safari/537.36 (compatible; PetalBot;+https://webmaster.petalsearch.com/site/petalbot)"
109.198.48.245 - - [03/Feb/2026:21:43:26 -0800] "GET / HTTP/1.1" 404 - "https://www.google.com/search?q=%3Ca+href%3D%22https://bullminers.eu%22%3ECrypto Mining Equipment at Unbeatable Prices%3C%2Fa%3E" "Mozilla/5.0 Crypto Mining Equipment at Unbeatable Prices (Windows NT 5.1; U; en) Presto/2.10.229 Version/11.60"
193.8.80.48 - - [03/Feb/2026:21:43:33 -0800] "GET / HTTP/1.1" 404 - "https://www.google.com/search?q=%3Ca+href%3D%22https://bullminers.eu%22%3ECrypto Mining Equipment at Unbeatable Prices%3C%2Fa%3E" "Mozilla/5.0 Crypto Mining Equipment at Unbeatable Prices (Windows NT 5.1; U; en) Presto/2.10.229 Version/11.60"
94.176.85.8 - - [03/Feb/2026:21:43:33 -0800] "GET / HTTP/1.1" 404 - "https://www.google.com/search?q=%3Ca+href%3D%22https://bullminers.eu%22%3ECrypto Mining Equipment at Unbeatable Prices%3C%2Fa%3E" "Mozilla/5.0 Crypto Mining Equipment at Unbeatable Prices (Windows NT 5.1; U; en) Presto/2.10.229 Version/11.60"
217.113.194.254 - - [03/Feb/2026:21:43:50 -0800] "GET /tmp/awstats/ssl/awstats062023.test.ngo.ge.txt HTTP/1.1" 200 17304 "-" "Mozilla/5.0 (compatible; Barkrowler/0.9; +https://babbar.tech/crawler)"
217.113.194.196 - - [03/Feb/2026:21:44:01 -0800] "GET /cache/cache_1520c3375c7047b445edbff91af1a012 HTTP/1.1" 200 - "-" "Mozilla/5.0 (compatible; Barkrowler/0.9; +https://babbar.tech/crawler)"
193.8.80.48 - - [03/Feb/2026:21:44:05 -0800] "GET /tmp/webalizer/usage_202402.html HTTP/1.1" 404 - "http://test.ngo.ge/" "Mozilla/5.0 Crypto Mining Equipment at Unbeatable Prices (Windows NT 5.1; U; en) Presto/2.10.229 Version/11.60"
217.113.194.254 - - [03/Feb/2026:21:44:24 -0800] "GET /tmp/awstats/ssl/awstats062022.temp.ngo.ge.txt HTTP/1.1" 200 8532 "-" "Mozilla/5.0 (compatible; Barkrowler/0.9; +https://babbar.tech/crawler)"
217.113.194.194 - - [03/Feb/2026:21:44:36 -0800] "GET /cache/cache_5937784352f07abc71fdadee96540444 HTTP/1.1" 200 - "-" "Mozilla/5.0 (compatible; Barkrowler/0.9; +https://babbar.tech/crawler)"
217.113.194.193 - - [03/Feb/2026:21:44:59 -0800] "GET /tmp/awstats/ssl/awstats062022.test.ngo.ge.txt HTTP/1.1" 200 10618 "-" "Mozilla/5.0 (compatible; Barkrowler/0.9; +https://babbar.tech/crawler)"
217.113.194.199 - - [03/Feb/2026:21:45:10 -0800] "GET /cache/cache_2296b630be47054716cddb323a6639ab HTTP/1.1" 200 - "-" "Mozilla/5.0 (compatible; Barkrowler/0.9; +https://babbar.tech/crawler)"
217.113.194.240 - - [03/Feb/2026:21:45:28 -0800] "GET /tmp/awstats/ssl/awstats062021.temp.ngo.ge.txt HTTP/1.1" 200 8085 "-" "Mozilla/5.0 (compatible; Barkrowler/0.9; +https://babbar.tech/crawler)"
114.119.131.123 - - [03/Feb/2026:21:45:34 -0800] "GET /foresight5/rs/rs2018p/response-tables/samples/4/ HTTP/1.1" 404 - "http://test.ngo.ge/tmp/analog/1.html" "Mozilla/5.0 (Linux; Android 7.0;) AppleWebKit/537.36 (KHTML, like Gecko) Mobile Safari/537.36 (compatible; PetalBot;+https://webmaster.petalsearch.com/site/petalbot)"
217.113.194.196 - - [03/Feb/2026:21:45:39 -0800] "GET /tmp/awstats/ssl/awstats012025.test.ngo.ge.txt HTTP/1.1" 200 124906 "-" "Mozilla/5.0 (compatible; Barkrowler/0.9; +https://babbar.tech/crawler)"
217.113.194.199 - - [03/Feb/2026:21:46:13 -0800] "GET /tmp/awstats/ssl/awstats062021.test.ngo.ge.txt HTTP/1.1" 200 10391 "-" "Mozilla/5.0 (compatible; Barkrowler/0.9; +https://babbar.tech/crawler)"
217.113.194.201 - - [03/Feb/2026:21:46:25 -0800] "GET /tmp/awstats/ssl/awstats012020.temp.ngo.ge.txt HTTP/1.1" 200 6098 "-" "Mozilla/5.0 (compatible; Barkrowler/0.9; +https://babbar.tech/crawler)"
217.113.194.241 - - [03/Feb/2026:21:46:51 -0800] "GET /tmp/awstats/ssl/awstats062021.ertoba.ngo.ge.txt HTTP/1.1" 200 7871 "-" "Mozilla/5.0 (compatible; Barkrowler/0.9; +https://babbar.tech/crawler)"
217.113.194.201 - - [03/Feb/2026:21:47:05 -0800] "GET /tmp/awstats/ssl/awstats012021.test.ngo.ge.txt HTTP/1.1" 200 15248 "-" "Mozilla/5.0 (compatible; Barkrowler/0.9; +https://babbar.tech/crawler)"
154.54.249.214 - - [03/Feb/2026:21:47:29 -0800] "GET /tmp/awstats/ssl/awstats092025.temp.ngo.ge.txt HTTP/1.1" 200 9315 "-" "Mozilla/5.0 (compatible; Barkrowler/0.9; +https://babbar.tech/crawler)"
114.119.137.237 - - [03/Feb/2026:21:47:40 -0800] "GET /cache/cache_f3064c76de3d41013ed4ae24fed0160b HTTP/1.1" 200 - "http://test.ngo.ge/cache/" "Mozilla/5.0 (Linux; Android 7.0;) AppleWebKit/537.36 (KHTML, like Gecko) Mobile Safari/537.36 (compatible; PetalBot;+https://webmaster.petalsearch.com/site/petalbot)"
217.113.194.254 - - [03/Feb/2026:21:47:41 -0800] "GET /tmp/awstats/ssl/awstats112020.temp.ngo.ge.txt HTTP/1.1" 200 6306 "-" "Mozilla/5.0 (compatible; Barkrowler/0.9; +https://babbar.tech/crawler)"
217.113.194.201 - - [03/Feb/2026:21:48:00 -0800] "GET /tmp/awstats/ssl/awstats092025.ertoba.ngo.ge.txt HTTP/1.1" 200 73167 "-" "Mozilla/5.0 (compatible; Barkrowler/0.9; +https://babbar.tech/crawler)"
217.113.194.196 - - [03/Feb/2026:21:48:17 -0800] "GET /tmp/awstats/ssl/awstats112025.test.ngo.ge.txt HTTP/1.1" 200 87293 "-" "Mozilla/5.0 (compatible; Barkrowler/0.9; +https://babbar.tech/crawler)"
217.113.194.201 - - [03/Feb/2026:21:48:38 -0800] "GET /tmp/awstats/ssl/awstats092020.ertoba.ngo.ge.txt HTTP/1.1" 200 5848 "-" "Mozilla/5.0 (compatible; Barkrowler/0.9; +https://babbar.tech/crawler)"
217.113.194.195 - - [03/Feb/2026:21:48:53 -0800] "GET /tmp/awstats/ssl/awstats112025.temp.ngo.ge.txt HTTP/1.1" 200 9528 "-" "Mozilla/5.0 (compatible; Barkrowler/0.9; +https://babbar.tech/crawler)"
217.113.194.194 - - [03/Feb/2026:21:49:15 -0800] "GET /tmp/awstats/ssl/awstats092024.temp.ngo.ge.txt HTTP/1.1" 200 9297 "-" "Mozilla/5.0 (compatible; Barkrowler/0.9; +https://babbar.tech/crawler)"
217.113.194.196 - - [03/Feb/2026:21:49:28 -0800] "GET /tmp/awstats/ssl/awstats112021.test.ngo.ge.txt HTTP/1.1" 200 8321 "-" "Mozilla/5.0 (compatible; Barkrowler/0.9; +https://babbar.tech/crawler)"
114.119.139.207 - - [03/Feb/2026:21:49:49 -0800] "GET /cache/cache_ce7906318db9ae8b7c25a5ef924722fa HTTP/1.1" 200 - "http://test.ngo.ge/cache/" "Mozilla/5.0 (Linux; Android 7.0;) AppleWebKit/537.36 (KHTML, like Gecko) Mobile Safari/537.36 (compatible; PetalBot;+https://webmaster.petalsearch.com/site/petalbot)"
217.113.194.193 - - [03/Feb/2026:21:49:50 -0800] "GET /tmp/awstats/ssl/awstats092024.test.ngo.ge.txt HTTP/1.1" 200 80218 "-" "Mozilla/5.0 (compatible; Barkrowler/0.9; +https://babbar.tech/crawler)"
217.113.194.254 - - [03/Feb/2026:21:50:05 -0800] "GET /tmp/awstats/ssl/awstats102020.test.ngo.ge.txt HTTP/1.1" 200 6106 "-" "Mozilla/5.0 (compatible; Barkrowler/0.9; +https://babbar.tech/crawler)"
217.113.194.254 - - [03/Feb/2026:21:50:25 -0800] "GET /tmp/awstats/ssl/awstats092023.temp.ngo.ge.txt HTTP/1.1" 200 8607 "-" "Mozilla/5.0 (compatible; Barkrowler/0.9; +https://babbar.tech/crawler)"
217.113.194.194 - - [03/Feb/2026:21:50:36 -0800] "GET /tmp/awstats/ssl/awstats102025.test.ngo.ge.txt HTTP/1.1" 200 93772 "-" "Mozilla/5.0 (compatible; Barkrowler/0.9; +https://babbar.tech/crawler)"
217.113.194.200 - - [03/Feb/2026:21:51:04 -0800] "GET /tmp/awstats/ssl/awstats092023.test.ngo.ge.txt HTTP/1.1" 200 56475 "-" "Mozilla/5.0 (compatible; Barkrowler/0.9; +https://babbar.tech/crawler)"
217.113.194.199 - - [03/Feb/2026:21:51:16 -0800] "GET /tmp/awstats/ssl/awstats102025.temp.ngo.ge.txt HTTP/1.1" 200 8990 "-" "Mozilla/5.0 (compatible; Barkrowler/0.9; +https://babbar.tech/crawler)"
217.113.194.241 - - [03/Feb/2026:21:51:38 -0800] "GET /tmp/awstats/ssl/awstats092022.temp.ngo.ge.txt HTTP/1.1" 200 8525 "-" "Mozilla/5.0 (compatible; Barkrowler/0.9; +https://babbar.tech/crawler)"
217.113.194.240 - - [03/Feb/2026:21:51:52 -0800] "GET /tmp/awstats/ssl/awstats102021.test.ngo.ge.txt HTTP/1.1" 200 7510 "-" "Mozilla/5.0 (compatible; Barkrowler/0.9; +https://babbar.tech/crawler)"
114.119.153.97 - - [03/Feb/2026:21:51:53 -0800] "GET /cache/cache_a09c183b37c9a84490da95390733d80e HTTP/1.1" 200 - "http://test.ngo.ge/cache/" "Mozilla/5.0 (Linux; Android 7.0;) AppleWebKit/537.36 (KHTML, like Gecko) Mobile Safari/537.36 (compatible; PetalBot;+https://webmaster.petalsearch.com/site/petalbot)"
217.113.194.199 - - [03/Feb/2026:21:52:12 -0800] "GET /tmp/awstats/ssl/awstats092022.test.ngo.ge.txt HTTP/1.1" 200 11417 "-" "Mozilla/5.0 (compatible; Barkrowler/0.9; +https://babbar.tech/crawler)"
217.113.194.200 - - [03/Feb/2026:21:52:23 -0800] "GET /tmp/awstats/ssl/awstats072025.test.ngo.ge.txt HTTP/1.1" 200 95113 "-" "Mozilla/5.0 (compatible; Barkrowler/0.9; +https://babbar.tech/crawler)"
217.113.194.197 - - [03/Feb/2026:21:52:51 -0800] "GET /tmp/awstats/ssl/awstats092021.temp.ngo.ge.txt HTTP/1.1" 200 7581 "-" "Mozilla/5.0 (compatible; Barkrowler/0.9; +https://babbar.tech/crawler)"
154.54.249.214 - - [03/Feb/2026:21:53:03 -0800] "GET /tmp/awstats/ssl/awstats072020.test.ngo.ge.txt HTTP/1.1" 200 6277 "-" "Mozilla/5.0 (compatible; Barkrowler/0.9; +https://babbar.tech/crawler)"
217.113.194.196 - - [03/Feb/2026:21:53:23 -0800] "GET /tmp/awstats/ssl/awstats092021.test.ngo.ge.txt HTTP/1.1" 200 7399 "-" "Mozilla/5.0 (compatible; Barkrowler/0.9; +https://babbar.tech/crawler)"
217.113.194.201 - - [03/Feb/2026:21:53:35 -0800] "GET /tmp/awstats/ssl/awstats062025.test.ngo.ge.txt HTTP/1.1" 200 83251 "-" "Mozilla/5.0 (compatible; Barkrowler/0.9; +https://babbar.tech/crawler)"
114.119.149.232 - - [03/Feb/2026:21:53:59 -0800] "GET /cache/cache_73e9a9b917d586ad32ebbd11161b92e6 HTTP/1.1" 200 - "http://test.ngo.ge/cache/" "Mozilla/5.0 (Linux; Android 7.0;) AppleWebKit/537.36 (KHTML, like Gecko) Mobile Safari/537.36 (compatible; PetalBot;+https://webmaster.petalsearch.com/site/petalbot)"
217.113.194.194 - - [03/Feb/2026:21:54:02 -0800] "GET /tmp/awstats/ssl/awstats092021.ertoba.ngo.ge.txt HTTP/1.1" 200 7639 "-" "Mozilla/5.0 (compatible; Barkrowler/0.9; +https://babbar.tech/crawler)"
217.113.194.254 - - [03/Feb/2026:21:54:14 -0800] "GET /tmp/awstats/ssl/awstats092025.test.ngo.ge.txt HTTP/1.1" 200 108229 "-" "Mozilla/5.0 (compatible; Barkrowler/0.9; +https://babbar.tech/crawler)"
217.113.194.240 - - [03/Feb/2026:21:54:37 -0800] "GET /tmp/awstats/ssl/awstats082025.temp.ngo.ge.txt HTTP/1.1" 200 8242 "-" "Mozilla/5.0 (compatible; Barkrowler/0.9; +https://babbar.tech/crawler)"
154.54.249.214 - - [03/Feb/2026:21:54:57 -0800] "GET /tmp/awstats/ssl/awstats092020.test.ngo.ge.txt HTTP/1.1" 200 5846 "-" "Mozilla/5.0 (compatible; Barkrowler/0.9; +https://babbar.tech/crawler)"
217.113.194.197 - - [03/Feb/2026:21:55:23 -0800] "GET /tmp/awstats/ssl/awstats082025.test.ngo.ge.txt HTTP/1.1" 200 77782 "-" "Mozilla/5.0 (compatible; Barkrowler/0.9; +https://babbar.tech/crawler)"
217.113.194.196 - - [03/Feb/2026:21:55:40 -0800] "GET /tmp/awstats/ssl/awstats082020.test.ngo.ge.txt HTTP/1.1" 200 11657 "-" "Mozilla/5.0 (compatible; Barkrowler/0.9; +https://babbar.tech/crawler)"
217.113.194.195 - - [03/Feb/2026:21:56:07 -0800] "GET /tmp/awstats/ssl/awstats082025.ertoba.ngo.ge.txt HTTP/1.1" 200 57232 "-" "Mozilla/5.0 (compatible; Barkrowler/0.9; +https://babbar.tech/crawler)"
114.119.141.100 - - [03/Feb/2026:21:56:11 -0800] "GET /cache/cache_26bc22926debfad0fe5282210e5894a7 HTTP/1.1" 200 - "http://test.ngo.ge/cache/" "Mozilla/5.0 (Linux; Android 7.0;) AppleWebKit/537.36 (KHTML, like Gecko) Mobile Safari/537.36 (compatible; PetalBot;+https://webmaster.petalsearch.com/site/petalbot)"
217.113.194.199 - - [03/Feb/2026:21:56:19 -0800] "GET /tmp/awstats/ssl/awstats042025.test.ngo.ge.txt HTTP/1.1" 200 89734 "-" "Mozilla/5.0 (compatible; Barkrowler/0.9; +https://babbar.tech/crawler)"
217.113.194.201 - - [03/Feb/2026:21:56:50 -0800] "GET /tmp/awstats/ssl/awstats082023.test.ngo.ge.txt HTTP/1.1" 200 24528 "-" "Mozilla/5.0 (compatible; Barkrowler/0.9; +https://babbar.tech/crawler)"
217.113.194.240 - - [03/Feb/2026:21:57:06 -0800] "GET /tmp/awstats/ssl/awstats042020.test.ngo.ge.txt HTTP/1.1" 200 6427 "-" "Mozilla/5.0 (compatible; Barkrowler/0.9; +https://babbar.tech/crawler)"
217.113.194.196 - - [03/Feb/2026:21:57:33 -0800] "GET /tmp/awstats/ssl/awstats082023.temp.ngo.ge.txt HTTP/1.1" 200 9508 "-" "Mozilla/5.0 (compatible; Barkrowler/0.9; +https://babbar.tech/crawler)"
217.113.194.241 - - [03/Feb/2026:21:57:44 -0800] "GET /tmp/awstats/ssl/awstats122020.test.ngo.ge.txt HTTP/1.1" 200 10995 "-" "Mozilla/5.0 (compatible; Barkrowler/0.9; +https://babbar.tech/crawler)"
154.54.249.214 - - [03/Feb/2026:21:58:01 -0800] "GET /tmp/awstats/ssl/awstats082022.test.ngo.ge.txt HTTP/1.1" 200 24626 "-" "Mozilla/5.0 (compatible; Barkrowler/0.9; +https://babbar.tech/crawler)"
217.113.194.198 - - [03/Feb/2026:21:58:13 -0800] "GET /tmp/awstats/ssl/awstats122025.test.ngo.ge.txt HTTP/1.1" 200 113079 "-" "Mozilla/5.0 (compatible; Barkrowler/0.9; +https://babbar.tech/crawler)"
217.113.194.192 - - [03/Feb/2026:21:58:38 -0800] "GET /tmp/awstats/ssl/awstats082022.temp.ngo.ge.txt HTTP/1.1" 200 7579 "-" "Mozilla/5.0 (compatible; Barkrowler/0.9; +https://babbar.tech/crawler)"
217.113.194.192 - - [03/Feb/2026:21:58:49 -0800] "GET /robots.txt HTTP/1.1" 404 - "-" "Mozilla/5.0 (compatible; Barkrowler/0.9; +https://babbar.tech/crawler)"
23.247.136.254 - - [03/Feb/2026:21:59:01 -0800] "GET /tmp/webalizer/usage_202402.html HTTP/1.0" 200 114924 "https://seo-creative.ru/" "Mozilla/5.0 (Windows NT 10.0; Win64; x64) AppleWebKit/537.36 (KHTML, like Gecko) Chrome/131.0.0.0 Safari/537.36"
217.113.194.240 - - [03/Feb/2026:21:59:06 -0800] "GET /tmp/awstats/ssl/awstats082021.ertoba.ngo.ge.txt HTTP/1.1" 200 7561 "-" "Mozilla/5.0 (compatible; Barkrowler/0.9; +https://babbar.tech/crawler)"
154.54.249.214 - - [03/Feb/2026:21:59:21 -0800] "GET /tmp/awstats/ssl/awstats122025.temp.ngo.ge.txt HTTP/1.1" 200 12036 "-" "Mozilla/5.0 (compatible; Barkrowler/0.9; +https://babbar.tech/crawler)"
138.91.159.185 - - [03/Feb/2026:21:59:25 -0800] "GET /tmp/webalizer/usage_202402.html HTTP/1.1" 200 114924 "https://seo-creative.ru/" "Mozilla/5.0 (Windows NT 10.0; Win64; x64) AppleWebKit/537.36 (KHTML, like Gecko) Chrome/129.0.0.0 Safari/537.36"
133.18.234.13 - - [03/Feb/2026:21:59:34 -0800] "GET http://www.test.ngo.ge/tmp/webalizer/usage_202402.html HTTP/1.0" 200 114924 "https://seo-creative.ru/" "Mozilla/5.0 (Windows NT 10.0; Win64; x64) AppleWebKit/537.36 (KHTML, like Gecko) Chrome/131.0.0.0 Safari/537.36"
217.113.194.254 - - [03/Feb/2026:21:59:38 -0800] "GET /tmp/awstats/ssl/awstats082021.temp.ngo.ge.txt HTTP/1.1" 200 7814 "-" "Mozilla/5.0 (compatible; Barkrowler/0.9; +https://babbar.tech/crawler)"
217.113.194.196 - - [03/Feb/2026:21:59:51 -0800] "GET /tmp/awstats/ssl/awstats122021.test.ngo.ge.txt HTTP/1.1" 200 7377 "-" "Mozilla/5.0 (compatible; Barkrowler/0.9; +https://babbar.tech/crawler)"
217.113.194.199 - - [03/Feb/2026:22:00:22 -0800] "GET /tmp/awstats/ssl/awstats082021.test.ngo.ge.txt HTTP/1.1" 200 8261 "-" "Mozilla/5.0 (compatible; Barkrowler/0.9; +https://babbar.tech/crawler)"
