217.113.194.197 - - [03/Feb/2026:20:05:45 -0800] "GET /tmp/awstats/awstats052020.test.ngo.ge.txt HTTP/1.1" 200 6535 "-" "Mozilla/5.0 (compatible; Barkrowler/0.9; +https://babbar.tech/crawler)"
217.113.194.199 - - [03/Feb/2026:20:06:08 -0800] "GET /tmp/awstats/awstats062024.ertoba.ngo.ge.txt HTTP/1.1" 200 71190 "-" "Mozilla/5.0 (compatible; Barkrowler/0.9; +https://babbar.tech/crawler)"
217.113.194.254 - - [03/Feb/2026:20:06:21 -0800] "GET /tmp/awstats/awstats052020.ertoba.ngo.ge.txt HTTP/1.1" 200 6865 "-" "Mozilla/5.0 (compatible; Barkrowler/0.9; +https://babbar.tech/crawler)"
217.113.194.197 - - [03/Feb/2026:20:06:35 -0800] "GET /tmp/awstats/awstats062015.ertoba.ngo.ge.txt HTTP/1.1" 200 6076 "-" "Mozilla/5.0 (compatible; Barkrowler/0.9; +https://babbar.tech/crawler)"
217.113.194.192 - - [03/Feb/2026:20:06:46 -0800] "GET /tmp/awstats/awstats052020.temp.ngo.ge.txt HTTP/1.1" 200 6759 "-" "Mozilla/5.0 (compatible; Barkrowler/0.9; +https://babbar.tech/crawler)"
217.113.194.194 - - [03/Feb/2026:20:07:02 -0800] "GET /tmp/awstats/awstats062022.test.ngo.ge.txt HTTP/1.1" 200 22333 "-" "Mozilla/5.0 (compatible; Barkrowler/0.9; +https://babbar.tech/crawler)"
217.113.194.254 - - [03/Feb/2026:20:07:13 -0800] "GET /tmp/awstats/awstats052021.temp.ngo.ge.txt HTTP/1.1" 200 8740 "-" "Mozilla/5.0 (compatible; Barkrowler/0.9; +https://babbar.tech/crawler)"
217.113.194.199 - - [03/Feb/2026:20:07:30 -0800] "GET /tmp/awstats/awstats062022.temp.ngo.ge.txt HTTP/1.1" 200 13493 "-" "Mozilla/5.0 (compatible; Barkrowler/0.9; +https://babbar.tech/crawler)"
154.54.249.214 - - [03/Feb/2026:20:07:43 -0800] "GET /tmp/awstats/awstats062018.test.ngo.ge.txt HTTP/1.1" 200 6079 "-" "Mozilla/5.0 (compatible; Barkrowler/0.9; +https://babbar.tech/crawler)"
217.113.194.200 - - [03/Feb/2026:20:08:02 -0800] "GET /tmp/awstats/awstats062023.test.ngo.ge.txt HTTP/1.1" 200 26422 "-" "Mozilla/5.0 (compatible; Barkrowler/0.9; +https://babbar.tech/crawler)"
217.113.194.195 - - [03/Feb/2026:20:08:14 -0800] "GET /tmp/awstats/awstats062024.test.ngo.ge.txt HTTP/1.1" 200 53750 "-" "Mozilla/5.0 (compatible; Barkrowler/0.9; +https://babbar.tech/crawler)"
217.113.194.199 - - [03/Feb/2026:20:08:38 -0800] "GET /tmp/awstats/awstats062023.ertoba.ngo.ge.txt HTTP/1.1" 200 58660 "-" "Mozilla/5.0 (compatible; Barkrowler/0.9; +https://babbar.tech/crawler)"
217.113.194.199 - - [03/Feb/2026:20:08:54 -0800] "GET /tmp/awstats/awstats062025.temp.ngo.ge.txt HTTP/1.1" 200 25417 "-" "Mozilla/5.0 (compatible; Barkrowler/0.9; +https://babbar.tech/crawler)"
217.113.194.240 - - [03/Feb/2026:20:09:32 -0800] "GET /tmp/awstats/awstats062021.ertoba.ngo.ge.txt HTTP/1.1" 200 11376 "-" "Mozilla/5.0 (compatible; Barkrowler/0.9; +https://babbar.tech/crawler)"
217.113.194.194 - - [03/Feb/2026:20:09:45 -0800] "GET /tmp/awstats/awstats062025.test.ngo.ge.txt HTTP/1.1" 200 113213 "-" "Mozilla/5.0 (compatible; Barkrowler/0.9; +https://babbar.tech/crawler)"
217.113.194.240 - - [03/Feb/2026:20:10:10 -0800] "GET /tmp/awstats/awstats032018.ertoba.ngo.ge.txt HTTP/1.1" 200 5933 "-" "Mozilla/5.0 (compatible; Barkrowler/0.9; +https://babbar.tech/crawler)"
114.119.139.207 - - [03/Feb/2026:20:10:10 -0800] "GET /tmp/webalizer/usage_202402.html HTTP/1.1" 200 114924 "http://test.ngo.ge/tmp/analog/ssl/test.ngo.ge/10.html" "Mozilla/5.0 (Linux; Android 7.0;) AppleWebKit/537.36 (KHTML, like Gecko) Mobile Safari/537.36 (compatible; PetalBot;+https://webmaster.petalsearch.com/site/petalbot)"
217.113.194.194 - - [03/Feb/2026:20:10:24 -0800] "GET /tmp/awstats/awstats062025.ertoba.ngo.ge.txt HTTP/1.1" 200 99934 "-" "Mozilla/5.0 (compatible; Barkrowler/0.9; +https://babbar.tech/crawler)"
217.113.194.199 - - [03/Feb/2026:20:11:07 -0800] "GET /tmp/awstats/awstats032016.ertoba.ngo.ge.txt HTTP/1.1" 200 6228 "-" "Mozilla/5.0 (compatible; Barkrowler/0.9; +https://babbar.tech/crawler)"
217.113.194.196 - - [03/Feb/2026:20:11:19 -0800] "GET /tmp/awstats/awstats062020.test.ngo.ge.txt HTTP/1.1" 200 7272 "-" "Mozilla/5.0 (compatible; Barkrowler/0.9; +https://babbar.tech/crawler)"
142.44.225.61 - - [03/Feb/2026:20:11:28 -0800] "GET /tmp/pma_template_compiles_ngoge/twig/bd/bdcaed00c3c6448357c40fef93985bd41f3d4fdb438a8c3ff2a5fbed21d85ced.php HTTP/1.1" 500 - "-" "Mozilla/5.0 (compatible; AhrefsBot/7.0; +http://ahrefs.com/robot/)"
217.113.194.254 - - [03/Feb/2026:20:11:37 -0800] "GET /tmp/awstats/awstats032015.ertoba.ngo.ge.txt HTTP/1.1" 200 5981 "-" "Mozilla/5.0 (compatible; Barkrowler/0.9; +https://babbar.tech/crawler)"
217.113.194.196 - - [03/Feb/2026:20:11:48 -0800] "GET /tmp/awstats/awstats062020.ertoba.ngo.ge.txt HTTP/1.1" 200 11054 "-" "Mozilla/5.0 (compatible; Barkrowler/0.9; +https://babbar.tech/crawler)"
217.113.194.196 - - [03/Feb/2026:20:12:16 -0800] "GET /tmp/awstats/awstats032014.ertoba.ngo.ge.txt HTTP/1.1" 200 5949 "-" "Mozilla/5.0 (compatible; Barkrowler/0.9; +https://babbar.tech/crawler)"
114.119.146.37 - - [03/Feb/2026:20:12:18 -0800] "GET /tmp/webalizer/usage_202309.html?69.63.184.9 HTTP/1.1" 200 135049 "http://test.ngo.ge/tmp/analog/ssl/test.ngo.ge/10.html" "Mozilla/5.0 (Linux; Android 7.0;) AppleWebKit/537.36 (KHTML, like Gecko) Mobile Safari/537.36 (compatible; PetalBot;+https://webmaster.petalsearch.com/site/petalbot)"
217.113.194.199 - - [03/Feb/2026:20:12:27 -0800] "GET /tmp/awstats/awstats062020.temp.ngo.ge.txt HTTP/1.1" 200 6245 "-" "Mozilla/5.0 (compatible; Barkrowler/0.9; +https://babbar.tech/crawler)"
217.113.194.240 - - [03/Feb/2026:20:12:50 -0800] "GET /tmp/awstats/awstats032022.test.ngo.ge.txt HTTP/1.1" 200 9474 "-" "Mozilla/5.0 (compatible; Barkrowler/0.9; +https://babbar.tech/crawler)"
217.113.194.192 - - [03/Feb/2026:20:13:01 -0800] "GET /tmp/awstats/awstats062021.temp.ngo.ge.txt HTTP/1.1" 200 10112 "-" "Mozilla/5.0 (compatible; Barkrowler/0.9; +https://babbar.tech/crawler)"
217.113.194.192 - - [03/Feb/2026:20:13:23 -0800] "GET /tmp/awstats/awstats032022.ertoba.ngo.ge.txt HTTP/1.1" 200 41958 "-" "Mozilla/5.0 (compatible; Barkrowler/0.9; +https://babbar.tech/crawler)"
217.113.194.196 - - [03/Feb/2026:20:13:37 -0800] "GET /tmp/awstats/awstats062021.test.ngo.ge.txt HTTP/1.1" 200 23262 "-" "Mozilla/5.0 (compatible; Barkrowler/0.9; +https://babbar.tech/crawler)"
154.54.249.214 - - [03/Feb/2026:20:13:58 -0800] "GET /tmp/awstats/awstats032022.temp.ngo.ge.txt HTTP/1.1" 200 7955 "-" "Mozilla/5.0 (compatible; Barkrowler/0.9; +https://babbar.tech/crawler)"
217.113.194.240 - - [03/Feb/2026:20:14:10 -0800] "GET /tmp/awstats/awstats032017.test.ngo.ge.txt HTTP/1.1" 200 5951 "-" "Mozilla/5.0 (compatible; Barkrowler/0.9; +https://babbar.tech/crawler)"
114.119.153.97 - - [03/Feb/2026:20:14:26 -0800] "GET /tmp/pma_template_compiles_ngoge/twig/fa/fa249f377795e48c7d92167e29cef2fc31f50401a0bdbc95ddb51c0aec698b9e.php HTTP/1.1" 500 - "http://test.ngo.ge/tmp/pma_template_compiles_ngoge/twig/fa/" "Mozilla/5.0 (Linux; Android 7.0;) AppleWebKit/537.36 (KHTML, like Gecko) Mobile Safari/537.36 (compatible; PetalBot;+https://webmaster.petalsearch.com/site/petalbot)"
217.113.194.192 - - [03/Feb/2026:20:14:36 -0800] "GET /tmp/awstats/awstats032023.test.ngo.ge.txt HTTP/1.1" 200 14675 "-" "Mozilla/5.0 (compatible; Barkrowler/0.9; +https://babbar.tech/crawler)"
217.113.194.240 - - [03/Feb/2026:20:14:48 -0800] "GET /tmp/awstats/awstats032018.test.ngo.ge.txt HTTP/1.1" 200 5953 "-" "Mozilla/5.0 (compatible; Barkrowler/0.9; +https://babbar.tech/crawler)"
217.113.194.200 - - [03/Feb/2026:20:15:09 -0800] "GET /tmp/awstats/awstats032023.ertoba.ngo.ge.txt HTTP/1.1" 200 54233 "-" "Mozilla/5.0 (compatible; Barkrowler/0.9; +https://babbar.tech/crawler)"
217.113.194.201 - - [03/Feb/2026:20:15:22 -0800] "GET /tmp/awstats/awstats032024.test.ngo.ge.txt HTTP/1.1" 200 15929 "-" "Mozilla/5.0 (compatible; Barkrowler/0.9; +https://babbar.tech/crawler)"
217.113.194.241 - - [03/Feb/2026:20:15:43 -0800] "GET /tmp/awstats/awstats032023.temp.ngo.ge.txt HTTP/1.1" 200 9255 "-" "Mozilla/5.0 (compatible; Barkrowler/0.9; +https://babbar.tech/crawler)"
217.113.194.201 - - [03/Feb/2026:20:15:55 -0800] "GET /tmp/awstats/awstats032024.temp.ngo.ge.txt HTTP/1.1" 200 8942 "-" "Mozilla/5.0 (compatible; Barkrowler/0.9; +https://babbar.tech/crawler)"
154.54.249.214 - - [03/Feb/2026:20:16:20 -0800] "GET /tmp/awstats/awstats032009.ertoba.ngo.ge.txt HTTP/1.1" 200 5591 "-" "Mozilla/5.0 (compatible; Barkrowler/0.9; +https://babbar.tech/crawler)"
114.119.131.123 - - [03/Feb/2026:20:16:32 -0800] "GET /tmp/pma_template_compiles_ngoge/twig/f5/f589c1ad0b7292d669068908a26101f0ae7b5db110ba174ebc5492c80bc08508.php HTTP/1.1" 500 - "http://test.ngo.ge/tmp/pma_template_compiles_ngoge/twig/f5/?C=M%3BO%3DA" "Mozilla/5.0 (Linux; Android 7.0;) AppleWebKit/537.36 (KHTML, like Gecko) Mobile Safari/537.36 (compatible; PetalBot;+https://webmaster.petalsearch.com/site/petalbot)"
217.113.194.198 - - [03/Feb/2026:20:16:34 -0800] "GET /tmp/awstats/awstats032025.temp.ngo.ge.txt HTTP/1.1" 200 10836 "-" "Mozilla/5.0 (compatible; Barkrowler/0.9; +https://babbar.tech/crawler)"
217.113.194.197 - - [03/Feb/2026:20:16:56 -0800] "GET /tmp/awstats/awstats032021.ertoba.ngo.ge.txt HTTP/1.1" 200 23118 "-" "Mozilla/5.0 (compatible; Barkrowler/0.9; +https://babbar.tech/crawler)"
217.113.194.196 - - [03/Feb/2026:20:17:09 -0800] "GET /tmp/awstats/awstats032025.test.ngo.ge.txt HTTP/1.1" 200 95833 "-" "Mozilla/5.0 (compatible; Barkrowler/0.9; +https://babbar.tech/crawler)"
217.113.194.199 - - [03/Feb/2026:20:17:33 -0800] "GET /tmp/awstats/awstats082015.ertoba.ngo.ge.txt HTTP/1.1" 200 6399 "-" "Mozilla/5.0 (compatible; Barkrowler/0.9; +https://babbar.tech/crawler)"
217.113.194.195 - - [03/Feb/2026:20:17:46 -0800] "GET /tmp/awstats/awstats032025.ertoba.ngo.ge.txt HTTP/1.1" 200 81077 "-" "Mozilla/5.0 (compatible; Barkrowler/0.9; +https://babbar.tech/crawler)"
217.113.194.194 - - [03/Feb/2026:20:18:07 -0800] "GET /tmp/awstats/awstats082018.ertoba.ngo.ge.txt HTTP/1.1" 200 6064 "-" "Mozilla/5.0 (compatible; Barkrowler/0.9; +https://babbar.tech/crawler)"
217.113.194.240 - - [03/Feb/2026:20:18:19 -0800] "GET /tmp/awstats/awstats032020.test.ngo.ge.txt HTTP/1.1" 200 7339 "-" "Mozilla/5.0 (compatible; Barkrowler/0.9; +https://babbar.tech/crawler)"
114.119.146.37 - - [03/Feb/2026:20:18:38 -0800] "GET /tmp/pma_template_compiles_ngoge/twig/d6/d66c84e71db338af3aae5892c3b61f8d85d8bb63e2040876d5bbb84af484fb41.php HTTP/1.1" 500 - "http://test.ngo.ge/tmp/pma_template_compiles_ngoge/twig/d6/?C=S%3BO%3DA" "Mozilla/5.0 (Linux; Android 7.0;) AppleWebKit/537.36 (KHTML, like Gecko) Mobile Safari/537.36 (compatible; PetalBot;+https://webmaster.petalsearch.com/site/petalbot)"
217.113.194.240 - - [03/Feb/2026:20:18:46 -0800] "GET /tmp/awstats/awstats082016.ertoba.ngo.ge.txt HTTP/1.1" 200 6096 "-" "Mozilla/5.0 (compatible; Barkrowler/0.9; +https://babbar.tech/crawler)"
217.113.194.254 - - [03/Feb/2026:20:18:57 -0800] "GET /tmp/awstats/awstats032020.temp.ngo.ge.txt HTTP/1.1" 200 7376 "-" "Mozilla/5.0 (compatible; Barkrowler/0.9; +https://babbar.tech/crawler)"
217.113.194.240 - - [03/Feb/2026:20:19:16 -0800] "GET /tmp/awstats/awstats082017.ertoba.ngo.ge.txt HTTP/1.1" 200 5991 "-" "Mozilla/5.0 (compatible; Barkrowler/0.9; +https://babbar.tech/crawler)"
217.113.194.201 - - [03/Feb/2026:20:19:28 -0800] "GET /tmp/awstats/awstats032009.test.ngo.ge.txt HTTP/1.1" 200 5796 "-" "Mozilla/5.0 (compatible; Barkrowler/0.9; +https://babbar.tech/crawler)"
45.59.186.60 - - [03/Feb/2026:20:19:40 -0800] "GET http://www.test.ngo.ge/tmp/webalizer/usage_202402.html HTTP/1.0" 200 114924 "https://seo-creative.ru/" "Mozilla/5.0 (Windows NT 10.0; Win64; x64) AppleWebKit/537.36 (KHTML, like Gecko) Chrome/129.0.0.0 Safari/537.36"
154.16.115.97 - - [03/Feb/2026:20:19:45 -0800] "GET /tmp/webalizer/usage_202402.html HTTP/1.1" 200 114924 "https://seo-creative.ru/" "Mozilla/5.0 (Windows NT 10.0; Win64; x64) AppleWebKit/537.36 (KHTML, like Gecko) Chrome/129.0.0.0 Safari/537.36"
45.59.186.60 - - [03/Feb/2026:20:19:48 -0800] "GET http://www.test.ngo.ge/tmp/webalizer/usage_202402.html HTTP/1.0" 200 114924 "https://seo-creative.ru/" "Mozilla/5.0 (Windows NT 10.0; Win64; x64) AppleWebKit/537.36 (KHTML, like Gecko) Chrome/131.0.0.0 Safari/537.36 Avast/131.0.0.0"
217.113.194.199 - - [03/Feb/2026:20:19:50 -0800] "GET /tmp/awstats/awstats082023.ertoba.ngo.ge.txt HTTP/1.1" 200 50765 "-" "Mozilla/5.0 (compatible; Barkrowler/0.9; +https://babbar.tech/crawler)"
217.113.194.254 - - [03/Feb/2026:20:20:02 -0800] "GET /tmp/awstats/awstats032021.temp.ngo.ge.txt HTTP/1.1" 200 21901 "-" "Mozilla/5.0 (compatible; Barkrowler/0.9; +https://babbar.tech/crawler)"
217.113.194.193 - - [03/Feb/2026:20:20:27 -0800] "GET /tmp/awstats/awstats082023.temp.ngo.ge.txt HTTP/1.1" 200 10670 "-" "Mozilla/5.0 (compatible; Barkrowler/0.9; +https://babbar.tech/crawler)"
217.113.194.199 - - [03/Feb/2026:20:20:38 -0800] "GET /tmp/awstats/awstats032021.test.ngo.ge.txt HTTP/1.1" 200 34549 "-" "Mozilla/5.0 (compatible; Barkrowler/0.9; +https://babbar.tech/crawler)"
114.119.131.123 - - [03/Feb/2026:20:20:47 -0800] "GET /tmp/pma_template_compiles_ngoge/twig/a0/a0c00a54b1bb321f799a5f4507a676b317067ae03b1d45bd13363a544ec066b7.php HTTP/1.1" 500 - "http://test.ngo.ge/tmp/pma_template_compiles_ngoge/twig/a0/?C=D%3BO%3DA" "Mozilla/5.0 (Linux; Android 7.0;) AppleWebKit/537.36 (KHTML, like Gecko) Mobile Safari/537.36 (compatible; PetalBot;+https://webmaster.petalsearch.com/site/petalbot)"
217.113.194.240 - - [03/Feb/2026:20:21:20 -0800] "GET /tmp/awstats/awstats082024.test.ngo.ge.txt HTTP/1.1" 200 67617 "-" "Mozilla/5.0 (compatible; Barkrowler/0.9; +https://babbar.tech/crawler)"
109.198.48.245 - - [03/Feb/2026:20:21:23 -0800] "GET /tmp/webalizer/usage_202402.html HTTP/1.1" 200 114924 "http://test.ngo.ge/" "Mozilla/5.0 (Windows NT 10.0; WOW64) AppleWebKit/537.36 (KHTML, like Gecko) Chrome/114.0.0.0 YaBrowser/22.7.0 Yowser/2.5 Safari/537.36"
109.198.48.245 - - [03/Feb/2026:20:21:29 -0800] "GET / HTTP/1.1" 404 - "https://www.google.com/search?q=%3Ca+href%3D%22https://anonymousgunshop.com/%22%3Ehttps://anonymousgunshop.com/%3C%2Fa%3E" "Opera/9.80 buy gun anonymouse (https://anonymousgunshop.com/) (Windows NT 5.1; U; en) Presto/2.10.229 Version/11.60"
109.198.36.219 - - [03/Feb/2026:20:21:30 -0800] "GET / HTTP/1.1" 404 - "https://www.google.com/search?q=%3Ca+href%3D%22https://anonymousgunshop.com/%22%3Ehttps://anonymousgunshop.com/%3C%2Fa%3E" "Opera/9.80 buy gun anonymouse (https://anonymousgunshop.com/) (Windows NT 5.1; U; en) Presto/2.10.229 Version/11.60"
193.8.80.48 - - [03/Feb/2026:20:21:31 -0800] "GET / HTTP/1.1" 404 - "https://www.google.com/search?q=%3Ca+href%3D%22https://anonymousgunshop.com/%22%3Ehttps://anonymousgunshop.com/%3C%2Fa%3E" "Opera/9.80 buy gun anonymouse (https://anonymousgunshop.com/) (Windows NT 5.1; U; en) Presto/2.10.229 Version/11.60"
217.113.194.254 - - [03/Feb/2026:20:21:33 -0800] "GET /tmp/awstats/awstats082018.test.ngo.ge.txt HTTP/1.1" 200 5947 "-" "Mozilla/5.0 (compatible; Barkrowler/0.9; +https://babbar.tech/crawler)"
92.255.35.123 - - [03/Feb/2026:20:21:47 -0800] "GET /tmp/webalizer/usage_202402.html HTTP/1.1" 404 - "http://test.ngo.ge/" "Opera/9.80 buy gun anonymouse (https://anonymousgunshop.com/) (Windows NT 5.1; U; en) Presto/2.10.229 Version/11.60"
109.198.36.219 - - [03/Feb/2026:20:21:48 -0800] "GET /tmp/webalizer/usage_202402.html HTTP/1.1" 404 - "http://test.ngo.ge/" "Opera/9.80 buy gun anonymouse (https://anonymousgunshop.com/) (Windows NT 5.1; U; en) Presto/2.10.229 Version/11.60"
45.94.247.183 - - [03/Feb/2026:20:21:49 -0800] "GET /tmp/webalizer/usage_202402.html HTTP/1.1" 404 - "http://test.ngo.ge/" "Opera/9.80 buy gun anonymouse (https://anonymousgunshop.com/) (Windows NT 5.1; U; en) Presto/2.10.229 Version/11.60"
92.255.35.123 - - [03/Feb/2026:20:21:49 -0800] "GET /tmp/webalizer/usage_202402.html HTTP/1.1" 404 - "http://test.ngo.ge/" "Opera/9.80 buy gun anonymouse (https://anonymousgunshop.com/) (Windows NT 5.1; U; en) Presto/2.10.229 Version/11.60"
217.113.194.199 - - [03/Feb/2026:20:21:59 -0800] "GET /tmp/awstats/awstats082024.ertoba.ngo.ge.txt HTTP/1.1" 200 54648 "-" "Mozilla/5.0 (compatible; Barkrowler/0.9; +https://babbar.tech/crawler)"
217.113.194.197 - - [03/Feb/2026:20:22:12 -0800] "GET /tmp/awstats/awstats082016.test.ngo.ge.txt HTTP/1.1" 200 5819 "-" "Mozilla/5.0 (compatible; Barkrowler/0.9; +https://babbar.tech/crawler)"
217.113.194.201 - - [03/Feb/2026:20:22:30 -0800] "GET /tmp/awstats/awstats082024.temp.ngo.ge.txt HTTP/1.1" 200 10004 "-" "Mozilla/5.0 (compatible; Barkrowler/0.9; +https://babbar.tech/crawler)"
217.113.194.197 - - [03/Feb/2026:20:22:41 -0800] "GET /tmp/awstats/awstats082020.temp.ngo.ge.txt HTTP/1.1" 200 6548 "-" "Mozilla/5.0 (compatible; Barkrowler/0.9; +https://babbar.tech/crawler)"
114.119.139.207 - - [03/Feb/2026:20:22:56 -0800] "GET /tmp/pma_template_compiles_ngoge/twig/8b/8b3d6e41c7dc114088cc4febcf99864574a28c46ce39fd02d9577bec9ce900de.php HTTP/1.1" 500 - "http://test.ngo.ge/tmp/pma_template_compiles_ngoge/twig/8b/?C=D%3BO%3DA" "Mozilla/5.0 (Linux; Android 7.0;) AppleWebKit/537.36 (KHTML, like Gecko) Mobile Safari/537.36 (compatible; PetalBot;+https://webmaster.petalsearch.com/site/petalbot)"
217.113.194.200 - - [03/Feb/2026:20:23:10 -0800] "GET /tmp/awstats/awstats082022.test.ngo.ge.txt HTTP/1.1" 200 27681 "-" "Mozilla/5.0 (compatible; Barkrowler/0.9; +https://babbar.tech/crawler)"
217.113.194.241 - - [03/Feb/2026:20:23:20 -0800] "GET /tmp/awstats/awstats082020.test.ngo.ge.txt HTTP/1.1" 200 14861 "-" "Mozilla/5.0 (compatible; Barkrowler/0.9; +https://babbar.tech/crawler)"
217.113.194.196 - - [03/Feb/2026:20:23:48 -0800] "GET /tmp/awstats/awstats082022.ertoba.ngo.ge.txt HTTP/1.1" 200 61657 "-" "Mozilla/5.0 (compatible; Barkrowler/0.9; +https://babbar.tech/crawler)"
217.113.194.200 - - [03/Feb/2026:20:24:27 -0800] "GET /tmp/awstats/awstats082020.ertoba.ngo.ge.txt HTTP/1.1" 200 11049 "-" "Mozilla/5.0 (compatible; Barkrowler/0.9; +https://babbar.tech/crawler)"
217.113.194.197 - - [03/Feb/2026:20:24:51 -0800] "GET /tmp/awstats/awstats082022.temp.ngo.ge.txt HTTP/1.1" 200 9448 "-" "Mozilla/5.0 (compatible; Barkrowler/0.9; +https://babbar.tech/crawler)"
217.113.194.192 - - [03/Feb/2026:20:25:03 -0800] "GET /tmp/awstats/awstats082021.test.ngo.ge.txt HTTP/1.1" 200 17378 "-" "Mozilla/5.0 (compatible; Barkrowler/0.9; +https://babbar.tech/crawler)"
114.119.131.123 - - [03/Feb/2026:20:25:05 -0800] "GET /tmp/pma_template_compiles_ngoge/twig/8a/8a16ca4dbbd4143d994e5b20d8e1e088f482b5a41bf77d34526b36523fc966d7.php HTTP/1.1" 500 - "http://test.ngo.ge/tmp/pma_template_compiles_ngoge/twig/8a/?C=N%3BO%3DD" "Mozilla/5.0 (Linux; Android 7.0;) AppleWebKit/537.36 (KHTML, like Gecko) Mobile Safari/537.36 (compatible; PetalBot;+https://webmaster.petalsearch.com/site/petalbot)"
217.113.194.254 - - [03/Feb/2026:20:25:25 -0800] "GET /tmp/awstats/awstats082009.ertoba.ngo.ge.txt HTTP/1.1" 200 5591 "-" "Mozilla/5.0 (compatible; Barkrowler/0.9; +https://babbar.tech/crawler)"
217.113.194.200 - - [03/Feb/2026:20:25:36 -0800] "GET /tmp/awstats/awstats082021.temp.ngo.ge.txt HTTP/1.1" 200 8660 "-" "Mozilla/5.0 (compatible; Barkrowler/0.9; +https://babbar.tech/crawler)"
217.113.194.201 - - [03/Feb/2026:20:26:05 -0800] "GET /tmp/awstats/awstats082008.ertoba.ngo.ge.txt HTTP/1.1" 200 5787 "-" "Mozilla/5.0 (compatible; Barkrowler/0.9; +https://babbar.tech/crawler)"
217.113.194.254 - - [03/Feb/2026:20:26:18 -0800] "GET /tmp/awstats/awstats082025.temp.ngo.ge.txt HTTP/1.1" 200 10521 "-" "Mozilla/5.0 (compatible; Barkrowler/0.9; +https://babbar.tech/crawler)"
217.113.194.194 - - [03/Feb/2026:20:26:41 -0800] "GET /tmp/awstats/awstats082021.ertoba.ngo.ge.txt HTTP/1.1" 200 17044 "-" "Mozilla/5.0 (compatible; Barkrowler/0.9; +https://babbar.tech/crawler)"
217.113.194.195 - - [03/Feb/2026:20:26:53 -0800] "GET /tmp/awstats/awstats082025.test.ngo.ge.txt HTTP/1.1" 200 82587 "-" "Mozilla/5.0 (compatible; Barkrowler/0.9; +https://babbar.tech/crawler)"
114.119.133.1 - - [03/Feb/2026:20:27:09 -0800] "GET /tmp/pma_template_compiles_ngoge/twig/5c/5cf13d5a4ba7434d92bc44defee51a93cfbafa0d7984fcb8cbea606d97fe3e1a.php HTTP/1.1" 500 - "http://test.ngo.ge/tmp/pma_template_compiles_ngoge/twig/5c/" "Mozilla/5.0 (Linux; Android 7.0;) AppleWebKit/537.36 (KHTML, like Gecko) Mobile Safari/537.36 (compatible; PetalBot;+https://webmaster.petalsearch.com/site/petalbot)"
217.113.194.197 - - [03/Feb/2026:20:27:21 -0800] "GET /tmp/awstats/awstats082025.ertoba.ngo.ge.txt HTTP/1.1" 200 78214 "-" "Mozilla/5.0 (compatible; Barkrowler/0.9; +https://babbar.tech/crawler)"
217.113.194.194 - - [03/Feb/2026:20:27:38 -0800] "GET /tmp/awstats/ssl/awstats082023.ngo.ge.txt HTTP/1.1" 200 21397 "-" "Mozilla/5.0 (compatible; Barkrowler/0.9; +https://babbar.tech/crawler)"
217.113.194.254 - - [03/Feb/2026:20:28:11 -0800] "GET /cache/cache_ec1123d6fb4f8641f72b12ab6735f885 HTTP/1.1" 200 - "-" "Mozilla/5.0 (compatible; Barkrowler/0.9; +https://babbar.tech/crawler)"
154.54.249.214 - - [03/Feb/2026:20:28:21 -0800] "GET /tmp/awstats/ssl/awstats082022.ngo.ge.txt HTTP/1.1" 200 25411 "-" "Mozilla/5.0 (compatible; Barkrowler/0.9; +https://babbar.tech/crawler)"
217.113.194.199 - - [03/Feb/2026:20:28:42 -0800] "GET /cache/cache_1520c3375c7047b445edbff91af1a012 HTTP/1.1" 200 - "-" "Mozilla/5.0 (compatible; Barkrowler/0.9; +https://babbar.tech/crawler)"
217.113.194.241 - - [03/Feb/2026:20:28:56 -0800] "GET /tmp/awstats/awstats092017.ertoba.ngo.ge.txt HTTP/1.1" 200 6210 "-" "Mozilla/5.0 (compatible; Barkrowler/0.9; +https://babbar.tech/crawler)"
217.113.194.201 - - [03/Feb/2026:20:29:18 -0800] "GET /cache/cache_5937784352f07abc71fdadee96540444 HTTP/1.1" 200 - "-" "Mozilla/5.0 (compatible; Barkrowler/0.9; +https://babbar.tech/crawler)"
217.113.194.192 - - [03/Feb/2026:20:29:31 -0800] "GET /tmp/awstats/awstats092018.ertoba.ngo.ge.txt HTTP/1.1" 200 6028 "-" "Mozilla/5.0 (compatible; Barkrowler/0.9; +https://babbar.tech/crawler)"
217.113.194.199 - - [03/Feb/2026:20:29:58 -0800] "GET /cache/cache_2296b630be47054716cddb323a6639ab HTTP/1.1" 200 - "-" "Mozilla/5.0 (compatible; Barkrowler/0.9; +https://babbar.tech/crawler)"
217.113.194.254 - - [03/Feb/2026:20:30:10 -0800] "GET /tmp/awstats/awstats092016.ertoba.ngo.ge.txt HTTP/1.1" 200 6026 "-" "Mozilla/5.0 (compatible; Barkrowler/0.9; +https://babbar.tech/crawler)"
217.113.194.199 - - [03/Feb/2026:20:30:35 -0800] "GET /tmp/awstats/ssl/awstats012025.test.ngo.ge.txt HTTP/1.1" 200 124906 "-" "Mozilla/5.0 (compatible; Barkrowler/0.9; +https://babbar.tech/crawler)"
217.113.194.197 - - [03/Feb/2026:20:30:53 -0800] "GET /tmp/awstats/awstats092024.ertoba.ngo.ge.txt HTTP/1.1" 200 74810 "-" "Mozilla/5.0 (compatible; Barkrowler/0.9; +https://babbar.tech/crawler)"
217.113.194.199 - - [03/Feb/2026:20:31:17 -0800] "GET /tmp/awstats/ssl/awstats012020.test.ngo.ge.txt HTTP/1.1" 200 6115 "-" "Mozilla/5.0 (compatible; Barkrowler/0.9; +https://babbar.tech/crawler)"
217.113.194.196 - - [03/Feb/2026:20:31:29 -0800] "GET /tmp/awstats/awstats092014.ertoba.ngo.ge.txt HTTP/1.1" 200 6062 "-" "Mozilla/5.0 (compatible; Barkrowler/0.9; +https://babbar.tech/crawler)"
217.113.194.196 - - [03/Feb/2026:20:31:55 -0800] "GET /tmp/awstats/ssl/awstats012020.temp.ngo.ge.txt HTTP/1.1" 200 6098 "-" "Mozilla/5.0 (compatible; Barkrowler/0.9; +https://babbar.tech/crawler)"
217.113.194.195 - - [03/Feb/2026:20:32:05 -0800] "GET /tmp/awstats/awstats092022.test.ngo.ge.txt HTTP/1.1" 200 26738 "-" "Mozilla/5.0 (compatible; Barkrowler/0.9; +https://babbar.tech/crawler)"
217.113.194.192 - - [03/Feb/2026:20:32:30 -0800] "GET /robots.txt HTTP/1.1" 404 - "-" "Mozilla/5.0 (compatible; Barkrowler/0.9; +https://babbar.tech/crawler)"
217.113.194.192 - - [03/Feb/2026:20:32:41 -0800] "GET /tmp/awstats/awstats092022.ertoba.ngo.ge.txt HTTP/1.1" 200 68991 "-" "Mozilla/5.0 (compatible; Barkrowler/0.9; +https://babbar.tech/crawler)"
217.113.194.197 - - [03/Feb/2026:20:33:01 -0800] "GET /tmp/awstats/ssl/awstats012021.test.ngo.ge.txt HTTP/1.1" 200 15248 "-" "Mozilla/5.0 (compatible; Barkrowler/0.9; +https://babbar.tech/crawler)"
217.113.194.199 - - [03/Feb/2026:20:33:12 -0800] "GET /tmp/awstats/awstats092022.temp.ngo.ge.txt HTTP/1.1" 200 9682 "-" "Mozilla/5.0 (compatible; Barkrowler/0.9; +https://babbar.tech/crawler)"
217.113.194.192 - - [03/Feb/2026:20:33:35 -0800] "GET /tmp/awstats/ssl/awstats112020.temp.ngo.ge.txt HTTP/1.1" 200 6306 "-" "Mozilla/5.0 (compatible; Barkrowler/0.9; +https://babbar.tech/crawler)"
217.113.194.197 - - [03/Feb/2026:20:33:46 -0800] "GET /tmp/awstats/awstats092023.test.ngo.ge.txt HTTP/1.1" 200 35756 "-" "Mozilla/5.0 (compatible; Barkrowler/0.9; +https://babbar.tech/crawler)"
217.113.194.195 - - [03/Feb/2026:20:34:05 -0800] "GET /tmp/awstats/ssl/awstats112021.test.ngo.ge.txt HTTP/1.1" 200 8321 "-" "Mozilla/5.0 (compatible; Barkrowler/0.9; +https://babbar.tech/crawler)"
217.113.194.254 - - [03/Feb/2026:20:34:16 -0800] "GET /tmp/awstats/awstats092023.temp.ngo.ge.txt HTTP/1.1" 200 9349 "-" "Mozilla/5.0 (compatible; Barkrowler/0.9; +https://babbar.tech/crawler)"
217.113.194.195 - - [03/Feb/2026:20:34:46 -0800] "GET /tmp/awstats/ssl/awstats102020.temp.ngo.ge.txt HTTP/1.1" 200 6193 "-" "Mozilla/5.0 (compatible; Barkrowler/0.9; +https://babbar.tech/crawler)"
217.113.194.196 - - [03/Feb/2026:20:34:58 -0800] "GET /tmp/awstats/awstats092021.ertoba.ngo.ge.txt HTTP/1.1" 200 17930 "-" "Mozilla/5.0 (compatible; Barkrowler/0.9; +https://babbar.tech/crawler)"
217.113.194.201 - - [03/Feb/2026:20:35:21 -0800] "GET /tmp/awstats/ssl/awstats102020.test.ngo.ge.txt HTTP/1.1" 200 6106 "-" "Mozilla/5.0 (compatible; Barkrowler/0.9; +https://babbar.tech/crawler)"
217.113.194.196 - - [03/Feb/2026:20:35:32 -0800] "GET /tmp/awstats/awstats022018.ertoba.ngo.ge.txt HTTP/1.1" 200 6015 "-" "Mozilla/5.0 (compatible; Barkrowler/0.9; +https://babbar.tech/crawler)"
217.113.194.198 - - [03/Feb/2026:20:35:55 -0800] "GET /tmp/awstats/ssl/awstats102025.test.ngo.ge.txt HTTP/1.1" 200 93772 "-" "Mozilla/5.0 (compatible; Barkrowler/0.9; +https://babbar.tech/crawler)"
217.113.194.194 - - [03/Feb/2026:20:36:09 -0800] "GET /tmp/awstats/awstats022016.ertoba.ngo.ge.txt HTTP/1.1" 200 6033 "-" "Mozilla/5.0 (compatible; Barkrowler/0.9; +https://babbar.tech/crawler)"
217.113.194.195 - - [03/Feb/2026:20:36:31 -0800] "GET /tmp/awstats/ssl/awstats102025.temp.ngo.ge.txt HTTP/1.1" 200 8990 "-" "Mozilla/5.0 (compatible; Barkrowler/0.9; +https://babbar.tech/crawler)"
217.113.194.199 - - [03/Feb/2026:20:36:44 -0800] "GET /tmp/awstats/awstats022024.ertoba.ngo.ge.txt HTTP/1.1" 200 21001 "-" "Mozilla/5.0 (compatible; Barkrowler/0.9; +https://babbar.tech/crawler)"
217.113.194.193 - - [03/Feb/2026:20:37:03 -0800] "GET /tmp/awstats/ssl/awstats102021.test.ngo.ge.txt HTTP/1.1" 200 7510 "-" "Mozilla/5.0 (compatible; Barkrowler/0.9; +https://babbar.tech/crawler)"
154.16.115.97 - - [03/Feb/2026:20:37:04 -0800] "GET /tmp/webalizer/usage_202402.html HTTP/1.1" 200 114924 "https://seo-creative.ru/" "Mozilla/5.0 (Windows NT 10.0; Win64; x64) AppleWebKit/537.36 (KHTML, like Gecko) Chrome/131.0.0.0 Safari/537.36"
217.113.194.254 - - [03/Feb/2026:20:37:16 -0800] "GET /tmp/awstats/awstats022015.ertoba.ngo.ge.txt HTTP/1.1" 200 6043 "-" "Mozilla/5.0 (compatible; Barkrowler/0.9; +https://babbar.tech/crawler)"
159.65.245.255 - - [03/Feb/2026:20:37:17 -0800] "GET /tmp/webalizer/usage_202402.html HTTP/1.1" 200 114924 "https://seo-creative.ru/" "Mozilla/5.0 (Windows NT 10.0; Win64; x64) AppleWebKit/537.36 (KHTML, like Gecko) Chrome/129.0.0.0 Safari/537.36"
23.247.136.254 - - [03/Feb/2026:20:37:20 -0800] "GET /tmp/webalizer/usage_202402.html HTTP/1.0" 200 114924 "https://seo-creative.ru/" "Mozilla/5.0 (Windows NT 10.0; Win64; x64) AppleWebKit/537.36 (KHTML, like Gecko) Chrome/131.0.0.0 Safari/537.36"
217.113.194.241 - - [03/Feb/2026:20:37:37 -0800] "GET /tmp/awstats/ssl/awstats072025.test.ngo.ge.txt HTTP/1.1" 200 95113 "-" "Mozilla/5.0 (compatible; Barkrowler/0.9; +https://babbar.tech/crawler)"
217.113.194.194 - - [03/Feb/2026:20:37:51 -0800] "GET /tmp/awstats/awstats022014.ertoba.ngo.ge.txt HTTP/1.1" 200 6004 "-" "Mozilla/5.0 (compatible; Barkrowler/0.9; +https://babbar.tech/crawler)"
217.113.194.194 - - [03/Feb/2026:20:38:09 -0800] "GET /tmp/awstats/ssl/awstats072020.test.ngo.ge.txt HTTP/1.1" 200 6277 "-" "Mozilla/5.0 (compatible; Barkrowler/0.9; +https://babbar.tech/crawler)"
217.113.194.192 - - [03/Feb/2026:20:38:20 -0800] "GET /tmp/awstats/awstats022022.test.ngo.ge.txt HTTP/1.1" 200 12264 "-" "Mozilla/5.0 (compatible; Barkrowler/0.9; +https://babbar.tech/crawler)"
217.113.194.254 - - [03/Feb/2026:20:38:56 -0800] "GET /tmp/awstats/ssl/awstats062025.test.ngo.ge.txt HTTP/1.1" 200 83251 "-" "Mozilla/5.0 (compatible; Barkrowler/0.9; +https://babbar.tech/crawler)"
217.113.194.200 - - [03/Feb/2026:20:39:10 -0800] "GET /tmp/awstats/awstats022022.ertoba.ngo.ge.txt HTTP/1.1" 200 49557 "-" "Mozilla/5.0 (compatible; Barkrowler/0.9; +https://babbar.tech/crawler)"
217.113.194.200 - - [03/Feb/2026:20:39:36 -0800] "GET /tmp/awstats/ssl/awstats062020.test.ngo.ge.txt HTTP/1.1" 200 6259 "-" "Mozilla/5.0 (compatible; Barkrowler/0.9; +https://babbar.tech/crawler)"
217.113.194.195 - - [03/Feb/2026:20:39:48 -0800] "GET /tmp/awstats/awstats022022.temp.ngo.ge.txt HTTP/1.1" 200 7487 "-" "Mozilla/5.0 (compatible; Barkrowler/0.9; +https://babbar.tech/crawler)"
114.119.149.232 - - [03/Feb/2026:20:39:50 -0800] "GET /tmp/pma_template_compiles_ngoge/twig/8e/8ec5048e7feeccefd65464003738a593aed33cf423b10b4b55c9415b6d4b611e.php HTTP/1.1" 500 - "http://test.ngo.ge/tmp/pma_template_compiles_ngoge/twig/8e/?C=D%3BO%3DD" "Mozilla/5.0 (Linux; Android 7.0;) AppleWebKit/537.36 (KHTML, like Gecko) Mobile Safari/537.36 (compatible; PetalBot;+https://webmaster.petalsearch.com/site/petalbot)"
217.113.194.200 - - [03/Feb/2026:20:40:10 -0800] "GET /tmp/awstats/ssl/awstats092025.test.ngo.ge.txt HTTP/1.1" 200 108229 "-" "Mozilla/5.0 (compatible; Barkrowler/0.9; +https://babbar.tech/crawler)"
217.113.194.241 - - [03/Feb/2026:20:40:27 -0800] "GET /tmp/awstats/awstats022023.test.ngo.ge.txt HTTP/1.1" 200 17502 "-" "Mozilla/5.0 (compatible; Barkrowler/0.9; +https://babbar.tech/crawler)"
217.113.194.241 - - [03/Feb/2026:20:40:53 -0800] "GET /tmp/awstats/ssl/awstats092020.test.ngo.ge.txt HTTP/1.1" 200 5846 "-" "Mozilla/5.0 (compatible; Barkrowler/0.9; +https://babbar.tech/crawler)"
217.113.194.200 - - [03/Feb/2026:20:41:07 -0800] "GET /tmp/awstats/awstats022023.ertoba.ngo.ge.txt HTTP/1.1" 200 61597 "-" "Mozilla/5.0 (compatible; Barkrowler/0.9; +https://babbar.tech/crawler)"
217.113.194.240 - - [03/Feb/2026:20:41:27 -0800] "GET /tmp/awstats/ssl/awstats082020.test.ngo.ge.txt HTTP/1.1" 200 11657 "-" "Mozilla/5.0 (compatible; Barkrowler/0.9; +https://babbar.tech/crawler)"
217.113.194.201 - - [03/Feb/2026:20:41:40 -0800] "GET /tmp/awstats/awstats022008.ertoba.ngo.ge.txt HTTP/1.1" 200 5822 "-" "Mozilla/5.0 (compatible; Barkrowler/0.9; +https://babbar.tech/crawler)"
114.119.133.1 - - [03/Feb/2026:20:41:58 -0800] "GET /tmp/pma_template_compiles_ngoge/twig/04/04f617c84de56ef48df693c57ec993a7c1a630be263e93859f1fe622faaa55c0.php HTTP/1.1" 500 - "http://test.ngo.ge/tmp/pma_template_compiles_ngoge/twig/04/?C=N%3BO%3DD" "Mozilla/5.0 (Linux; Android 7.0;) AppleWebKit/537.36 (KHTML, like Gecko) Mobile Safari/537.36 (compatible; PetalBot;+https://webmaster.petalsearch.com/site/petalbot)"
217.113.194.198 - - [03/Feb/2026:20:42:02 -0800] "GET /tmp/awstats/ssl/awstats042025.test.ngo.ge.txt HTTP/1.1" 200 89734 "-" "Mozilla/5.0 (compatible; Barkrowler/0.9; +https://babbar.tech/crawler)"
217.113.194.197 - - [03/Feb/2026:20:42:15 -0800] "GET /tmp/awstats/awstats022021.ertoba.ngo.ge.txt HTTP/1.1" 200 6799 "-" "Mozilla/5.0 (compatible; Barkrowler/0.9; +https://babbar.tech/crawler)"
217.113.194.195 - - [03/Feb/2026:20:42:38 -0800] "GET /tmp/awstats/ssl/awstats042020.test.ngo.ge.txt HTTP/1.1" 200 6427 "-" "Mozilla/5.0 (compatible; Barkrowler/0.9; +https://babbar.tech/crawler)"
217.113.194.200 - - [03/Feb/2026:20:42:49 -0800] "GET /tmp/awstats/awstats012019.test.ngo.ge.txt HTTP/1.1" 200 5974 "-" "Mozilla/5.0 (compatible; Barkrowler/0.9; +https://babbar.tech/crawler)"
217.113.194.192 - - [03/Feb/2026:20:43:11 -0800] "GET /tmp/awstats/ssl/awstats122020.temp.ngo.ge.txt HTTP/1.1" 200 6432 "-" "Mozilla/5.0 (compatible; Barkrowler/0.9; +https://babbar.tech/crawler)"
217.113.194.241 - - [03/Feb/2026:20:43:23 -0800] "GET /tmp/awstats/awstats012022.ertoba.ngo.ge.txt HTTP/1.1" 200 15945 "-" "Mozilla/5.0 (compatible; Barkrowler/0.9; +https://babbar.tech/crawler)"
217.113.194.195 - - [03/Feb/2026:20:43:55 -0800] "GET /tmp/awstats/ssl/awstats122020.test.ngo.ge.txt HTTP/1.1" 200 10995 "-" "Mozilla/5.0 (compatible; Barkrowler/0.9; +https://babbar.tech/crawler)"
114.119.141.100 - - [03/Feb/2026:20:44:05 -0800] "GET /tmp/analog/test.ngo.ge/12.html HTTP/1.1" 200 1298345 "http://test.ngo.ge/tmp/analog/test.ngo.ge/12.html" "Mozilla/5.0 (Linux; Android 7.0;) AppleWebKit/537.36 (KHTML, like Gecko) Mobile Safari/537.36 (compatible; PetalBot;+https://webmaster.petalsearch.com/site/petalbot)"
217.113.194.192 - - [03/Feb/2026:20:44:06 -0800] "GET /tmp/awstats/awstats012026.ertoba.ngo.ge.txt HTTP/1.1" 200 149090 "-" "Mozilla/5.0 (compatible; Barkrowler/0.9; +https://babbar.tech/crawler)"
217.113.194.196 - - [03/Feb/2026:20:44:32 -0800] "GET /tmp/awstats/ssl/awstats122025.test.ngo.ge.txt HTTP/1.1" 200 113079 "-" "Mozilla/5.0 (compatible; Barkrowler/0.9; +https://babbar.tech/crawler)"
217.113.194.199 - - [03/Feb/2026:20:44:48 -0800] "GET /tmp/awstats/awstats012008.ertoba.ngo.ge.txt HTTP/1.1" 200 6651 "-" "Mozilla/5.0 (compatible; Barkrowler/0.9; +https://babbar.tech/crawler)"
217.113.194.198 - - [03/Feb/2026:20:45:11 -0800] "GET /tmp/awstats/ssl/awstats122025.temp.ngo.ge.txt HTTP/1.1" 200 12036 "-" "Mozilla/5.0 (compatible; Barkrowler/0.9; +https://babbar.tech/crawler)"
217.113.194.201 - - [03/Feb/2026:20:45:21 -0800] "GET /tmp/awstats/awstats012024.ertoba.ngo.ge.txt HTTP/1.1" 200 49592 "-" "Mozilla/5.0 (compatible; Barkrowler/0.9; +https://babbar.tech/crawler)"
217.113.194.198 - - [03/Feb/2026:20:45:44 -0800] "GET /tmp/awstats/ssl/awstats122021.test.ngo.ge.txt HTTP/1.1" 200 7377 "-" "Mozilla/5.0 (compatible; Barkrowler/0.9; +https://babbar.tech/crawler)"
217.113.194.195 - - [03/Feb/2026:20:45:57 -0800] "GET /tmp/awstats/awstats012015.ertoba.ngo.ge.txt HTTP/1.1" 200 6061 "-" "Mozilla/5.0 (compatible; Barkrowler/0.9; +https://babbar.tech/crawler)"
114.119.146.37 - - [03/Feb/2026:20:46:13 -0800] "GET /tmp/analog/temp.ngo.ge/cache HTTP/1.1" 200 561550 "http://test.ngo.ge/tmp/analog/temp.ngo.ge/?C=S%3BO%3DD" "Mozilla/5.0 (Linux; Android 7.0;) AppleWebKit/537.36 (KHTML, like Gecko) Mobile Safari/537.36 (compatible; PetalBot;+https://webmaster.petalsearch.com/site/petalbot)"
217.113.194.197 - - [03/Feb/2026:20:46:19 -0800] "GET /tmp/awstats/ssl/awstats022025.test.ngo.ge.txt HTTP/1.1" 200 87993 "-" "Mozilla/5.0 (compatible; Barkrowler/0.9; +https://babbar.tech/crawler)"
217.113.194.197 - - [03/Feb/2026:20:46:32 -0800] "GET /tmp/awstats/awstats112019.ertoba.ngo.ge.txt HTTP/1.1" 200 10061 "-" "Mozilla/5.0 (compatible; Barkrowler/0.9; +https://babbar.tech/crawler)"
217.113.194.199 - - [03/Feb/2026:20:46:54 -0800] "GET /tmp/awstats/ssl/awstats022020.test.ngo.ge.txt HTTP/1.1" 200 6180 "-" "Mozilla/5.0 (compatible; Barkrowler/0.9; +https://babbar.tech/crawler)"
217.113.194.199 - - [03/Feb/2026:20:47:08 -0800] "GET /tmp/awstats/awstats112010.ertoba.ngo.ge.txt HTTP/1.1" 200 5699 "-" "Mozilla/5.0 (compatible; Barkrowler/0.9; +https://babbar.tech/crawler)"
217.113.194.193 - - [03/Feb/2026:20:47:31 -0800] "GET /tmp/awstats/ssl/awstats052025.test.ngo.ge.txt HTTP/1.1" 200 101709 "-" "Mozilla/5.0 (compatible; Barkrowler/0.9; +https://babbar.tech/crawler)"
217.113.194.192 - - [03/Feb/2026:20:47:46 -0800] "GET /tmp/awstats/awstats112019.test.ngo.ge.txt HTTP/1.1" 200 6024 "-" "Mozilla/5.0 (compatible; Barkrowler/0.9; +https://babbar.tech/crawler)"
154.54.249.214 - - [03/Feb/2026:20:48:08 -0800] "GET /tmp/awstats/ssl/awstats052020.test.ngo.ge.txt HTTP/1.1" 200 6294 "-" "Mozilla/5.0 (compatible; Barkrowler/0.9; +https://babbar.tech/crawler)"
217.113.194.200 - - [03/Feb/2026:20:48:19 -0800] "GET /tmp/awstats/awstats112022.ertoba.ngo.ge.txt HTTP/1.1" 200 58587 "-" "Mozilla/5.0 (compatible; Barkrowler/0.9; +https://babbar.tech/crawler)"
114.119.137.237 - - [03/Feb/2026:20:48:23 -0800] "GET /tmp/analog/ssl/temp.ngo.ge/6.html HTTP/1.1" 200 65904 "http://test.ngo.ge/tmp/analog/ssl/temp.ngo.ge/6.html" "Mozilla/5.0 (Linux; Android 7.0;) AppleWebKit/537.36 (KHTML, like Gecko) Mobile Safari/537.36 (compatible; PetalBot;+https://webmaster.petalsearch.com/site/petalbot)"
217.113.194.193 - - [03/Feb/2026:20:48:39 -0800] "GET /tmp/awstats/ssl/awstats032025.test.ngo.ge.txt HTTP/1.1" 200 55268 "-" "Mozilla/5.0 (compatible; Barkrowler/0.9; +https://babbar.tech/crawler)"
217.113.194.199 - - [03/Feb/2026:20:48:51 -0800] "GET /tmp/awstats/awstats112023.ertoba.ngo.ge.txt HTTP/1.1" 200 46351 "-" "Mozilla/5.0 (compatible; Barkrowler/0.9; +https://babbar.tech/crawler)"
217.113.194.201 - - [03/Feb/2026:20:49:19 -0800] "GET /tmp/awstats/ssl/awstats032020.test.ngo.ge.txt HTTP/1.1" 200 6311 "-" "Mozilla/5.0 (compatible; Barkrowler/0.9; +https://babbar.tech/crawler)"
217.113.194.199 - - [03/Feb/2026:20:49:32 -0800] "GET /tmp/awstats/awstats112009.ertoba.ngo.ge.txt HTTP/1.1" 200 5591 "-" "Mozilla/5.0 (compatible; Barkrowler/0.9; +https://babbar.tech/crawler)"
217.113.194.240 - - [03/Feb/2026:20:49:49 -0800] "GET /tmp/awstats/awstats092019.ertoba.ngo.ge.txt HTTP/1.1" 200 5976 "-" "Mozilla/5.0 (compatible; Barkrowler/0.9; +https://babbar.tech/crawler)"
217.113.194.199 - - [03/Feb/2026:20:50:03 -0800] "GET /tmp/awstats/awstats112008.ertoba.ngo.ge.txt HTTP/1.1" 200 5591 "-" "Mozilla/5.0 (compatible; Barkrowler/0.9; +https://babbar.tech/crawler)"
217.113.194.196 - - [03/Feb/2026:20:50:22 -0800] "GET /tmp/awstats/awstats022019.ertoba.ngo.ge.txt HTTP/1.1" 200 5847 "-" "Mozilla/5.0 (compatible; Barkrowler/0.9; +https://babbar.tech/crawler)"
114.119.146.37 - - [03/Feb/2026:20:50:29 -0800] "GET /ssl/keys/cda32_9fa21_b6d8cebb0b0bf24ccb00eced002ad314.key HTTP/1.1" 404 - "http://test.ngo.ge/ssl/keys/?C=M%3BO%3DD" "Mozilla/5.0 (Linux; Android 7.0;) AppleWebKit/537.36 (KHTML, like Gecko) Mobile Safari/537.36 (compatible; PetalBot;+https://webmaster.petalsearch.com/site/petalbot)"
217.113.194.198 - - [03/Feb/2026:20:50:34 -0800] "GET /tmp/awstats/awstats112024.ertoba.ngo.ge.txt HTTP/1.1" 200 61330 "-" "Mozilla/5.0 (compatible; Barkrowler/0.9; +https://babbar.tech/crawler)"
154.54.249.214 - - [03/Feb/2026:20:50:59 -0800] "GET /tmp/awstats/awstats022019.test.ngo.ge.txt HTTP/1.1" 200 6057 "-" "Mozilla/5.0 (compatible; Barkrowler/0.9; +https://babbar.tech/crawler)"
154.54.249.214 - - [03/Feb/2026:20:51:09 -0800] "GET /tmp/awstats/awstats072017.ertoba.ngo.ge.txt HTTP/1.1" 200 6022 "-" "Mozilla/5.0 (compatible; Barkrowler/0.9; +https://babbar.tech/crawler)"
217.113.194.194 - - [03/Feb/2026:20:51:29 -0800] "GET /tmp/awstats/awstats012019.ertoba.ngo.ge.txt HTTP/1.1" 200 5988 "-" "Mozilla/5.0 (compatible; Barkrowler/0.9; +https://babbar.tech/crawler)"
217.113.194.193 - - [03/Feb/2026:20:51:40 -0800] "GET /tmp/awstats/awstats072018.ertoba.ngo.ge.txt HTTP/1.1" 200 5976 "-" "Mozilla/5.0 (compatible; Barkrowler/0.9; +https://babbar.tech/crawler)"
217.113.194.201 - - [03/Feb/2026:20:52:06 -0800] "GET /tmp/awstats/awstats072019.ertoba.ngo.ge.txt HTTP/1.1" 200 5951 "-" "Mozilla/5.0 (compatible; Barkrowler/0.9; +https://babbar.tech/crawler)"
217.113.194.240 - - [03/Feb/2026:20:52:16 -0800] "GET /tmp/awstats/awstats072016.ertoba.ngo.ge.txt HTTP/1.1" 200 6084 "-" "Mozilla/5.0 (compatible; Barkrowler/0.9; +https://babbar.tech/crawler)"
154.54.249.214 - - [03/Feb/2026:20:52:38 -0800] "GET /tmp/awstats/awstats072010.ertoba.ngo.ge.txt HTTP/1.1" 200 5591 "-" "Mozilla/5.0 (compatible; Barkrowler/0.9; +https://babbar.tech/crawler)"
217.113.194.241 - - [03/Feb/2026:20:52:50 -0800] "GET /tmp/awstats/awstats072024.ertoba.ngo.ge.txt HTTP/1.1" 200 57807 "-" "Mozilla/5.0 (compatible; Barkrowler/0.9; +https://babbar.tech/crawler)"
217.113.194.240 - - [03/Feb/2026:20:53:12 -0800] "GET /tmp/awstats/awstats072019.test.ngo.ge.txt HTTP/1.1" 200 5981 "-" "Mozilla/5.0 (compatible; Barkrowler/0.9; +https://babbar.tech/crawler)"
217.113.194.192 - - [03/Feb/2026:20:53:23 -0800] "GET /tmp/awstats/awstats072015.ertoba.ngo.ge.txt HTTP/1.1" 200 6045 "-" "Mozilla/5.0 (compatible; Barkrowler/0.9; +https://babbar.tech/crawler)"
217.113.194.200 - - [03/Feb/2026:20:53:44 -0800] "GET /tmp/awstats/awstats042019.ertoba.ngo.ge.txt HTTP/1.1" 200 5900 "-" "Mozilla/5.0 (compatible; Barkrowler/0.9; +https://babbar.tech/crawler)"
217.113.194.201 - - [03/Feb/2026:20:53:57 -0800] "GET /tmp/awstats/awstats072014.ertoba.ngo.ge.txt HTTP/1.1" 200 5952 "-" "Mozilla/5.0 (compatible; Barkrowler/0.9; +https://babbar.tech/crawler)"
104.210.140.142 - - [03/Feb/2026:20:54:11 -0800] "GET /robots.txt HTTP/1.1" 404 - "-" "Mozilla/5.0 (Macintosh; Intel Mac OS X 10_15_7) AppleWebKit/537.36 (KHTML, like Gecko) Chrome/131.0.0.0 Safari/537.36; compatible; OAI-SearchBot/1.0; +https://openai.com/searchbot"
217.113.194.254 - - [03/Feb/2026:20:54:22 -0800] "GET /tmp/awstats/awstats042010.ertoba.ngo.ge.txt HTTP/1.1" 200 5591 "-" "Mozilla/5.0 (compatible; Barkrowler/0.9; +https://babbar.tech/crawler)"
154.16.115.97 - - [03/Feb/2026:20:54:27 -0800] "GET /tmp/webalizer/usage_202402.html HTTP/1.1" 200 114924 "https://seo-creative.ru/" "Mozilla/5.0 (Windows NT 10.0; Win64; x64) AppleWebKit/537.36 (KHTML, like Gecko) Chrome/130.0.0.0 Safari/537.36"
217.113.194.254 - - [03/Feb/2026:20:54:32 -0800] "GET /tmp/awstats/awstats072022.test.ngo.ge.txt HTTP/1.1" 200 32647 "-" "Mozilla/5.0 (compatible; Barkrowler/0.9; +https://babbar.tech/crawler)"
101.132.222.120 - - [03/Feb/2026:20:54:32 -0800] "GET /tmp/webalizer/usage_202402.html HTTP/1.0" 200 114924 "https://seo-creative.ru/" "Mozilla/5.0 (Windows NT 10.0; Win64; x64) AppleWebKit/537.36 (KHTML, like Gecko) Chrome/130.0.0.0 Safari/537.36 CCleaner/130.0.0.0"
101.132.222.120 - - [03/Feb/2026:20:54:39 -0800] "GET /tmp/webalizer/usage_202402.html HTTP/1.0" 200 114924 "https://seo-creative.ru/" "Mozilla/5.0 (Windows NT 10.0; Win64; x64) AppleWebKit/537.36 (KHTML, like Gecko) Chrome/129.0.0.0 Safari/537.36"
142.44.225.33 - - [03/Feb/2026:20:54:50 -0800] "GET /robots.txt HTTP/1.1" 404 - "-" "Mozilla/5.0 (compatible; AhrefsBot/7.0; +http://ahrefs.com/robot/)"
148.113.128.162 - - [03/Feb/2026:20:54:53 -0800] "GET /tmp/awstats/ssl/?C=N;O=D HTTP/1.1" 200 60379 "-" "Mozilla/5.0 (compatible; AhrefsBot/7.0; +http://ahrefs.com/robot/)"
217.113.194.241 - - [03/Feb/2026:20:54:57 -0800] "GET /tmp/awstats/awstats042019.test.ngo.ge.txt HTTP/1.1" 200 5807 "-" "Mozilla/5.0 (compatible; Barkrowler/0.9; +https://babbar.tech/crawler)"
217.113.194.240 - - [03/Feb/2026:20:55:07 -0800] "GET /tmp/awstats/awstats072022.ertoba.ngo.ge.txt HTTP/1.1" 200 78747 "-" "Mozilla/5.0 (compatible; Barkrowler/0.9; +https://babbar.tech/crawler)"
217.113.194.198 - - [03/Feb/2026:20:55:29 -0800] "GET /tmp/awstats/awstats042011.ertoba.ngo.ge.txt HTTP/1.1" 200 5799 "-" "Mozilla/5.0 (compatible; Barkrowler/0.9; +https://babbar.tech/crawler)"
217.113.194.200 - - [03/Feb/2026:20:55:41 -0800] "GET /tmp/awstats/awstats072022.temp.ngo.ge.txt HTTP/1.1" 200 11699 "-" "Mozilla/5.0 (compatible; Barkrowler/0.9; +https://babbar.tech/crawler)"
217.113.194.240 - - [03/Feb/2026:20:56:04 -0800] "GET /tmp/awstats/awstats122019.temp.ngo.ge.txt HTTP/1.1" 200 6055 "-" "Mozilla/5.0 (compatible; Barkrowler/0.9; +https://babbar.tech/crawler)"
217.113.194.254 - - [03/Feb/2026:20:56:15 -0800] "GET /tmp/awstats/awstats072023.ertoba.ngo.ge.txt HTTP/1.1" 200 48137 "-" "Mozilla/5.0 (compatible; Barkrowler/0.9; +https://babbar.tech/crawler)"
217.113.194.201 - - [03/Feb/2026:20:56:36 -0800] "GET /tmp/awstats/awstats052019.ertoba.ngo.ge.txt HTTP/1.1" 200 6267 "-" "Mozilla/5.0 (compatible; Barkrowler/0.9; +https://babbar.tech/crawler)"
217.113.194.198 - - [03/Feb/2026:20:56:48 -0800] "GET /tmp/awstats/awstats072023.temp.ngo.ge.txt HTTP/1.1" 200 10178 "-" "Mozilla/5.0 (compatible; Barkrowler/0.9; +https://babbar.tech/crawler)"
114.119.146.37 - - [03/Feb/2026:20:56:51 -0800] "GET /mail/new/1475619301.H525470P32217.peshe.info-tbilisi.com,S=1569 HTTP/1.1" 200 1569 "http://test.ngo.ge/mail/new" "Mozilla/5.0 (Linux; Android 7.0;) AppleWebKit/537.36 (KHTML, like Gecko) Mobile Safari/537.36 (compatible; PetalBot;+https://webmaster.petalsearch.com/site/petalbot)"
217.113.194.197 - - [03/Feb/2026:20:57:11 -0800] "GET /tmp/awstats/awstats052019.test.ngo.ge.txt HTTP/1.1" 200 5807 "-" "Mozilla/5.0 (compatible; Barkrowler/0.9; +https://babbar.tech/crawler)"
217.113.194.201 - - [03/Feb/2026:20:57:23 -0800] "GET /tmp/awstats/awstats072021.ertoba.ngo.ge.txt HTTP/1.1" 200 7856 "-" "Mozilla/5.0 (compatible; Barkrowler/0.9; +https://babbar.tech/crawler)"
217.113.194.196 - - [03/Feb/2026:20:57:41 -0800] "GET /tmp/awstats/awstats062019.ertoba.ngo.ge.txt HTTP/1.1" 200 10063 "-" "Mozilla/5.0 (compatible; Barkrowler/0.9; +https://babbar.tech/crawler)"
217.113.194.254 - - [03/Feb/2026:20:57:52 -0800] "GET /tmp/awstats/awstats042017.ertoba.ngo.ge.txt HTTP/1.1" 200 6053 "-" "Mozilla/5.0 (compatible; Barkrowler/0.9; +https://babbar.tech/crawler)"
217.113.194.197 - - [03/Feb/2026:20:58:12 -0800] "GET /tmp/awstats/awstats062019.test.ngo.ge.txt HTTP/1.1" 200 5838 "-" "Mozilla/5.0 (compatible; Barkrowler/0.9; +https://babbar.tech/crawler)"
169.224.13.51 - - [03/Feb/2026:20:58:22 -0800] "GET http://test.ngo.ge/cgi-bin HTTP/1.1" 301 235 "http://test.ngo.ge/" "Mozilla/5.0 (Macintosh; Intel Mac OS X 10_15_7) AppleWebKit/605.1.15 (KHTML, like Gecko) Version/18.4 Safari/605.1.15"
217.113.194.196 - - [03/Feb/2026:20:58:23 -0800] "GET /tmp/awstats/awstats042018.ertoba.ngo.ge.txt HTTP/1.1" 200 6061 "-" "Mozilla/5.0 (compatible; Barkrowler/0.9; +https://babbar.tech/crawler)"
102.141.54.180 - - [03/Feb/2026:20:58:25 -0800] "GET http://test.ngo.ge/cgi-bin/ HTTP/1.1" 404 - "http://test.ngo.ge/" "Mozilla/5.0 (Macintosh; Intel Mac OS X 10_15_7) AppleWebKit/605.1.15 (KHTML, like Gecko) Version/18.4 Safari/605.1.15"
217.113.194.200 - - [03/Feb/2026:20:58:43 -0800] "GET /tmp/awstats/awstats032019.ertoba.ngo.ge.txt HTTP/1.1" 200 5992 "-" "Mozilla/5.0 (compatible; Barkrowler/0.9; +https://babbar.tech/crawler)"
217.113.194.201 - - [03/Feb/2026:20:58:55 -0800] "GET /tmp/awstats/awstats042016.ertoba.ngo.ge.txt HTTP/1.1" 200 6035 "-" "Mozilla/5.0 (compatible; Barkrowler/0.9; +https://babbar.tech/crawler)"
217.113.194.194 - - [03/Feb/2026:20:59:17 -0800] "GET /tmp/awstats/awstats032010.ertoba.ngo.ge.txt HTTP/1.1" 200 5591 "-" "Mozilla/5.0 (compatible; Barkrowler/0.9; +https://babbar.tech/crawler)"
154.54.249.214 - - [03/Feb/2026:20:59:28 -0800] "GET /tmp/awstats/awstats042013.ertoba.ngo.ge.txt HTTP/1.1" 200 5958 "-" "Mozilla/5.0 (compatible; Barkrowler/0.9; +https://babbar.tech/crawler)"
154.54.249.214 - - [03/Feb/2026:20:59:48 -0800] "GET /tmp/awstats/awstats032019.test.ngo.ge.txt HTTP/1.1" 200 6048 "-" "Mozilla/5.0 (compatible; Barkrowler/0.9; +https://babbar.tech/crawler)"
217.113.194.200 - - [03/Feb/2026:20:59:59 -0800] "GET /tmp/awstats/awstats042015.ertoba.ngo.ge.txt HTTP/1.1" 200 6360 "-" "Mozilla/5.0 (compatible; Barkrowler/0.9; +https://babbar.tech/crawler)"
217.113.194.196 - - [03/Feb/2026:21:00:20 -0800] "GET /tmp/awstats/awstats082019.test.ngo.ge.txt HTTP/1.1" 200 5838 "-" "Mozilla/5.0 (compatible; Barkrowler/0.9; +https://babbar.tech/crawler)"
217.113.194.240 - - [03/Feb/2026:21:00:32 -0800] "GET /tmp/awstats/awstats042022.test.ngo.ge.txt HTTP/1.1" 200 35167 "-" "Mozilla/5.0 (compatible; Barkrowler/0.9; +https://babbar.tech/crawler)"
217.113.194.196 - - [03/Feb/2026:21:00:57 -0800] "GET /tmp/awstats/awstats082019.ertoba.ngo.ge.txt HTTP/1.1" 200 10279 "-" "Mozilla/5.0 (compatible; Barkrowler/0.9; +https://babbar.tech/crawler)"
114.119.139.207 - - [03/Feb/2026:21:01:03 -0800] "GET /tmp/pma_template_compiles_ngoge/twig/a9/a9b6a3e19deb8ba56bb9e579d92aa9c24a6d83a831796e4dd2e9e7af5c51474e.php HTTP/1.1" 500 - "http://test.ngo.ge/tmp/pma_template_compiles_ngoge/twig/a9/?C=N%3BO%3DD" "Mozilla/5.0 (Linux; Android 7.0;) AppleWebKit/537.36 (KHTML, like Gecko) Mobile Safari/537.36 (compatible; PetalBot;+https://webmaster.petalsearch.com/site/petalbot)"
217.113.194.196 - - [03/Feb/2026:21:01:08 -0800] "GET /tmp/awstats/awstats042022.ertoba.ngo.ge.txt HTTP/1.1" 200 56648 "-" "Mozilla/5.0 (compatible; Barkrowler/0.9; +https://babbar.tech/crawler)"
217.113.194.201 - - [03/Feb/2026:21:01:33 -0800] "GET /tmp/awstats/awstats082010.ertoba.ngo.ge.txt HTTP/1.1" 200 5591 "-" "Mozilla/5.0 (compatible; Barkrowler/0.9; +https://babbar.tech/crawler)"
154.54.249.214 - - [03/Feb/2026:21:01:44 -0800] "GET /tmp/awstats/awstats042022.temp.ngo.ge.txt HTTP/1.1" 200 10945 "-" "Mozilla/5.0 (compatible; Barkrowler/0.9; +https://babbar.tech/crawler)"
217.113.194.200 - - [03/Feb/2026:21:02:04 -0800] "GET /cache/cache_ebbf919971cb994633a5297812bf60ba HTTP/1.1" 200 - "-" "Mozilla/5.0 (compatible; Barkrowler/0.9; +https://babbar.tech/crawler)"
217.113.194.192 - - [03/Feb/2026:21:02:16 -0800] "GET /tmp/awstats/awstats042023.test.ngo.ge.txt HTTP/1.1" 200 23369 "-" "Mozilla/5.0 (compatible; Barkrowler/0.9; +https://babbar.tech/crawler)"
217.113.194.197 - - [03/Feb/2026:21:02:44 -0800] "GET /cache/cache_e9d61fa588781945cada97b8350dd160 HTTP/1.1" 200 - "-" "Mozilla/5.0 (compatible; Barkrowler/0.9; +https://babbar.tech/crawler)"
217.113.194.240 - - [03/Feb/2026:21:02:54 -0800] "GET /tmp/awstats/awstats042023.ertoba.ngo.ge.txt HTTP/1.1" 200 51025 "-" "Mozilla/5.0 (compatible; Barkrowler/0.9; +https://babbar.tech/crawler)"
114.119.131.123 - - [03/Feb/2026:21:03:15 -0800] "GET /mail/new/1475619241.H356576P32093.peshe.info-tbilisi.com,S=1569 HTTP/1.1" 200 1569 "http://test.ngo.ge/mail/new" "Mozilla/5.0 (Linux; Android 7.0;) AppleWebKit/537.36 (KHTML, like Gecko) Mobile Safari/537.36 (compatible; PetalBot;+https://webmaster.petalsearch.com/site/petalbot)"
