20.110.243.199 - - [08/Feb/2026:20:29:02 -0800] "GET /wp-class.php HTTP/1.1" 404 16 "-" "-"
20.110.243.199 - - [08/Feb/2026:20:29:02 -0800] "GET /f.php HTTP/1.1" 404 16 "-" "-"
20.110.243.199 - - [08/Feb/2026:20:29:02 -0800] "GET /new.php HTTP/1.1" 404 16 "-" "-"
20.110.243.199 - - [08/Feb/2026:20:29:02 -0800] "GET /content.php HTTP/1.1" 404 16 "-" "-"
20.110.243.199 - - [08/Feb/2026:20:29:02 -0800] "GET /file.php HTTP/1.1" 404 16 "-" "-"
20.110.243.199 - - [08/Feb/2026:20:29:02 -0800] "GET /tinyfilemanager.php HTTP/1.1" 404 16 "-" "-"
20.110.243.199 - - [08/Feb/2026:20:29:02 -0800] "GET /wp-mail.php HTTP/1.1" 404 16 "-" "-"
20.110.243.199 - - [08/Feb/2026:20:29:02 -0800] "GET /dropdown.php HTTP/1.1" 404 16 "-" "-"
20.110.243.199 - - [08/Feb/2026:20:29:02 -0800] "GET /as.php HTTP/1.1" 404 16 "-" "-"
20.110.243.199 - - [08/Feb/2026:20:29:03 -0800] "GET /simple.php HTTP/1.1" 404 16 "-" "-"
20.110.243.199 - - [08/Feb/2026:20:29:03 -0800] "GET /network.php HTTP/1.1" 404 16 "-" "-"
20.110.243.199 - - [08/Feb/2026:20:29:03 -0800] "GET /c.php HTTP/1.1" 404 16 "-" "-"
20.110.243.199 - - [08/Feb/2026:20:29:03 -0800] "GET /radio.php HTTP/1.1" 404 16 "-" "-"
20.110.243.199 - - [08/Feb/2026:20:29:03 -0800] "GET /a.php HTTP/1.1" 404 16 "-" "-"
20.110.243.199 - - [08/Feb/2026:20:29:03 -0800] "GET /system.php HTTP/1.1" 404 16 "-" "-"
20.110.243.199 - - [08/Feb/2026:20:29:03 -0800] "GET /dialog.php HTTP/1.1" 404 16 "-" "-"
20.110.243.199 - - [08/Feb/2026:20:29:03 -0800] "GET /info.php HTTP/1.1" 404 16 "-" "-"
20.110.243.199 - - [08/Feb/2026:20:29:03 -0800] "GET /makeasmtp.php HTTP/1.1" 404 16 "-" "-"
20.110.243.199 - - [08/Feb/2026:20:29:03 -0800] "GET /class.php HTTP/1.1" 404 16 "-" "-"
20.110.243.199 - - [08/Feb/2026:20:29:03 -0800] "GET /item.php HTTP/1.1" 404 16 "-" "-"
20.110.243.199 - - [08/Feb/2026:20:29:04 -0800] "GET /about.php HTTP/1.1" 404 16 "-" "-"
20.110.243.199 - - [08/Feb/2026:20:29:04 -0800] "GET /mar.php HTTP/1.1" 404 16 "-" "-"
20.110.243.199 - - [08/Feb/2026:20:29:04 -0800] "GET /db.php HTTP/1.1" 404 16 "-" "-"
20.110.243.199 - - [08/Feb/2026:20:29:04 -0800] "GET /k.php HTTP/1.1" 404 16 "-" "-"
20.110.243.199 - - [08/Feb/2026:20:29:04 -0800] "GET /log.php HTTP/1.1" 404 16 "-" "-"
20.110.243.199 - - [08/Feb/2026:20:29:04 -0800] "GET /app/webroot/filemanager.php HTTP/1.1" 404 - "-" "-"
20.110.243.199 - - [08/Feb/2026:20:29:04 -0800] "GET /autoload_classmap.php HTTP/1.1" 404 16 "-" "-"
20.110.243.199 - - [08/Feb/2026:20:29:04 -0800] "GET /wp-login.php HTTP/1.1" 404 16 "-" "-"
20.110.243.199 - - [08/Feb/2026:20:29:04 -0800] "GET /function.php HTTP/1.1" 404 16 "-" "-"
20.110.243.199 - - [08/Feb/2026:20:29:04 -0800] "GET /edit.php HTTP/1.1" 404 16 "-" "-"
20.110.243.199 - - [08/Feb/2026:20:29:04 -0800] "GET /mah.php HTTP/1.1" 404 16 "-" "-"
20.110.243.199 - - [08/Feb/2026:20:29:04 -0800] "GET /atomlib.php HTTP/1.1" 404 16 "-" "-"
20.110.243.199 - - [08/Feb/2026:20:29:04 -0800] "GET /ty.php HTTP/1.1" 404 16 "-" "-"
20.110.243.199 - - [08/Feb/2026:20:29:04 -0800] "GET /filemanager.php HTTP/1.1" 404 16 "-" "-"
20.110.243.199 - - [08/Feb/2026:20:29:05 -0800] "GET /configs.php HTTP/1.1" 404 16 "-" "-"
20.110.243.199 - - [08/Feb/2026:20:29:05 -0800] "GET /wp-trackback.php HTTP/1.1" 404 16 "-" "-"
20.110.243.199 - - [08/Feb/2026:20:29:05 -0800] "GET /cloud.php HTTP/1.1" 404 16 "-" "-"
20.110.243.199 - - [08/Feb/2026:20:29:05 -0800] "GET /about.php7 HTTP/1.1" 404 16 "-" "-"
20.110.243.199 - - [08/Feb/2026:20:29:05 -0800] "GET /wp.php HTTP/1.1" 404 16 "-" "-"
20.110.243.199 - - [08/Feb/2026:20:29:05 -0800] "GET /click.php HTTP/1.1" 404 16 "-" "-"
20.110.243.199 - - [08/Feb/2026:20:29:05 -0800] "GET /text.php HTTP/1.1" 404 16 "-" "-"
20.110.243.199 - - [08/Feb/2026:20:29:05 -0800] "GET /moon.php HTTP/1.1" 404 16 "-" "-"
114.119.149.232 - - [08/Feb/2026:20:31:06 -0800] "GET /tmp/webalizer/ctry_usage_202306.png HTTP/1.1" 200 3919 "http://test.ngo.ge/tmp/webalizer/usage_202306.html" "Mozilla/5.0 (Linux; Android 7.0;) AppleWebKit/537.36 (KHTML, like Gecko) Mobile Safari/537.36 (compatible; PetalBot;+https://webmaster.petalsearch.com/site/petalbot)"
114.119.146.37 - - [08/Feb/2026:20:34:04 -0800] "GET /tmp/pma_template_compiles_ngoge/twig/89/892c4fcf5bae8cb47d03cafd383a133ffc56c6b3fdac685cd31c607dc0d457bb.php HTTP/1.1" 500 - "http://test.ngo.ge/tmp/pma_template_compiles_ngoge/twig/89/?C=S%3BO%3DA" "Mozilla/5.0 (Linux; Android 7.0;) AppleWebKit/537.36 (KHTML, like Gecko) Mobile Safari/537.36 (compatible; PetalBot;+https://webmaster.petalsearch.com/site/petalbot)"
20.48.253.154 - - [08/Feb/2026:20:36:49 -0800] "GET /wp-content/plugins/hellopress/wp_filemanager.php HTTP/1.1" 404 - "-" "-"
20.48.253.154 - - [08/Feb/2026:20:36:49 -0800] "GET /ak.php HTTP/1.1" 404 16 "-" "-"
114.119.139.207 - - [08/Feb/2026:20:37:06 -0800] "GET /tmp/pma_template_compiles_ngoge/twig/27/27e888edec0ea4f9022cf1eaabffaac454a519b499ed4e58c7bd3dc997fd3fa6.php HTTP/1.1" 500 - "http://test.ngo.ge/tmp/pma_template_compiles_ngoge/twig/27/?C=S%3BO%3DA" "Mozilla/5.0 (Linux; Android 7.0;) AppleWebKit/537.36 (KHTML, like Gecko) Mobile Safari/537.36 (compatible; PetalBot;+https://webmaster.petalsearch.com/site/petalbot)"
114.119.146.37 - - [08/Feb/2026:20:40:00 -0800] "GET /tmp/analog/test.ngo.ge/6.html HTTP/1.1" 200 986287 "https://www.ertoba.ngo.ge/tmp/analog/test.ngo.ge/11.html" "Mozilla/5.0 (Linux; Android 7.0;) AppleWebKit/537.36 (KHTML, like Gecko) Mobile Safari/537.36 (compatible; PetalBot;+https://webmaster.petalsearch.com/site/petalbot)"
109.107.186.56 - - [08/Feb/2026:20:40:09 -0800] "GET http://www.test.ngo.ge/tmp/webalizer/usage_202402.html HTTP/1.0" 200 114924 "https://seo-creative.ru/" "Mozilla/5.0 (Windows NT 10.0; Win64; x64) AppleWebKit/537.36 (KHTML, like Gecko) Chrome/131.0.0.0 Safari/537.36 Avast/131.0.0.0"
109.107.186.56 - - [08/Feb/2026:20:40:12 -0800] "GET /tmp/webalizer/usage_202402.html HTTP/1.0" 200 114924 "https://seo-creative.ru/" "Mozilla/5.0 (Windows NT 10.0; Win64; x64) AppleWebKit/537.36 (KHTML, like Gecko) Chrome/130.0.0.0 Safari/537.36 CCleaner/130.0.0.0"
109.107.186.56 - - [08/Feb/2026:20:40:15 -0800] "GET /tmp/webalizer/usage_202402.html HTTP/1.0" 200 114924 "https://seo-creative.ru/" "Mozilla/5.0 (Windows NT 10.0; Win64; x64) AppleWebKit/537.36 (KHTML, like Gecko) Chrome/131.0.0.0 Safari/537.36"
114.119.146.37 - - [08/Feb/2026:20:42:58 -0800] "GET /tmp/analog/temp.ngo.ge/cache HTTP/1.1" 200 563672 "http://test.ngo.ge/tmp/analog/temp.ngo.ge/?C=S%3BO%3DD" "Mozilla/5.0 (Linux; Android 7.0;) AppleWebKit/537.36 (KHTML, like Gecko) Mobile Safari/537.36 (compatible; PetalBot;+https://webmaster.petalsearch.com/site/petalbot)"
114.119.133.1 - - [08/Feb/2026:20:45:57 -0800] "GET /tmp/analog/temp.ngo.ge/1.html HTTP/1.1" 200 72403 "http://test.ngo.ge/tmp/analog/temp.ngo.ge/1.html" "Mozilla/5.0 (Linux; Android 7.0;) AppleWebKit/537.36 (KHTML, like Gecko) Mobile Safari/537.36 (compatible; PetalBot;+https://webmaster.petalsearch.com/site/petalbot)"
114.119.149.232 - - [08/Feb/2026:20:48:53 -0800] "GET /tmp/analog/ertoba.ngo.ge/cache HTTP/1.1" 200 6789487 "http://test.ngo.ge/tmp/analog/ertoba.ngo.ge/?C=M%3BO%3DD" "Mozilla/5.0 (Linux; Android 7.0;) AppleWebKit/537.36 (KHTML, like Gecko) Mobile Safari/537.36 (compatible; PetalBot;+https://webmaster.petalsearch.com/site/petalbot)"
114.119.141.100 - - [08/Feb/2026:20:51:50 -0800] "GET /mail/new/1475619182.H174952P31884.peshe.info-tbilisi.com,S=1569 HTTP/1.1" 200 1569 "http://test.ngo.ge/mail/new" "Mozilla/5.0 (Linux; Android 7.0;) AppleWebKit/537.36 (KHTML, like Gecko) Mobile Safari/537.36 (compatible; PetalBot;+https://webmaster.petalsearch.com/site/petalbot)"
114.119.141.100 - - [08/Feb/2026:20:54:47 -0800] "GET /mail/new/1475617981.H623457P27903.peshe.info-tbilisi.com,S=1569 HTTP/1.1" 200 1569 "http://test.ngo.ge/mail/new" "Mozilla/5.0 (Linux; Android 7.0;) AppleWebKit/537.36 (KHTML, like Gecko) Mobile Safari/537.36 (compatible; PetalBot;+https://webmaster.petalsearch.com/site/petalbot)"
192.73.244.36 - - [08/Feb/2026:20:57:39 -0800] "GET /tmp/webalizer/usage_202402.html HTTP/1.1" 200 114924 "https://seo-creative.ru/" "Mozilla/5.0 (Windows NT 10.0; Win64; x64) AppleWebKit/537.36 (KHTML, like Gecko) Chrome/131.0.0.0 Safari/537.36 Avast/131.0.0.0"
114.119.133.1 - - [08/Feb/2026:20:57:46 -0800] "GET /mail/new/1475616061.H325372P21353.peshe.info-tbilisi.com,S=1569 HTTP/1.1" 200 1569 "http://test.ngo.ge/mail/new" "Mozilla/5.0 (Linux; Android 7.0;) AppleWebKit/537.36 (KHTML, like Gecko) Mobile Safari/537.36 (compatible; PetalBot;+https://webmaster.petalsearch.com/site/petalbot)"
209.135.168.41 - - [08/Feb/2026:20:57:53 -0800] "GET http://www.test.ngo.ge/tmp/webalizer/usage_202402.html HTTP/1.0" 200 114924 "https://seo-creative.ru/" "Mozilla/5.0 (Windows NT 10.0; Win64; x64) AppleWebKit/537.36 (KHTML, like Gecko) Chrome/131.0.0.0 Safari/537.36 Avast/131.0.0.0"
109.107.186.56 - - [08/Feb/2026:20:58:11 -0800] "GET http://www.test.ngo.ge/tmp/webalizer/usage_202402.html HTTP/1.0" 200 114924 "https://seo-creative.ru/" "Mozilla/5.0 (Windows NT 10.0; Win64; x64) AppleWebKit/537.36 (KHTML, like Gecko) Chrome/130.0.0.0 Safari/537.36 CCleaner/130.0.0.0"
114.119.133.1 - - [08/Feb/2026:21:00:44 -0800] "GET /mail/new/1475615042.H56151P8455.peshe.info-tbilisi.com,S=1569 HTTP/1.1" 200 1569 "http://test.ngo.ge/mail/new" "Mozilla/5.0 (Linux; Android 7.0;) AppleWebKit/537.36 (KHTML, like Gecko) Mobile Safari/537.36 (compatible; PetalBot;+https://webmaster.petalsearch.com/site/petalbot)"
114.119.149.232 - - [08/Feb/2026:21:03:43 -0800] "GET /mail/new/1475614562.H15991P32454.peshe.info-tbilisi.com,S=1569 HTTP/1.1" 200 1569 "http://test.ngo.ge/mail/new" "Mozilla/5.0 (Linux; Android 7.0;) AppleWebKit/537.36 (KHTML, like Gecko) Mobile Safari/537.36 (compatible; PetalBot;+https://webmaster.petalsearch.com/site/petalbot)"
114.119.131.123 - - [08/Feb/2026:21:06:47 -0800] "GET /mail/new/1475612101.H161233P23862.peshe.info-tbilisi.com,S=1569 HTTP/1.1" 200 1569 "http://test.ngo.ge/mail/new" "Mozilla/5.0 (Linux; Android 7.0;) AppleWebKit/537.36 (KHTML, like Gecko) Mobile Safari/537.36 (compatible; PetalBot;+https://webmaster.petalsearch.com/site/petalbot)"
114.119.131.123 - - [08/Feb/2026:21:09:39 -0800] "GET /cache/cache_49b1004ea76e05d7ca0d78296fcae0f5 HTTP/1.1" 200 - "http://test.ngo.ge/cache/" "Mozilla/5.0 (Linux; Android 7.0;) AppleWebKit/537.36 (KHTML, like Gecko) Mobile Safari/537.36 (compatible; PetalBot;+https://webmaster.petalsearch.com/site/petalbot)"
45.59.186.60 - - [08/Feb/2026:21:15:31 -0800] "GET http://www.test.ngo.ge/tmp/webalizer/usage_202402.html HTTP/1.0" 200 114924 "https://seo-creative.ru/" "Mozilla/5.0 (Windows NT 10.0; Win64; x64) AppleWebKit/537.36 (KHTML, like Gecko) Chrome/129.0.0.0 Safari/537.36"
109.107.186.56 - - [08/Feb/2026:21:15:49 -0800] "GET http://www.test.ngo.ge/tmp/webalizer/usage_202402.html HTTP/1.0" 200 114924 "https://seo-creative.ru/" "Mozilla/5.0 (Windows NT 10.0; Win64; x64) AppleWebKit/537.36 (KHTML, like Gecko) Chrome/130.0.0.0 Safari/537.36 CCleaner/130.0.0.0"
109.107.186.56 - - [08/Feb/2026:21:15:52 -0800] "GET /tmp/webalizer/usage_202402.html HTTP/1.0" 200 114924 "https://seo-creative.ru/" "Mozilla/5.0 (Windows NT 10.0; Win64; x64) AppleWebKit/537.36 (KHTML, like Gecko) Chrome/131.0.0.0 Safari/537.36"
154.80.66.62 - - [08/Feb/2026:21:18:11 -0800] "GET http://test.ngo.ge/ssl/keys/c2955_ad175_56c88ba3ebe69f9c7c2f0f989cbc913b.key HTTP/1.1" 404 - "http://test.ngo.ge/" "Mozilla/5.0 (Windows NT 10.0; Win64; x64; rv:137.0) Gecko/20100101 Firefox/137.0"
95.182.125.108 - - [08/Feb/2026:21:23:53 -0800] "GET /tmp/webalizer/usage_202404.html HTTP/1.1" 200 115638 "http://test.ngo.ge/" "Mozilla/5.0 (X11; Ubuntu; Linux x86_64; rv:114.0) Gecko/20100101 Firefox/114.0"
95.182.125.108 - - [08/Feb/2026:21:23:55 -0800] "GET / HTTP/1.1" 404 - "https://www.google.com/search?q=%3Ca+href%3D%22https://soho-catering.ru%22%3E\xd0\xb2\xd0\xb7\xd1\x8f\xd1\x82\xd1\x8c \xd0\xb2 \xd0\xb0\xd1\x80\xd0\xb5\xd0\xbd\xd0\xb4\xd1\x83 \xd1\x85\xd0\xbe\xd0\xbb\xd0\xbe\xd0\xb4\xd0\xb8\xd0\xbb\xd1\x8c\xd0\xbd\xd0\xb8\xd0\xba \xd0\xb4\xd0\xbb\xd1\x8f \xd0\xbd\xd0\xb0\xd0\xbf\xd0\xb8\xd1\x82\xd0\xba\xd0\xbe\xd0\xb2%3C%2Fa%3E" "Mozilla/5.0 \xd0\xb2\xd0\xb7\xd1\x8f\xd1\x82\xd1\x8c \xd0\xb2 \xd0\xb0\xd1\x80\xd0\xb5\xd0\xbd\xd0\xb4\xd1\x83 \xd1\x85\xd0\xbe\xd0\xbb\xd0\xbe\xd0\xb4\xd0\xb8\xd0\xbb\xd1\x8c\xd0\xbd\xd0\xb8\xd0\xba \xd0\xb4\xd0\xbb\xd1\x8f \xd0\xbd\xd0\xb0\xd0\xbf\xd0\xb8\xd1\x82\xd0\xba\xd0\xbe\xd0\xb2 (Windows NT 5.1; U; en) Presto/2.10.229 Version/11.60"
46.8.213.112 - - [08/Feb/2026:21:23:55 -0800] "GET / HTTP/1.1" 404 - "https://www.google.com/search?q=%3Ca+href%3D%22https://soho-catering.ru%22%3E\xd0\xb2\xd0\xb7\xd1\x8f\xd1\x82\xd1\x8c \xd0\xb2 \xd0\xb0\xd1\x80\xd0\xb5\xd0\xbd\xd0\xb4\xd1\x83 \xd1\x85\xd0\xbe\xd0\xbb\xd0\xbe\xd0\xb4\xd0\xb8\xd0\xbb\xd1\x8c\xd0\xbd\xd0\xb8\xd0\xba \xd0\xb4\xd0\xbb\xd1\x8f \xd0\xbd\xd0\xb0\xd0\xbf\xd0\xb8\xd1\x82\xd0\xba\xd0\xbe\xd0\xb2%3C%2Fa%3E" "Mozilla/5.0 \xd0\xb2\xd0\xb7\xd1\x8f\xd1\x82\xd1\x8c \xd0\xb2 \xd0\xb0\xd1\x80\xd0\xb5\xd0\xbd\xd0\xb4\xd1\x83 \xd1\x85\xd0\xbe\xd0\xbb\xd0\xbe\xd0\xb4\xd0\xb8\xd0\xbb\xd1\x8c\xd0\xbd\xd0\xb8\xd0\xba \xd0\xb4\xd0\xbb\xd1\x8f \xd0\xbd\xd0\xb0\xd0\xbf\xd0\xb8\xd1\x82\xd0\xba\xd0\xbe\xd0\xb2 (Windows NT 5.1; U; en) Presto/2.10.229 Version/11.60"
45.134.181.114 - - [08/Feb/2026:21:23:56 -0800] "GET / HTTP/1.1" 404 - "https://www.google.com/search?q=%3Ca+href%3D%22https://soho-catering.ru%22%3E\xd0\xb2\xd0\xb7\xd1\x8f\xd1\x82\xd1\x8c \xd0\xb2 \xd0\xb0\xd1\x80\xd0\xb5\xd0\xbd\xd0\xb4\xd1\x83 \xd1\x85\xd0\xbe\xd0\xbb\xd0\xbe\xd0\xb4\xd0\xb8\xd0\xbb\xd1\x8c\xd0\xbd\xd0\xb8\xd0\xba \xd0\xb4\xd0\xbb\xd1\x8f \xd0\xbd\xd0\xb0\xd0\xbf\xd0\xb8\xd1\x82\xd0\xba\xd0\xbe\xd0\xb2%3C%2Fa%3E" "Mozilla/5.0 \xd0\xb2\xd0\xb7\xd1\x8f\xd1\x82\xd1\x8c \xd0\xb2 \xd0\xb0\xd1\x80\xd0\xb5\xd0\xbd\xd0\xb4\xd1\x83 \xd1\x85\xd0\xbe\xd0\xbb\xd0\xbe\xd0\xb4\xd0\xb8\xd0\xbb\xd1\x8c\xd0\xbd\xd0\xb8\xd0\xba \xd0\xb4\xd0\xbb\xd1\x8f \xd0\xbd\xd0\xb0\xd0\xbf\xd0\xb8\xd1\x82\xd0\xba\xd0\xbe\xd0\xb2 (Windows NT 5.1; U; en) Presto/2.10.229 Version/11.60"
109.248.143.141 - - [08/Feb/2026:21:23:56 -0800] "GET / HTTP/1.1" 404 - "https://www.google.com/search?q=%3Ca+href%3D%22https://soho-catering.ru%22%3E\xd0\xb2\xd0\xb7\xd1\x8f\xd1\x82\xd1\x8c \xd0\xb2 \xd0\xb0\xd1\x80\xd0\xb5\xd0\xbd\xd0\xb4\xd1\x83 \xd1\x85\xd0\xbe\xd0\xbb\xd0\xbe\xd0\xb4\xd0\xb8\xd0\xbb\xd1\x8c\xd0\xbd\xd0\xb8\xd0\xba \xd0\xb4\xd0\xbb\xd1\x8f \xd0\xbd\xd0\xb0\xd0\xbf\xd0\xb8\xd1\x82\xd0\xba\xd0\xbe\xd0\xb2%3C%2Fa%3E" "Mozilla/5.0 \xd0\xb2\xd0\xb7\xd1\x8f\xd1\x82\xd1\x8c \xd0\xb2 \xd0\xb0\xd1\x80\xd0\xb5\xd0\xbd\xd0\xb4\xd1\x83 \xd1\x85\xd0\xbe\xd0\xbb\xd0\xbe\xd0\xb4\xd0\xb8\xd0\xbb\xd1\x8c\xd0\xbd\xd0\xb8\xd0\xba \xd0\xb4\xd0\xbb\xd1\x8f \xd0\xbd\xd0\xb0\xd0\xbf\xd0\xb8\xd1\x82\xd0\xba\xd0\xbe\xd0\xb2 (Windows NT 5.1; U; en) Presto/2.10.229 Version/11.60"
109.248.143.141 - - [08/Feb/2026:21:23:57 -0800] "GET /tmp/webalizer/usage_202404.html HTTP/1.1" 404 - "http://test.ngo.ge/" "Mozilla/5.0 \xd0\xb2\xd0\xb7\xd1\x8f\xd1\x82\xd1\x8c \xd0\xb2 \xd0\xb0\xd1\x80\xd0\xb5\xd0\xbd\xd0\xb4\xd1\x83 \xd1\x85\xd0\xbe\xd0\xbb\xd0\xbe\xd0\xb4\xd0\xb8\xd0\xbb\xd1\x8c\xd0\xbd\xd0\xb8\xd0\xba \xd0\xb4\xd0\xbb\xd1\x8f \xd0\xbd\xd0\xb0\xd0\xbf\xd0\xb8\xd1\x82\xd0\xba\xd0\xbe\xd0\xb2 (Windows NT 5.1; U; en) Presto/2.10.229 Version/11.60"
46.8.193.63 - - [08/Feb/2026:21:23:57 -0800] "GET /tmp/webalizer/usage_202404.html HTTP/1.1" 404 - "http://test.ngo.ge/" "Mozilla/5.0 \xd0\xb2\xd0\xb7\xd1\x8f\xd1\x82\xd1\x8c \xd0\xb2 \xd0\xb0\xd1\x80\xd0\xb5\xd0\xbd\xd0\xb4\xd1\x83 \xd1\x85\xd0\xbe\xd0\xbb\xd0\xbe\xd0\xb4\xd0\xb8\xd0\xbb\xd1\x8c\xd0\xbd\xd0\xb8\xd0\xba \xd0\xb4\xd0\xbb\xd1\x8f \xd0\xbd\xd0\xb0\xd0\xbf\xd0\xb8\xd1\x82\xd0\xba\xd0\xbe\xd0\xb2 (Windows NT 5.1; U; en) Presto/2.10.229 Version/11.60"
194.156.92.173 - - [08/Feb/2026:21:23:58 -0800] "GET /tmp/webalizer/usage_202404.html HTTP/1.1" 404 - "http://test.ngo.ge/" "Mozilla/5.0 \xd0\xb2\xd0\xb7\xd1\x8f\xd1\x82\xd1\x8c \xd0\xb2 \xd0\xb0\xd1\x80\xd0\xb5\xd0\xbd\xd0\xb4\xd1\x83 \xd1\x85\xd0\xbe\xd0\xbb\xd0\xbe\xd0\xb4\xd0\xb8\xd0\xbb\xd1\x8c\xd0\xbd\xd0\xb8\xd0\xba \xd0\xb4\xd0\xbb\xd1\x8f \xd0\xbd\xd0\xb0\xd0\xbf\xd0\xb8\xd1\x82\xd0\xba\xd0\xbe\xd0\xb2 (Windows NT 5.1; U; en) Presto/2.10.229 Version/11.60"
188.130.137.77 - - [08/Feb/2026:21:23:58 -0800] "GET /tmp/webalizer/usage_202404.html HTTP/1.1" 404 - "http://test.ngo.ge/" "Mozilla/5.0 \xd0\xb2\xd0\xb7\xd1\x8f\xd1\x82\xd1\x8c \xd0\xb2 \xd0\xb0\xd1\x80\xd0\xb5\xd0\xbd\xd0\xb4\xd1\x83 \xd1\x85\xd0\xbe\xd0\xbb\xd0\xbe\xd0\xb4\xd0\xb8\xd0\xbb\xd1\x8c\xd0\xbd\xd0\xb8\xd0\xba \xd0\xb4\xd0\xbb\xd1\x8f \xd0\xbd\xd0\xb0\xd0\xbf\xd0\xb8\xd1\x82\xd0\xba\xd0\xbe\xd0\xb2 (Windows NT 5.1; U; en) Presto/2.10.229 Version/11.60"
188.130.137.43 - - [08/Feb/2026:21:23:58 -0800] "GET /tmp/webalizer/usage_202602.html HTTP/1.1" 404 - "-" "Mozilla/5.0 \xd0\xb2\xd0\xb7\xd1\x8f\xd1\x82\xd1\x8c \xd0\xb2 \xd0\xb0\xd1\x80\xd0\xb5\xd0\xbd\xd0\xb4\xd1\x83 \xd1\x85\xd0\xbe\xd0\xbb\xd0\xbe\xd0\xb4\xd0\xb8\xd0\xbb\xd1\x8c\xd0\xbd\xd0\xb8\xd0\xba \xd0\xb4\xd0\xbb\xd1\x8f \xd0\xbd\xd0\xb0\xd0\xbf\xd0\xb8\xd1\x82\xd0\xba\xd0\xbe\xd0\xb2 (Windows NT 5.1; U; en) Presto/2.10.229 Version/11.60"
109.248.142.60 - - [08/Feb/2026:21:23:59 -0800] "GET /tmp/webalizer/usage_202602.html HTTP/1.1" 404 - "-" "Mozilla/5.0 \xd0\xb2\xd0\xb7\xd1\x8f\xd1\x82\xd1\x8c \xd0\xb2 \xd0\xb0\xd1\x80\xd0\xb5\xd0\xbd\xd0\xb4\xd1\x83 \xd1\x85\xd0\xbe\xd0\xbb\xd0\xbe\xd0\xb4\xd0\xb8\xd0\xbb\xd1\x8c\xd0\xbd\xd0\xb8\xd0\xba \xd0\xb4\xd0\xbb\xd1\x8f \xd0\xbd\xd0\xb0\xd0\xbf\xd0\xb8\xd1\x82\xd0\xba\xd0\xbe\xd0\xb2 (Windows NT 5.1; U; en) Presto/2.10.229 Version/11.60"
188.130.189.9 - - [08/Feb/2026:21:23:59 -0800] "GET /tmp/webalizer/usage_202602.html HTTP/1.1" 404 - "-" "Mozilla/5.0 \xd0\xb2\xd0\xb7\xd1\x8f\xd1\x82\xd1\x8c \xd0\xb2 \xd0\xb0\xd1\x80\xd0\xb5\xd0\xbd\xd0\xb4\xd1\x83 \xd1\x85\xd0\xbe\xd0\xbb\xd0\xbe\xd0\xb4\xd0\xb8\xd0\xbb\xd1\x8c\xd0\xbd\xd0\xb8\xd0\xba \xd0\xb4\xd0\xbb\xd1\x8f \xd0\xbd\xd0\xb0\xd0\xbf\xd0\xb8\xd1\x82\xd0\xba\xd0\xbe\xd0\xb2 (Windows NT 5.1; U; en) Presto/2.10.229 Version/11.60"
109.248.55.91 - - [08/Feb/2026:21:24:00 -0800] "GET /tmp/webalizer/usage_202602.html HTTP/1.1" 404 - "-" "Mozilla/5.0 \xd0\xb2\xd0\xb7\xd1\x8f\xd1\x82\xd1\x8c \xd0\xb2 \xd0\xb0\xd1\x80\xd0\xb5\xd0\xbd\xd0\xb4\xd1\x83 \xd1\x85\xd0\xbe\xd0\xbb\xd0\xbe\xd0\xb4\xd0\xb8\xd0\xbb\xd1\x8c\xd0\xbd\xd0\xb8\xd0\xba \xd0\xb4\xd0\xbb\xd1\x8f \xd0\xbd\xd0\xb0\xd0\xbf\xd0\xb8\xd1\x82\xd0\xba\xd0\xbe\xd0\xb2 (Windows NT 5.1; U; en) Presto/2.10.229 Version/11.60"
194.156.92.173 - - [08/Feb/2026:21:30:59 -0800] "GET /tmp/webalizer/usage_202602.html HTTP/1.1" 200 119178 "-" "Mozilla/5.0 (Windows NT 10.0; Win64; x64) AppleWebKit/537.36 (KHTML, like Gecko) Chrome/114.0.0.0 Safari/537.36 Edg/114.0.1264.71"
192.73.244.36 - - [08/Feb/2026:21:33:10 -0800] "GET /tmp/webalizer/usage_202402.html HTTP/1.1" 200 114924 "https://seo-creative.ru/" "Mozilla/5.0 (Windows NT 10.0; Win64; x64) AppleWebKit/537.36 (KHTML, like Gecko) Chrome/130.0.0.0 Safari/537.36 CCleaner/130.0.0.0"
109.107.186.56 - - [08/Feb/2026:21:33:28 -0800] "GET http://www.test.ngo.ge/tmp/webalizer/usage_202402.html HTTP/1.0" 200 114924 "https://seo-creative.ru/" "Mozilla/5.0 (Windows NT 10.0; Win64; x64) AppleWebKit/537.36 (KHTML, like Gecko) Chrome/131.0.0.0 Safari/537.36"
109.107.186.56 - - [08/Feb/2026:21:33:31 -0800] "GET /tmp/webalizer/usage_202402.html HTTP/1.0" 200 114924 "https://seo-creative.ru/" "Mozilla/5.0 (Windows NT 10.0; Win64; x64) AppleWebKit/537.36 (KHTML, like Gecko) Chrome/129.0.0.0 Safari/537.36"
45.65.227.238 - - [08/Feb/2026:21:39:41 -0800] "GET http://test.ngo.ge/ssl/ssl.db HTTP/1.1" 404 - "http://test.ngo.ge/" "Mozilla/5.0 (Macintosh; Intel Mac OS X 10_15_7) AppleWebKit/537.36 (KHTML, like Gecko) Chrome/135.0.0.0 Safari/537.36"
154.16.115.97 - - [08/Feb/2026:21:49:43 -0800] "GET /tmp/webalizer/usage_202402.html HTTP/1.1" 200 114924 "https://seo-creative.ru/" "Mozilla/5.0 (Windows NT 10.0; Win64; x64) AppleWebKit/537.36 (KHTML, like Gecko) Chrome/129.0.0.0 Safari/537.36"
109.107.186.56 - - [08/Feb/2026:21:50:01 -0800] "GET http://www.test.ngo.ge/tmp/webalizer/usage_202402.html HTTP/1.0" 200 114924 "https://seo-creative.ru/" "Mozilla/5.0 (Windows NT 10.0; Win64; x64) AppleWebKit/537.36 (KHTML, like Gecko) Chrome/131.0.0.0 Safari/537.36 Avast/131.0.0.0"
109.107.186.56 - - [08/Feb/2026:21:50:04 -0800] "GET /tmp/webalizer/usage_202402.html HTTP/1.0" 200 114924 "https://seo-creative.ru/" "Mozilla/5.0 (Windows NT 10.0; Win64; x64) AppleWebKit/537.36 (KHTML, like Gecko) Chrome/131.0.0.0 Safari/537.36 Avast/131.0.0.0"
49.245.63.150 - - [08/Feb/2026:22:07:36 -0800] "GET http://www.test.ngo.ge/tmp/webalizer/usage_202402.html HTTP/1.0" 200 114924 "https://seo-creative.ru/" "Mozilla/5.0 (Windows NT 10.0; Win64; x64) AppleWebKit/537.36 (KHTML, like Gecko) Chrome/131.0.0.0 Safari/537.36"
174.136.204.40 - - [08/Feb/2026:22:07:40 -0800] "GET http://www.test.ngo.ge/tmp/webalizer/usage_202402.html HTTP/1.0" 200 114924 "https://seo-creative.ru/" "Mozilla/5.0 (Windows NT 10.0; Win64; x64) AppleWebKit/537.36 (KHTML, like Gecko) Chrome/129.0.0.0 Safari/537.36"
209.135.168.41 - - [08/Feb/2026:22:07:50 -0800] "GET http://www.test.ngo.ge/tmp/webalizer/usage_202402.html HTTP/1.0" 200 114924 "https://seo-creative.ru/" "Mozilla/5.0 (Windows NT 10.0; Win64; x64) AppleWebKit/537.36 (KHTML, like Gecko) Chrome/129.0.0.0 Safari/537.36"
109.107.186.56 - - [08/Feb/2026:22:25:01 -0800] "GET http://www.test.ngo.ge/tmp/webalizer/usage_202402.html HTTP/1.0" 200 114924 "https://seo-creative.ru/" "Mozilla/5.0 (Windows NT 10.0; Win64; x64) AppleWebKit/537.36 (KHTML, like Gecko) Chrome/130.0.0.0 Safari/537.36"
109.107.186.56 - - [08/Feb/2026:22:25:04 -0800] "GET /tmp/webalizer/usage_202402.html HTTP/1.0" 200 114924 "https://seo-creative.ru/" "Mozilla/5.0 (Windows NT 10.0; Win64; x64) AppleWebKit/537.36 (KHTML, like Gecko) Chrome/129.0.0.0 Safari/537.36"
109.107.186.56 - - [08/Feb/2026:22:25:07 -0800] "GET /tmp/webalizer/usage_202402.html HTTP/1.0" 200 114924 "https://seo-creative.ru/" "Mozilla/5.0 (Windows NT 10.0; Win64; x64) AppleWebKit/537.36 (KHTML, like Gecko) Chrome/129.0.0.0 Safari/537.36"
104.210.140.143 - - [08/Feb/2026:22:29:53 -0800] "GET /robots.txt HTTP/1.1" 404 - "-" "Mozilla/5.0 (Macintosh; Intel Mac OS X 10_15_7) AppleWebKit/537.36 (KHTML, like Gecko) Chrome/131.0.0.0 Safari/537.36; compatible; OAI-SearchBot/1.0; +https://openai.com/searchbot"
206.41.186.255 - - [08/Feb/2026:22:31:01 -0800] "GET /tmp/webalizer/usage_202404.html HTTP/1.1" 200 115638 "http://test.ngo.ge/" "Mozilla/5.0 (Macintosh; Intel Mac OS X 12.5; rv:114.0) Gecko/20100101 Firefox/114.0"
94.176.85.8 - - [08/Feb/2026:22:31:02 -0800] "GET / HTTP/1.1" 404 - "https://www.google.com/search?q=%3Ca+href%3D%22https://bullminers.eu%22%3Ehttps://bullminers.eu%3C%2Fa%3E" "Mozilla/4.0 Crypto Mining Equipment at Unbeatable Prices (https://bullminers.eu) (Windows NT 5.1; U; en) Presto/2.10.229 Version/11.60"
109.198.48.245 - - [08/Feb/2026:22:31:03 -0800] "GET / HTTP/1.1" 404 - "https://www.google.com/search?q=%3Ca+href%3D%22https://bullminers.eu%22%3Ehttps://bullminers.eu%3C%2Fa%3E" "Mozilla/4.0 Crypto Mining Equipment at Unbeatable Prices (https://bullminers.eu) (Windows NT 5.1; U; en) Presto/2.10.229 Version/11.60"
92.255.35.123 - - [08/Feb/2026:22:31:04 -0800] "GET / HTTP/1.1" 404 - "https://www.google.com/search?q=%3Ca+href%3D%22https://bullminers.eu%22%3Ehttps://bullminers.eu%3C%2Fa%3E" "Mozilla/4.0 Crypto Mining Equipment at Unbeatable Prices (https://bullminers.eu) (Windows NT 5.1; U; en) Presto/2.10.229 Version/11.60"
193.8.80.48 - - [08/Feb/2026:22:31:04 -0800] "GET / HTTP/1.1" 404 - "https://www.google.com/search?q=%3Ca+href%3D%22https://bullminers.eu%22%3Ehttps://bullminers.eu%3C%2Fa%3E" "Mozilla/4.0 Crypto Mining Equipment at Unbeatable Prices (https://bullminers.eu) (Windows NT 5.1; U; en) Presto/2.10.229 Version/11.60"
92.255.35.123 - - [08/Feb/2026:22:31:35 -0800] "GET /tmp/webalizer/usage_202404.html HTTP/1.1" 404 - "http://test.ngo.ge/" "Mozilla/4.0 Crypto Mining Equipment at Unbeatable Prices (https://bullminers.eu) (Windows NT 5.1; U; en) Presto/2.10.229 Version/11.60"
144.172.100.6 - - [08/Feb/2026:22:31:51 -0800] "GET /tmp/webalizer/usage_202602.html HTTP/1.1" 404 - "-" "Mozilla/4.0 Crypto Mining Equipment at Unbeatable Prices (https://bullminers.eu) (Windows NT 5.1; U; en) Presto/2.10.229 Version/11.60"
144.172.100.6 - - [08/Feb/2026:22:38:58 -0800] "GET /tmp/webalizer/usage_202602.html HTTP/1.1" 200 119178 "-" "Mozilla/5.0 (Windows NT 10.0; Win64; x64) AppleWebKit/537.36 (KHTML, like Gecko) Chrome/114.0.0.0 Safari/537.36 Edg/114.0.1264.71"
49.245.63.150 - - [08/Feb/2026:22:43:18 -0800] "GET http://www.test.ngo.ge/tmp/webalizer/usage_202402.html HTTP/1.0" 200 114924 "https://seo-creative.ru/" "Mozilla/5.0 (Windows NT 10.0; Win64; x64) AppleWebKit/537.36 (KHTML, like Gecko) Chrome/129.0.0.0 Safari/537.36"
174.136.204.40 - - [08/Feb/2026:22:43:25 -0800] "GET http://www.test.ngo.ge/tmp/webalizer/usage_202402.html HTTP/1.0" 200 114924 "https://seo-creative.ru/" "Mozilla/5.0 (Windows NT 10.0; Win64; x64) AppleWebKit/537.36 (KHTML, like Gecko) Chrome/130.0.0.0 Safari/537.36"
138.68.235.51 - - [08/Feb/2026:22:43:33 -0800] "GET /tmp/webalizer/usage_202402.html HTTP/1.1" 200 114924 "https://seo-creative.ru/" "Mozilla/5.0 (Windows NT 10.0; Win64; x64) AppleWebKit/537.36 (KHTML, like Gecko) Chrome/131.0.0.0 Safari/537.36 Avast/131.0.0.0"
109.198.48.245 - - [08/Feb/2026:22:47:11 -0800] "GET /tmp/webalizer/usage_202404.html HTTP/1.1" 200 115638 "http://test.ngo.ge/" "Mozilla/5.0 (Macintosh; Intel Mac OS X 12_5) AppleWebKit/537.36 (KHTML, like Gecko) Chrome/114.0.0.0 Safari/537.36 Vivaldi/5.3.2679.68"
193.8.80.48 - - [08/Feb/2026:22:47:50 -0800] "GET / HTTP/1.1" 404 - "https://bullminers.eu" "Opera/9.80 Bull Miners (bullminers.eu) (Windows NT 5.1; U; en) Presto/2.10.229 Version/11.60"
176.119.9.105 - - [08/Feb/2026:22:47:51 -0800] "GET / HTTP/1.1" 404 - "https://bullminers.eu" "Opera/9.80 Bull Miners (bullminers.eu) (Windows NT 5.1; U; en) Presto/2.10.229 Version/11.60"
94.176.85.8 - - [08/Feb/2026:22:47:51 -0800] "GET /tmp/webalizer/usage_202404.html HTTP/1.1" 404 - "http://test.ngo.ge/" "Opera/9.80 Bull Miners (bullminers.eu) (Windows NT 5.1; U; en) Presto/2.10.229 Version/11.60"
206.41.186.255 - - [08/Feb/2026:22:47:51 -0800] "GET /tmp/webalizer/usage_202404.html HTTP/1.1" 404 - "http://test.ngo.ge/" "Opera/9.80 Bull Miners (bullminers.eu) (Windows NT 5.1; U; en) Presto/2.10.229 Version/11.60"
144.172.100.6 - - [08/Feb/2026:22:48:22 -0800] "GET /tmp/webalizer/usage_202602.html HTTP/1.1" 404 - "-" "Opera/9.80 Bull Miners (bullminers.eu) (Windows NT 5.1; U; en) Presto/2.10.229 Version/11.60"
144.172.100.6 - - [08/Feb/2026:22:54:02 -0800] "GET /tmp/webalizer/usage_202602.html HTTP/1.1" 200 119178 "-" "Mozilla/5.0 (Windows NT 10.0; Win64; x64) AppleWebKit/537.36 (KHTML, like Gecko) Chrome/114.0.0.0 Safari/537.36 Edg/114.0.1264.71"
109.107.186.56 - - [08/Feb/2026:23:01:26 -0800] "GET http://www.test.ngo.ge/tmp/webalizer/usage_202402.html HTTP/1.0" 200 114924 "https://seo-creative.ru/" "Mozilla/5.0 (Windows NT 10.0; Win64; x64) AppleWebKit/537.36 (KHTML, like Gecko) Chrome/130.0.0.0 Safari/537.36"
109.107.186.56 - - [08/Feb/2026:23:01:29 -0800] "GET /tmp/webalizer/usage_202402.html HTTP/1.0" 200 114924 "https://seo-creative.ru/" "Mozilla/5.0 (Windows NT 10.0; Win64; x64) AppleWebKit/537.36 (KHTML, like Gecko) Chrome/131.0.0.0 Safari/537.36"
109.107.186.56 - - [08/Feb/2026:23:01:32 -0800] "GET /tmp/webalizer/usage_202402.html HTTP/1.0" 200 114924 "https://seo-creative.ru/" "Mozilla/5.0 (Windows NT 10.0; Win64; x64) AppleWebKit/537.36 (KHTML, like Gecko) Chrome/130.0.0.0 Safari/537.36"
94.23.188.199 - - [08/Feb/2026:23:09:00 -0800] "GET /robots.txt HTTP/1.1" 404 - "-" "Mozilla/5.0 (compatible; AhrefsBot/7.0; +http://ahrefs.com/robot/)"
51.222.168.174 - - [08/Feb/2026:23:09:03 -0800] "GET /etc/?C=N;O=A HTTP/1.1" 200 1643 "-" "Mozilla/5.0 (compatible; AhrefsBot/7.0; +http://ahrefs.com/robot/)"
142.44.233.64 - - [08/Feb/2026:23:18:28 -0800] "GET /tmp/ HTTP/1.1" 200 2632 "-" "Mozilla/5.0 (compatible; AhrefsBot/7.0; +http://ahrefs.com/robot/)"
148.113.128.10 - - [08/Feb/2026:23:19:16 -0800] "GET /tmp/pma_template_compiles_ngoge/twig/96/96885525f00ce10c76c38335c2cf2e232a709122ae75937b4f2eafcdde7be991.php HTTP/1.1" 500 - "-" "Mozilla/5.0 (compatible; AhrefsBot/7.0; +http://ahrefs.com/robot/)"
142.44.225.79 - - [08/Feb/2026:23:20:22 -0800] "GET /tmp/pma_template_compiles_ngoge/twig/b2/b211a37b6b8865964ad253bd355f92d0.php HTTP/1.1" 500 - "-" "Mozilla/5.0 (compatible; AhrefsBot/7.0; +http://ahrefs.com/robot/)"
109.107.186.56 - - [08/Feb/2026:23:20:43 -0800] "GET http://www.test.ngo.ge/tmp/webalizer/usage_202402.html HTTP/1.0" 200 114924 "https://seo-creative.ru/" "Mozilla/5.0 (Windows NT 10.0; Win64; x64) AppleWebKit/537.36 (KHTML, like Gecko) Chrome/130.0.0.0 Safari/537.36 CCleaner/130.0.0.0"
109.107.186.56 - - [08/Feb/2026:23:20:46 -0800] "GET /tmp/webalizer/usage_202402.html HTTP/1.0" 200 114924 "https://seo-creative.ru/" "Mozilla/5.0 (Windows NT 10.0; Win64; x64) AppleWebKit/537.36 (KHTML, like Gecko) Chrome/130.0.0.0 Safari/537.36 CCleaner/130.0.0.0"
148.113.128.60 - - [08/Feb/2026:23:22:11 -0800] "GET /tmp/pma_template_compiles_ngoge/twig/b2/b2c93ea9c8c3fe9163cb2fe222521f87.php HTTP/1.1" 500 - "-" "Mozilla/5.0 (compatible; AhrefsBot/7.0; +http://ahrefs.com/robot/)"
54.39.203.246 - - [08/Feb/2026:23:25:05 -0800] "GET /tmp/pma_template_compiles_ngoge/twig/b3/b3a7de508e866606e6b1a01483395b3b5d5f2e32c03d3e38c157ff94b4279350.php HTTP/1.1" 500 - "-" "Mozilla/5.0 (compatible; AhrefsBot/7.0; +http://ahrefs.com/robot/)"
189.172.141.36 - - [08/Feb/2026:23:32:07 -0800] "GET http://test.ngo.ge/ssl/keys/b01ba_7f27b_7631cdc36d32e6910aa222c8e3a8f241.key HTTP/1.1" 404 - "http://test.ngo.ge/" "Mozilla/5.0 (Windows NT 10.0; Win64; x64) AppleWebKit/537.36 (KHTML, like Gecko) Chrome/134.0.0.0 Safari/537.36 Edg/134.0.0.0"
54.39.6.129 - - [08/Feb/2026:23:34:10 -0800] "GET /mail/ HTTP/1.1" 200 2973 "-" "Mozilla/5.0 (compatible; AhrefsBot/7.0; +http://ahrefs.com/robot/)"
209.135.168.41 - - [08/Feb/2026:23:38:26 -0800] "GET http://www.test.ngo.ge/tmp/webalizer/usage_202402.html HTTP/1.0" 200 114924 "https://seo-creative.ru/" "Mozilla/5.0 (Windows NT 10.0; Win64; x64) AppleWebKit/537.36 (KHTML, like Gecko) Chrome/130.0.0.0 Safari/537.36"
101.132.222.120 - - [08/Feb/2026:23:38:35 -0800] "GET /tmp/webalizer/usage_202402.html HTTP/1.0" 200 114924 "https://seo-creative.ru/" "Mozilla/5.0 (Windows NT 10.0; Win64; x64) AppleWebKit/537.36 (KHTML, like Gecko) Chrome/130.0.0.0 Safari/537.36"
12.50.107.220 - - [08/Feb/2026:23:38:47 -0800] "GET /tmp/webalizer/usage_202402.html HTTP/1.0" 200 114924 "https://seo-creative.ru/" "Mozilla/5.0 (Windows NT 10.0; Win64; x64) AppleWebKit/537.36 (KHTML, like Gecko) Chrome/131.0.0.0 Safari/537.36 Avast/131.0.0.0"
109.107.186.56 - - [08/Feb/2026:23:57:03 -0800] "GET http://www.test.ngo.ge/tmp/webalizer/usage_202402.html HTTP/1.0" 200 114924 "https://seo-creative.ru/" "Mozilla/5.0 (Windows NT 10.0; Win64; x64) AppleWebKit/537.36 (KHTML, like Gecko) Chrome/129.0.0.0 Safari/537.36"
109.107.186.56 - - [08/Feb/2026:23:57:06 -0800] "GET /tmp/webalizer/usage_202402.html HTTP/1.0" 200 114924 "https://seo-creative.ru/" "Mozilla/5.0 (Windows NT 10.0; Win64; x64) AppleWebKit/537.36 (KHTML, like Gecko) Chrome/129.0.0.0 Safari/537.36"
109.107.186.56 - - [08/Feb/2026:23:57:10 -0800] "GET /tmp/webalizer/usage_202402.html HTTP/1.0" 200 114924 "https://seo-creative.ru/" "Mozilla/5.0 (Windows NT 10.0; Win64; x64) AppleWebKit/537.36 (KHTML, like Gecko) Chrome/130.0.0.0 Safari/537.36 CCleaner/130.0.0.0"
67.222.107.253 - - [09/Feb/2026:00:00:02 -0800] "GET /.well-known/acme-challenge/EFPUUVEBURTUTBKX3GTV1DKC_349F2MJ HTTP/1.1" 200 64 "-" "Cpanel-HTTP-Client/1.0"
67.222.107.253 - - [09/Feb/2026:00:00:02 -0800] "GET /.well-known/acme-challenge/MI07XFAVM_180ML5_AAP_8CCVLNPGIMW HTTP/1.1" 200 64 "-" "Cpanel-HTTP-Client/1.0"
23.178.112.213 - - [09/Feb/2026:00:01:06 -0800] "GET /.well-known/acme-challenge/Fufy7QXJ-enTElYzPjgt7DownFnDOh3MAwhHSwb7tG8 HTTP/1.1" 200 87 "-" "Mozilla/5.0 (compatible; Let's Encrypt validation server; +https://www.letsencrypt.org)"
3.133.102.134 - - [09/Feb/2026:00:01:06 -0800] "GET /.well-known/acme-challenge/Fufy7QXJ-enTElYzPjgt7DownFnDOh3MAwhHSwb7tG8 HTTP/1.1" 200 87 "-" "Mozilla/5.0 (compatible; Let's Encrypt validation server; +https://www.letsencrypt.org)"
34.219.93.28 - - [09/Feb/2026:00:01:06 -0800] "GET /.well-known/acme-challenge/Fufy7QXJ-enTElYzPjgt7DownFnDOh3MAwhHSwb7tG8 HTTP/1.1" 200 87 "-" "Mozilla/5.0 (compatible; Let's Encrypt validation server; +https://www.letsencrypt.org)"
16.16.67.239 - - [09/Feb/2026:00:01:06 -0800] "GET /.well-known/acme-challenge/Fufy7QXJ-enTElYzPjgt7DownFnDOh3MAwhHSwb7tG8 HTTP/1.1" 200 87 "-" "Mozilla/5.0 (compatible; Let's Encrypt validation server; +https://www.letsencrypt.org)"
175.41.153.13 - - [09/Feb/2026:00:01:07 -0800] "GET /.well-known/acme-challenge/Fufy7QXJ-enTElYzPjgt7DownFnDOh3MAwhHSwb7tG8 HTTP/1.1" 200 87 "-" "Mozilla/5.0 (compatible; Let's Encrypt validation server; +https://www.letsencrypt.org)"
167.99.210.137 - - [09/Feb/2026:00:02:48 -0800] "GET / HTTP/1.1" 200 2739 "-" "Mozilla/5.0 (l9scan/2.0.435323e2730313e2232323e27363; +https://leakix.net)"
167.99.210.137 - - [09/Feb/2026:00:02:49 -0800] "GET /server HTTP/1.1" 404 - "-" "Mozilla/5.0 (l9scan/2.0.435323e2730313e2232323e27363; +https://leakix.net)"
167.99.210.137 - - [09/Feb/2026:00:02:50 -0800] "GET /server-status HTTP/1.1" 404 - "-" "Mozilla/5.0 (l9scan/2.0.435323e2730313e2232323e27363; +https://leakix.net)"
167.99.210.137 - - [09/Feb/2026:00:02:52 -0800] "GET /about HTTP/1.1" 404 - "-" "Mozilla/5.0 (l9scan/2.0.435323e2730313e2232323e27363; +https://leakix.net)"
167.99.210.137 - - [09/Feb/2026:00:02:53 -0800] "GET /login.action HTTP/1.1" 404 - "-" "Mozilla/5.0 (l9scan/2.0.435323e2730313e2232323e27363; +https://leakix.net)"
167.99.210.137 - - [09/Feb/2026:00:02:54 -0800] "GET /v2/_catalog HTTP/1.1" 404 - "-" "Mozilla/5.0 (l9scan/2.0.435323e2730313e2232323e27363; +https://leakix.net)"
167.99.210.137 - - [09/Feb/2026:00:02:54 -0800] "GET /.DS_Store HTTP/1.1" 404 - "-" "Mozilla/5.0 (l9scan/2.0.435323e2730313e2232323e27363; +https://leakix.net)"
167.99.210.137 - - [09/Feb/2026:00:02:55 -0800] "GET /.env HTTP/1.1" 403 - "-" "Mozilla/5.0 (l9scan/2.0.435323e2730313e2232323e27363; +https://leakix.net)"
167.99.210.137 - - [09/Feb/2026:00:02:57 -0800] "GET /ecp/Current/exporttool/microsoft.exchange.ediscovery.exporttool.application HTTP/1.1" 404 - "-" "Mozilla/5.0 (l9scan/2.0.435323e2730313e2232323e27363; +https://leakix.net)"
167.99.210.137 - - [09/Feb/2026:00:02:59 -0800] "GET /.git/config HTTP/1.1" 403 - "-" "Mozilla/5.0 (l9scan/2.0.435323e2730313e2232323e27363; +https://leakix.net)"
167.99.210.137 - - [09/Feb/2026:00:03:00 -0800] "POST /graphql HTTP/1.1" 404 - "-" "Mozilla/5.0 (l9scan/2.0.435323e2730313e2232323e27363; +https://leakix.net)"
167.99.210.137 - - [09/Feb/2026:00:03:00 -0800] "POST /api HTTP/1.1" 404 - "-" "Mozilla/5.0 (l9scan/2.0.435323e2730313e2232323e27363; +https://leakix.net)"
167.99.210.137 - - [09/Feb/2026:00:03:01 -0800] "POST /api/graphql HTTP/1.1" 404 - "-" "Mozilla/5.0 (l9scan/2.0.435323e2730313e2232323e27363; +https://leakix.net)"
167.99.210.137 - - [09/Feb/2026:00:03:01 -0800] "POST /graphql/api HTTP/1.1" 404 - "-" "Mozilla/5.0 (l9scan/2.0.435323e2730313e2232323e27363; +https://leakix.net)"
167.99.210.137 - - [09/Feb/2026:00:03:01 -0800] "POST /api/gql HTTP/1.1" 404 - "-" "Mozilla/5.0 (l9scan/2.0.435323e2730313e2232323e27363; +https://leakix.net)"
167.99.210.137 - - [09/Feb/2026:00:03:01 -0800] "GET /s/435323e2730313e2232323e27363/_/;/META-INF/maven/com.atlassian.jira/jira-webapp-dist/pom.properties HTTP/1.1" 404 - "-" "Mozilla/5.0 (l9scan/2.0.435323e2730313e2232323e27363; +https://leakix.net)"
167.99.210.137 - - [09/Feb/2026:00:03:02 -0800] "GET /config.json HTTP/1.1" 404 - "-" "Mozilla/5.0 (l9scan/2.0.435323e2730313e2232323e27363; +https://leakix.net)"
167.99.210.137 - - [09/Feb/2026:00:03:04 -0800] "GET /telescope/requests HTTP/1.1" 404 - "-" "Mozilla/5.0 (l9scan/2.0.435323e2730313e2232323e27363; +https://leakix.net)"
167.99.210.137 - - [09/Feb/2026:00:03:05 -0800] "GET /info.php HTTP/1.1" 404 16 "-" "Mozilla/5.0 (l9scan/2.0.435323e2730313e2232323e27363; +https://leakix.net)"
167.99.210.137 - - [09/Feb/2026:00:03:06 -0800] "GET /.well-known/security.txt HTTP/1.1" 404 - "-" "Mozilla/5.0 (l9scan/2.0.435323e2730313e2232323e27363; +https://leakix.net)"
57.129.16.41 - - [09/Feb/2026:00:03:06 -0800] "GET / HTTP/1.1" 200 2739 "-" "Go-http-client/1.1"
57.129.16.41 - - [09/Feb/2026:00:03:06 -0800] "GET /access-logs/ HTTP/1.1" 200 2070 "-" "Go-http-client/1.1"
57.129.16.41 - - [09/Feb/2026:00:03:06 -0800] "HEAD /access-logs/ertoba.ngo.ge HTTP/1.1" 404 - "-" "Go-http-client/1.1"
57.129.16.41 - - [09/Feb/2026:00:03:06 -0800] "HEAD /access-logs/ertoba.ngo.ge-ssl_log HTTP/1.1" 404 - "-" "Go-http-client/1.1"
57.129.16.41 - - [09/Feb/2026:00:03:07 -0800] "HEAD /access-logs/ngo.ge HTTP/1.1" 404 - "-" "Go-http-client/1.1"
167.99.210.137 - - [09/Feb/2026:00:03:07 -0800] "GET /actuator/env HTTP/1.1" 404 - "-" "Mozilla/5.0 (l9scan/2.0.435323e2730313e2232323e27363; +https://leakix.net)"
57.129.16.41 - - [09/Feb/2026:00:03:07 -0800] "HEAD /access-logs/ngo.ge-ssl_log HTTP/1.1" 404 - "-" "Go-http-client/1.1"
57.129.16.41 - - [09/Feb/2026:00:03:07 -0800] "HEAD /access-logs/temp.ngo.ge HTTP/1.1" 404 - "-" "Go-http-client/1.1"
57.129.16.41 - - [09/Feb/2026:00:03:07 -0800] "HEAD /access-logs/temp.ngo.ge-ssl_log HTTP/1.1" 404 - "-" "Go-http-client/1.1"
57.129.16.41 - - [09/Feb/2026:00:03:07 -0800] "HEAD /access-logs/test.ngo.ge HTTP/1.1" 404 - "-" "Go-http-client/1.1"
57.129.16.41 - - [09/Feb/2026:00:03:07 -0800] "HEAD /access-logs/test.ngo.ge-ssl_log HTTP/1.1" 404 - "-" "Go-http-client/1.1"
57.129.16.41 - - [09/Feb/2026:00:03:07 -0800] "GET /cache/ HTTP/1.1" 200 17711 "-" "Go-http-client/1.1"
57.129.16.41 - - [09/Feb/2026:00:03:08 -0800] "HEAD /cache/cache_0cfe7d1ceee9f7286dc0b60c621f2e15 HTTP/1.1" 200 - "-" "Go-http-client/1.1"
57.129.16.41 - - [09/Feb/2026:00:03:08 -0800] "GET /cache/cache_0cfe7d1ceee9f7286dc0b60c621f2e15 HTTP/1.1" 200 - "-" "Go-http-client/1.1"
57.129.16.41 - - [09/Feb/2026:00:03:08 -0800] "HEAD /cache/cache_0f1ff313f7d5dc65958843d70148d9f6 HTTP/1.1" 200 - "-" "Go-http-client/1.1"
57.129.16.41 - - [09/Feb/2026:00:03:08 -0800] "GET /cache/cache_0f1ff313f7d5dc65958843d70148d9f6 HTTP/1.1" 200 7 "-" "Go-http-client/1.1"
57.129.16.41 - - [09/Feb/2026:00:03:08 -0800] "HEAD /cache/cache_03ccc987bb84ad942c7bdc1b37a1d5af HTTP/1.1" 200 - "-" "Go-http-client/1.1"
57.129.16.41 - - [09/Feb/2026:00:03:08 -0800] "GET /cache/cache_03ccc987bb84ad942c7bdc1b37a1d5af HTTP/1.1" 200 7 "-" "Go-http-client/1.1"
167.99.210.137 - - [09/Feb/2026:00:03:09 -0800] "GET /swagger-ui.html HTTP/1.1" 404 - "-" "Mozilla/5.0 (l9scan/2.0.435323e2730313e2232323e27363; +https://leakix.net)"
57.129.16.41 - - [09/Feb/2026:00:03:09 -0800] "HEAD /cache/cache_1a2cee26e5aa8d06caa28b10ccc0ed0c HTTP/1.1" 200 - "-" "Go-http-client/1.1"
57.129.16.41 - - [09/Feb/2026:00:03:09 -0800] "GET /cache/cache_1a2cee26e5aa8d06caa28b10ccc0ed0c HTTP/1.1" 200 - "-" "Go-http-client/1.1"
57.129.16.41 - - [09/Feb/2026:00:03:09 -0800] "HEAD /cache/cache_1cb3154f1bacd6149752125b046114e8 HTTP/1.1" 200 - "-" "Go-http-client/1.1"
57.129.16.41 - - [09/Feb/2026:00:03:09 -0800] "GET /cache/cache_1cb3154f1bacd6149752125b046114e8 HTTP/1.1" 200 - "-" "Go-http-client/1.1"
57.129.16.41 - - [09/Feb/2026:00:03:09 -0800] "HEAD /cache/cache_2ba72ef681d3e2c977216746d7ca3b7b HTTP/1.1" 200 - "-" "Go-http-client/1.1"
57.129.16.41 - - [09/Feb/2026:00:03:10 -0800] "GET /cache/cache_2ba72ef681d3e2c977216746d7ca3b7b HTTP/1.1" 200 - "-" "Go-http-client/1.1"
167.99.210.137 - - [09/Feb/2026:00:03:10 -0800] "GET /swagger/index.html HTTP/1.1" 404 - "-" "Mozilla/5.0 (l9scan/2.0.435323e2730313e2232323e27363; +https://leakix.net)"
57.129.16.41 - - [09/Feb/2026:00:03:10 -0800] "HEAD /cache/cache_2f1ba8e75aecbfb3334f0f472187046c HTTP/1.1" 200 - "-" "Go-http-client/1.1"
57.129.16.41 - - [09/Feb/2026:00:03:10 -0800] "GET /cache/cache_2f1ba8e75aecbfb3334f0f472187046c HTTP/1.1" 200 - "-" "Go-http-client/1.1"
57.129.16.41 - - [09/Feb/2026:00:03:10 -0800] "HEAD /cache/cache_2f16d88bfaf6f522cf9e9bcae3410323 HTTP/1.1" 200 - "-" "Go-http-client/1.1"
57.129.16.41 - - [09/Feb/2026:00:03:10 -0800] "GET /cache/cache_2f16d88bfaf6f522cf9e9bcae3410323 HTTP/1.1" 200 - "-" "Go-http-client/1.1"
57.129.16.41 - - [09/Feb/2026:00:03:10 -0800] "HEAD /cache/cache_3aeaba6bd755c689412171b10eb7ddd5 HTTP/1.1" 200 - "-" "Go-http-client/1.1"
57.129.16.41 - - [09/Feb/2026:00:03:11 -0800] "GET /cache/cache_3aeaba6bd755c689412171b10eb7ddd5 HTTP/1.1" 200 - "-" "Go-http-client/1.1"
167.99.210.137 - - [09/Feb/2026:00:03:11 -0800] "GET /swagger/swagger-ui.html HTTP/1.1" 404 - "-" "Mozilla/5.0 (l9scan/2.0.435323e2730313e2232323e27363; +https://leakix.net)"
57.129.16.41 - - [09/Feb/2026:00:03:11 -0800] "HEAD /cache/cache_3ebbab63ff1d3bffdaddb17747049f2d HTTP/1.1" 200 - "-" "Go-http-client/1.1"
57.129.16.41 - - [09/Feb/2026:00:03:11 -0800] "GET /cache/cache_3ebbab63ff1d3bffdaddb17747049f2d HTTP/1.1" 200 7 "-" "Go-http-client/1.1"
57.129.16.41 - - [09/Feb/2026:00:03:11 -0800] "HEAD /cache/cache_3f80ac955c111fd5014fb6e47ff7cb14 HTTP/1.1" 200 - "-" "Go-http-client/1.1"
57.129.16.41 - - [09/Feb/2026:00:03:11 -0800] "GET /cache/cache_3f80ac955c111fd5014fb6e47ff7cb14 HTTP/1.1" 200 - "-" "Go-http-client/1.1"
57.129.16.41 - - [09/Feb/2026:00:03:12 -0800] "HEAD /cache/cache_4b81ef7afd2000692f275c722ed42718 HTTP/1.1" 200 - "-" "Go-http-client/1.1"
167.99.210.137 - - [09/Feb/2026:00:03:12 -0800] "GET /webjars/swagger-ui/index.html HTTP/1.1" 404 - "-" "Mozilla/5.0 (l9scan/2.0.435323e2730313e2232323e27363; +https://leakix.net)"
57.129.16.41 - - [09/Feb/2026:00:03:12 -0800] "GET /cache/cache_4b81ef7afd2000692f275c722ed42718 HTTP/1.1" 200 - "-" "Go-http-client/1.1"
57.129.16.41 - - [09/Feb/2026:00:03:12 -0800] "HEAD /cache/cache_4e68dd4ec59edc7f916de44dbe416dec HTTP/1.1" 200 - "-" "Go-http-client/1.1"
57.129.16.41 - - [09/Feb/2026:00:03:12 -0800] "GET /cache/cache_4e68dd4ec59edc7f916de44dbe416dec HTTP/1.1" 200 - "-" "Go-http-client/1.1"
57.129.16.41 - - [09/Feb/2026:00:03:12 -0800] "HEAD /cache/cache_6d91f84a9dd338e4b9804bc982a44c1a HTTP/1.1" 200 - "-" "Go-http-client/1.1"
57.129.16.41 - - [09/Feb/2026:00:03:12 -0800] "GET /cache/cache_6d91f84a9dd338e4b9804bc982a44c1a HTTP/1.1" 200 - "-" "Go-http-client/1.1"
57.129.16.41 - - [09/Feb/2026:00:03:13 -0800] "HEAD /cache/cache_8b4cd98107867fded05a697bf17c07f5 HTTP/1.1" 200 - "-" "Go-http-client/1.1"
167.99.210.137 - - [09/Feb/2026:00:03:13 -0800] "GET /swagger.json HTTP/1.1" 404 - "-" "Mozilla/5.0 (l9scan/2.0.435323e2730313e2232323e27363; +https://leakix.net)"
57.129.16.41 - - [09/Feb/2026:00:03:13 -0800] "GET /cache/cache_8b4cd98107867fded05a697bf17c07f5 HTTP/1.1" 200 - "-" "Go-http-client/1.1"
57.129.16.41 - - [09/Feb/2026:00:03:13 -0800] "HEAD /cache/cache_8c1e2d0573ed1f99fd247768110f872f HTTP/1.1" 200 - "-" "Go-http-client/1.1"
57.129.16.41 - - [09/Feb/2026:00:03:13 -0800] "GET /cache/cache_8c1e2d0573ed1f99fd247768110f872f HTTP/1.1" 200 7 "-" "Go-http-client/1.1"
57.129.16.41 - - [09/Feb/2026:00:03:13 -0800] "HEAD /cache/cache_8c8e788cebc63413d300e711b2ddae43 HTTP/1.1" 200 - "-" "Go-http-client/1.1"
57.129.16.41 - - [09/Feb/2026:00:03:13 -0800] "GET /cache/cache_8c8e788cebc63413d300e711b2ddae43 HTTP/1.1" 200 7 "-" "Go-http-client/1.1"
167.99.210.137 - - [09/Feb/2026:00:03:14 -0800] "GET /swagger/v1/swagger.json HTTP/1.1" 404 - "-" "Mozilla/5.0 (l9scan/2.0.435323e2730313e2232323e27363; +https://leakix.net)"
57.129.16.41 - - [09/Feb/2026:00:03:14 -0800] "HEAD /cache/cache_9c8f8b595a7c19f55ed0d6c224253bdd HTTP/1.1" 200 - "-" "Go-http-client/1.1"
57.129.16.41 - - [09/Feb/2026:00:03:14 -0800] "GET /cache/cache_9c8f8b595a7c19f55ed0d6c224253bdd HTTP/1.1" 200 - "-" "Go-http-client/1.1"
57.129.16.41 - - [09/Feb/2026:00:03:14 -0800] "HEAD /cache/cache_9ccddf1f4f186c2adc2a1af7d2da4f98 HTTP/1.1" 200 - "-" "Go-http-client/1.1"
57.129.16.41 - - [09/Feb/2026:00:03:14 -0800] "GET /cache/cache_9ccddf1f4f186c2adc2a1af7d2da4f98 HTTP/1.1" 200 - "-" "Go-http-client/1.1"
57.129.16.41 - - [09/Feb/2026:00:03:14 -0800] "HEAD /cache/cache_9ef5a8798456994c727a3b0589dd19f4 HTTP/1.1" 200 - "-" "Go-http-client/1.1"
57.129.16.41 - - [09/Feb/2026:00:03:15 -0800] "GET /cache/cache_9ef5a8798456994c727a3b0589dd19f4 HTTP/1.1" 200 - "-" "Go-http-client/1.1"
167.99.210.137 - - [09/Feb/2026:00:03:15 -0800] "GET /v2/api-docs HTTP/1.1" 404 - "-" "Mozilla/5.0 (l9scan/2.0.435323e2730313e2232323e27363; +https://leakix.net)"
57.129.16.41 - - [09/Feb/2026:00:03:15 -0800] "HEAD /cache/cache_9f2b99a2f8ff6656ee58ecf8b05e128c HTTP/1.1" 200 - "-" "Go-http-client/1.1"
57.129.16.41 - - [09/Feb/2026:00:03:15 -0800] "GET /cache/cache_9f2b99a2f8ff6656ee58ecf8b05e128c HTTP/1.1" 200 - "-" "Go-http-client/1.1"
57.129.16.41 - - [09/Feb/2026:00:03:15 -0800] "HEAD /cache/cache_26bc22926debfad0fe5282210e5894a7 HTTP/1.1" 200 - "-" "Go-http-client/1.1"
57.129.16.41 - - [09/Feb/2026:00:03:15 -0800] "GET /cache/cache_26bc22926debfad0fe5282210e5894a7 HTTP/1.1" 200 - "-" "Go-http-client/1.1"
57.129.16.41 - - [09/Feb/2026:00:03:16 -0800] "HEAD /cache/cache_28facb5bd5eb42aedeebeb06f1fbb0ff HTTP/1.1" 200 - "-" "Go-http-client/1.1"
57.129.16.41 - - [09/Feb/2026:00:03:16 -0800] "GET /cache/cache_28facb5bd5eb42aedeebeb06f1fbb0ff HTTP/1.1" 200 - "-" "Go-http-client/1.1"
167.99.210.137 - - [09/Feb/2026:00:03:16 -0800] "GET /v3/api-docs HTTP/1.1" 404 - "-" "Mozilla/5.0 (l9scan/2.0.435323e2730313e2232323e27363; +https://leakix.net)"
57.129.16.41 - - [09/Feb/2026:00:03:16 -0800] "HEAD /cache/cache_29d16aef94495fd3fb635722ae045b69 HTTP/1.1" 200 - "-" "Go-http-client/1.1"
57.129.16.41 - - [09/Feb/2026:00:03:16 -0800] "GET /cache/cache_29d16aef94495fd3fb635722ae045b69 HTTP/1.1" 200 - "-" "Go-http-client/1.1"
57.129.16.41 - - [09/Feb/2026:00:03:16 -0800] "HEAD /cache/cache_31f8ac8a868a216fe9b2616582030beb HTTP/1.1" 200 - "-" "Go-http-client/1.1"
57.129.16.41 - - [09/Feb/2026:00:03:16 -0800] "GET /cache/cache_31f8ac8a868a216fe9b2616582030beb HTTP/1.1" 200 - "-" "Go-http-client/1.1"
57.129.16.41 - - [09/Feb/2026:00:03:17 -0800] "HEAD /cache/cache_31fbb4c4970c9d0d25e1596f5216cc56 HTTP/1.1" 200 - "-" "Go-http-client/1.1"
167.99.210.137 - - [09/Feb/2026:00:03:17 -0800] "GET /api-docs/swagger.json HTTP/1.1" 404 - "-" "Mozilla/5.0 (l9scan/2.0.435323e2730313e2232323e27363; +https://leakix.net)"
57.129.16.41 - - [09/Feb/2026:00:03:17 -0800] "GET /cache/cache_31fbb4c4970c9d0d25e1596f5216cc56 HTTP/1.1" 200 - "-" "Go-http-client/1.1"
57.129.16.41 - - [09/Feb/2026:00:03:17 -0800] "HEAD /cache/cache_32d22e78e8c629a3bc3c2ed2cf1246b7 HTTP/1.1" 200 - "-" "Go-http-client/1.1"
57.129.16.41 - - [09/Feb/2026:00:03:17 -0800] "GET /cache/cache_32d22e78e8c629a3bc3c2ed2cf1246b7 HTTP/1.1" 200 - "-" "Go-http-client/1.1"
57.129.16.41 - - [09/Feb/2026:00:03:17 -0800] "HEAD /cache/cache_43af29690d04bf76722dbdb24ff89927 HTTP/1.1" 200 - "-" "Go-http-client/1.1"
57.129.16.41 - - [09/Feb/2026:00:03:17 -0800] "GET /cache/cache_43af29690d04bf76722dbdb24ff89927 HTTP/1.1" 200 - "-" "Go-http-client/1.1"
167.99.210.137 - - [09/Feb/2026:00:03:18 -0800] "GET /api/swagger.json HTTP/1.1" 404 - "-" "Mozilla/5.0 (l9scan/2.0.435323e2730313e2232323e27363; +https://leakix.net)"
57.129.16.41 - - [09/Feb/2026:00:03:18 -0800] "HEAD /cache/cache_44b4523eecffb723715b6d3d5cdd102a HTTP/1.1" 200 - "-" "Go-http-client/1.1"
57.129.16.41 - - [09/Feb/2026:00:03:18 -0800] "GET /cache/cache_44b4523eecffb723715b6d3d5cdd102a HTTP/1.1" 200 - "-" "Go-http-client/1.1"
57.129.16.41 - - [09/Feb/2026:00:03:18 -0800] "HEAD /cache/cache_49b1004ea76e05d7ca0d78296fcae0f5 HTTP/1.1" 200 - "-" "Go-http-client/1.1"
57.129.16.41 - - [09/Feb/2026:00:03:18 -0800] "GET /cache/cache_49b1004ea76e05d7ca0d78296fcae0f5 HTTP/1.1" 200 - "-" "Go-http-client/1.1"
57.129.16.41 - - [09/Feb/2026:00:03:18 -0800] "HEAD /cache/cache_59c153577584ee8e2beff069d891c0c7 HTTP/1.1" 200 - "-" "Go-http-client/1.1"
57.129.16.41 - - [09/Feb/2026:00:03:19 -0800] "GET /cache/cache_59c153577584ee8e2beff069d891c0c7 HTTP/1.1" 200 - "-" "Go-http-client/1.1"
167.99.210.137 - - [09/Feb/2026:00:03:19 -0800] "GET /@vite/env HTTP/1.1" 404 - "-" "Mozilla/5.0 (l9scan/2.0.435323e2730313e2232323e27363; +https://leakix.net)"
57.129.16.41 - - [09/Feb/2026:00:03:19 -0800] "HEAD /cache/cache_65aa5b2f6edafb3103c89db401541baa HTTP/1.1" 200 - "-" "Go-http-client/1.1"
57.129.16.41 - - [09/Feb/2026:00:03:19 -0800] "GET /cache/cache_65aa5b2f6edafb3103c89db401541baa HTTP/1.1" 200 - "-" "Go-http-client/1.1"
57.129.16.41 - - [09/Feb/2026:00:03:19 -0800] "HEAD /cache/cache_73e9a9b917d586ad32ebbd11161b92e6 HTTP/1.1" 200 - "-" "Go-http-client/1.1"
57.129.16.41 - - [09/Feb/2026:00:03:19 -0800] "GET /cache/cache_73e9a9b917d586ad32ebbd11161b92e6 HTTP/1.1" 200 - "-" "Go-http-client/1.1"
57.129.16.41 - - [09/Feb/2026:00:03:19 -0800] "HEAD /cache/cache_84fa8fe747c703c84c738da432ccda8f HTTP/1.1" 200 - "-" "Go-http-client/1.1"
57.129.16.41 - - [09/Feb/2026:00:03:20 -0800] "GET /cache/cache_84fa8fe747c703c84c738da432ccda8f HTTP/1.1" 200 - "-" "Go-http-client/1.1"
167.99.210.137 - - [09/Feb/2026:00:03:20 -0800] "GET /.vscode/sftp.json HTTP/1.1" 404 - "-" "Mozilla/5.0 (l9scan/2.0.435323e2730313e2232323e27363; +https://leakix.net)"
57.129.16.41 - - [09/Feb/2026:00:03:20 -0800] "HEAD /cache/cache_85daced7c4de2f5a2c332a7d8a7a3803 HTTP/1.1" 200 - "-" "Go-http-client/1.1"
57.129.16.41 - - [09/Feb/2026:00:03:20 -0800] "GET /cache/cache_85daced7c4de2f5a2c332a7d8a7a3803 HTTP/1.1" 200 7 "-" "Go-http-client/1.1"
57.129.16.41 - - [09/Feb/2026:00:03:20 -0800] "HEAD /cache/cache_89e4d5630ec66d9434726a0ff9bb7672 HTTP/1.1" 200 - "-" "Go-http-client/1.1"
