114.119.141.100 - - [07/Feb/2026:04:18:16 -0800] "GET /mail/dovecot-uidvalidity.5f410653 HTTP/1.1" 200 - "https://test.ngo.ge/mail/" "Mozilla/5.0 (Linux; Android 7.0;) AppleWebKit/537.36 (KHTML, like Gecko) Mobile Safari/537.36 (compatible; PetalBot;+https://webmaster.petalsearch.com/site/petalbot)"
114.119.139.207 - - [07/Feb/2026:04:20:03 -0800] "GET /etc/ftpquota HTTP/1.1" 200 16 "http://test.ngo.ge/etc" "Mozilla/5.0 (Linux; Android 7.0;) AppleWebKit/537.36 (KHTML, like Gecko) Mobile Safari/537.36 (compatible; PetalBot;+https://webmaster.petalsearch.com/site/petalbot)"
114.119.141.100 - - [07/Feb/2026:04:23:34 -0800] "GET /cpbackup-exclude.conf HTTP/1.1" 404 - "http://test.ngo.ge/" "Mozilla/5.0 (Linux; Android 7.0;) AppleWebKit/537.36 (KHTML, like Gecko) Mobile Safari/537.36 (compatible; PetalBot;+https://webmaster.petalsearch.com/site/petalbot)"
114.119.153.97 - - [07/Feb/2026:04:25:20 -0800] "GET /mail/new/1475612522.H33740P25412.peshe.info-tbilisi.com,S=1569 HTTP/1.1" 200 1569 "http://test.ngo.ge/mail/new" "Mozilla/5.0 (Linux; Android 7.0;) AppleWebKit/537.36 (KHTML, like Gecko) Mobile Safari/537.36 (compatible; PetalBot;+https://webmaster.petalsearch.com/site/petalbot)"
114.119.137.237 - - [07/Feb/2026:04:27:04 -0800] "GET /cache/horde_cache_gc HTTP/1.1" 200 46240 "http://test.ngo.ge/cache/" "Mozilla/5.0 (Linux; Android 7.0;) AppleWebKit/537.36 (KHTML, like Gecko) Mobile Safari/537.36 (compatible; PetalBot;+https://webmaster.petalsearch.com/site/petalbot)"
114.119.133.1 - - [07/Feb/2026:04:28:50 -0800] "GET /cache/cache_ec1123d6fb4f8641f72b12ab6735f885 HTTP/1.1" 200 - "http://test.ngo.ge/cache/" "Mozilla/5.0 (Linux; Android 7.0;) AppleWebKit/537.36 (KHTML, like Gecko) Mobile Safari/537.36 (compatible; PetalBot;+https://webmaster.petalsearch.com/site/petalbot)"
114.119.137.237 - - [07/Feb/2026:04:30:34 -0800] "GET /cache/cache_ebbf919971cb994633a5297812bf60ba HTTP/1.1" 200 - "http://test.ngo.ge/cache/" "Mozilla/5.0 (Linux; Android 7.0;) AppleWebKit/537.36 (KHTML, like Gecko) Mobile Safari/537.36 (compatible; PetalBot;+https://webmaster.petalsearch.com/site/petalbot)"
138.68.235.51 - - [07/Feb/2026:04:35:17 -0800] "GET /tmp/webalizer/usage_202402.html HTTP/1.1" 200 114924 "https://seo-creative.ru/" "Mozilla/5.0 (Windows NT 10.0; Win64; x64) AppleWebKit/537.36 (KHTML, like Gecko) Chrome/130.0.0.0 Safari/537.36"
174.138.54.65 - - [07/Feb/2026:04:35:29 -0800] "GET /tmp/webalizer/usage_202402.html HTTP/1.1" 200 114924 "https://seo-creative.ru/" "Mozilla/5.0 (Windows NT 10.0; Win64; x64) AppleWebKit/537.36 (KHTML, like Gecko) Chrome/131.0.0.0 Safari/537.36"
154.16.115.97 - - [07/Feb/2026:04:35:32 -0800] "GET /tmp/webalizer/usage_202402.html HTTP/1.1" 200 114924 "https://seo-creative.ru/" "Mozilla/5.0 (Windows NT 10.0; Win64; x64) AppleWebKit/537.36 (KHTML, like Gecko) Chrome/130.0.0.0 Safari/537.36 CCleaner/130.0.0.0"
114.119.141.100 - - [07/Feb/2026:04:35:52 -0800] "GET /cache/cache_8234b51dcb9836e52584d825071f4892 HTTP/1.1" 200 - "http://test.ngo.ge/cache/" "Mozilla/5.0 (Linux; Android 7.0;) AppleWebKit/537.36 (KHTML, like Gecko) Mobile Safari/537.36 (compatible; PetalBot;+https://webmaster.petalsearch.com/site/petalbot)"
174.138.54.65 - - [07/Feb/2026:04:53:44 -0800] "GET /tmp/webalizer/usage_202402.html HTTP/1.1" 200 114924 "https://seo-creative.ru/" "Mozilla/5.0 (Windows NT 10.0; Win64; x64) AppleWebKit/537.36 (KHTML, like Gecko) Chrome/129.0.0.0 Safari/537.36"
109.107.186.56 - - [07/Feb/2026:04:54:38 -0800] "GET http://www.test.ngo.ge/tmp/webalizer/usage_202402.html HTTP/1.0" 200 114924 "https://seo-creative.ru/" "Mozilla/5.0 (Windows NT 10.0; Win64; x64) AppleWebKit/537.36 (KHTML, like Gecko) Chrome/131.0.0.0 Safari/537.36 Avast/131.0.0.0"
192.73.244.36 - - [07/Feb/2026:05:12:12 -0800] "GET /tmp/webalizer/usage_202402.html HTTP/1.1" 200 114924 "https://seo-creative.ru/" "Mozilla/5.0 (Windows NT 10.0; Win64; x64) AppleWebKit/537.36 (KHTML, like Gecko) Chrome/131.0.0.0 Safari/537.36 Avast/131.0.0.0"
154.16.115.97 - - [07/Feb/2026:05:12:25 -0800] "GET /tmp/webalizer/usage_202402.html HTTP/1.1" 200 114924 "https://seo-creative.ru/" "Mozilla/5.0 (Windows NT 10.0; Win64; x64) AppleWebKit/537.36 (KHTML, like Gecko) Chrome/130.0.0.0 Safari/537.36 CCleaner/130.0.0.0"
154.16.115.97 - - [07/Feb/2026:05:12:33 -0800] "GET /tmp/webalizer/usage_202402.html HTTP/1.1" 200 114924 "https://seo-creative.ru/" "Mozilla/5.0 (Windows NT 10.0; Win64; x64) AppleWebKit/537.36 (KHTML, like Gecko) Chrome/130.0.0.0 Safari/537.36 CCleaner/130.0.0.0"
174.138.54.65 - - [07/Feb/2026:05:30:40 -0800] "GET /tmp/webalizer/usage_202402.html HTTP/1.1" 200 114924 "https://seo-creative.ru/" "Mozilla/5.0 (Windows NT 10.0; Win64; x64) AppleWebKit/537.36 (KHTML, like Gecko) Chrome/129.0.0.0 Safari/537.36"
192.73.244.36 - - [07/Feb/2026:05:30:53 -0800] "GET /tmp/webalizer/usage_202402.html HTTP/1.1" 200 114924 "https://seo-creative.ru/" "Mozilla/5.0 (Windows NT 10.0; Win64; x64) AppleWebKit/537.36 (KHTML, like Gecko) Chrome/129.0.0.0 Safari/537.36"
109.107.186.56 - - [07/Feb/2026:05:31:11 -0800] "GET http://www.test.ngo.ge/tmp/webalizer/usage_202402.html HTTP/1.0" 200 114924 "https://seo-creative.ru/" "Mozilla/5.0 (Windows NT 10.0; Win64; x64) AppleWebKit/537.36 (KHTML, like Gecko) Chrome/130.0.0.0 Safari/537.36 CCleaner/130.0.0.0"
109.107.186.56 - - [07/Feb/2026:05:48:02 -0800] "GET http://www.test.ngo.ge/tmp/webalizer/usage_202402.html HTTP/1.0" 200 114924 "https://seo-creative.ru/" "Mozilla/5.0 (Windows NT 10.0; Win64; x64) AppleWebKit/537.36 (KHTML, like Gecko) Chrome/129.0.0.0 Safari/537.36"
109.107.186.56 - - [07/Feb/2026:05:48:05 -0800] "GET /tmp/webalizer/usage_202402.html HTTP/1.0" 200 114924 "https://seo-creative.ru/" "Mozilla/5.0 (Windows NT 10.0; Win64; x64) AppleWebKit/537.36 (KHTML, like Gecko) Chrome/131.0.0.0 Safari/537.36 Avast/131.0.0.0"
109.107.186.56 - - [07/Feb/2026:05:48:09 -0800] "GET /tmp/webalizer/usage_202402.html HTTP/1.0" 200 114924 "https://seo-creative.ru/" "Mozilla/5.0 (Windows NT 10.0; Win64; x64) AppleWebKit/537.36 (KHTML, like Gecko) Chrome/129.0.0.0 Safari/537.36"
109.107.186.56 - - [07/Feb/2026:06:06:33 -0800] "GET http://www.test.ngo.ge/tmp/webalizer/usage_202402.html HTTP/1.0" 200 114924 "https://seo-creative.ru/" "Mozilla/5.0 (Windows NT 10.0; Win64; x64) AppleWebKit/537.36 (KHTML, like Gecko) Chrome/131.0.0.0 Safari/537.36"
109.107.186.56 - - [07/Feb/2026:06:06:36 -0800] "GET /tmp/webalizer/usage_202402.html HTTP/1.0" 200 114924 "https://seo-creative.ru/" "Mozilla/5.0 (Windows NT 10.0; Win64; x64) AppleWebKit/537.36 (KHTML, like Gecko) Chrome/129.0.0.0 Safari/537.36"
109.107.186.56 - - [07/Feb/2026:06:06:39 -0800] "GET /tmp/webalizer/usage_202402.html HTTP/1.0" 200 114924 "https://seo-creative.ru/" "Mozilla/5.0 (Windows NT 10.0; Win64; x64) AppleWebKit/537.36 (KHTML, like Gecko) Chrome/130.0.0.0 Safari/537.36 CCleaner/130.0.0.0"
192.73.244.36 - - [07/Feb/2026:06:24:59 -0800] "GET /tmp/webalizer/usage_202402.html HTTP/1.1" 200 114924 "https://seo-creative.ru/" "Mozilla/5.0 (Windows NT 10.0; Win64; x64) AppleWebKit/537.36 (KHTML, like Gecko) Chrome/129.0.0.0 Safari/537.36"
109.107.186.56 - - [07/Feb/2026:06:25:17 -0800] "GET http://www.test.ngo.ge/tmp/webalizer/usage_202402.html HTTP/1.0" 200 114924 "https://seo-creative.ru/" "Mozilla/5.0 (Windows NT 10.0; Win64; x64) AppleWebKit/537.36 (KHTML, like Gecko) Chrome/129.0.0.0 Safari/537.36"
109.107.186.56 - - [07/Feb/2026:06:25:20 -0800] "GET /tmp/webalizer/usage_202402.html HTTP/1.0" 200 114924 "https://seo-creative.ru/" "Mozilla/5.0 (Windows NT 10.0; Win64; x64) AppleWebKit/537.36 (KHTML, like Gecko) Chrome/129.0.0.0 Safari/537.36"
101.132.222.120 - - [07/Feb/2026:06:44:10 -0800] "GET /tmp/webalizer/usage_202402.html HTTP/1.0" 200 114924 "https://seo-creative.ru/" "Mozilla/5.0 (Windows NT 10.0; Win64; x64) AppleWebKit/537.36 (KHTML, like Gecko) Chrome/130.0.0.0 Safari/537.36 CCleaner/130.0.0.0"
109.107.186.56 - - [07/Feb/2026:06:44:30 -0800] "GET http://www.test.ngo.ge/tmp/webalizer/usage_202402.html HTTP/1.0" 200 114924 "https://seo-creative.ru/" "Mozilla/5.0 (Windows NT 10.0; Win64; x64) AppleWebKit/537.36 (KHTML, like Gecko) Chrome/130.0.0.0 Safari/537.36"
109.107.186.56 - - [07/Feb/2026:06:44:33 -0800] "GET /tmp/webalizer/usage_202402.html HTTP/1.0" 200 114924 "https://seo-creative.ru/" "Mozilla/5.0 (Windows NT 10.0; Win64; x64) AppleWebKit/537.36 (KHTML, like Gecko) Chrome/130.0.0.0 Safari/537.36"
109.107.186.56 - - [07/Feb/2026:07:02:35 -0800] "GET http://www.test.ngo.ge/tmp/webalizer/usage_202402.html HTTP/1.0" 200 114924 "https://seo-creative.ru/" "Mozilla/5.0 (Windows NT 10.0; Win64; x64) AppleWebKit/537.36 (KHTML, like Gecko) Chrome/131.0.0.0 Safari/537.36 Avast/131.0.0.0"
109.107.186.56 - - [07/Feb/2026:07:02:38 -0800] "GET /tmp/webalizer/usage_202402.html HTTP/1.0" 200 114924 "https://seo-creative.ru/" "Mozilla/5.0 (Windows NT 10.0; Win64; x64) AppleWebKit/537.36 (KHTML, like Gecko) Chrome/129.0.0.0 Safari/537.36"
109.107.186.56 - - [07/Feb/2026:07:02:41 -0800] "GET /tmp/webalizer/usage_202402.html HTTP/1.0" 200 114924 "https://seo-creative.ru/" "Mozilla/5.0 (Windows NT 10.0; Win64; x64) AppleWebKit/537.36 (KHTML, like Gecko) Chrome/130.0.0.0 Safari/537.36 CCleaner/130.0.0.0"
104.152.52.203 - - [07/Feb/2026:07:16:27 -0800] "GET / HTTP/1.1" 200 2739 "-" "curl/7.61.1"
104.152.52.203 - - [07/Feb/2026:07:16:27 -0800] "GET /favicon.ico HTTP/1.1" 404 - "-" "curl/7.61.1"
209.135.168.41 - - [07/Feb/2026:07:21:55 -0800] "GET http://www.test.ngo.ge/tmp/webalizer/usage_202402.html HTTP/1.0" 200 114924 "https://seo-creative.ru/" "Mozilla/5.0 (Windows NT 10.0; Win64; x64) AppleWebKit/537.36 (KHTML, like Gecko) Chrome/131.0.0.0 Safari/537.36 Avast/131.0.0.0"
23.247.136.254 - - [07/Feb/2026:07:21:58 -0800] "GET /tmp/webalizer/usage_202402.html HTTP/1.0" 200 114924 "https://seo-creative.ru/" "Mozilla/5.0 (Windows NT 10.0; Win64; x64) AppleWebKit/537.36 (KHTML, like Gecko) Chrome/131.0.0.0 Safari/537.36 Avast/131.0.0.0"
154.16.115.97 - - [07/Feb/2026:07:22:02 -0800] "GET /tmp/webalizer/usage_202402.html HTTP/1.1" 200 114924 "https://seo-creative.ru/" "Mozilla/5.0 (Windows NT 10.0; Win64; x64) AppleWebKit/537.36 (KHTML, like Gecko) Chrome/130.0.0.0 Safari/537.36"
23.247.136.254 - - [07/Feb/2026:07:40:52 -0800] "GET /tmp/webalizer/usage_202402.html HTTP/1.0" 200 114924 "https://seo-creative.ru/" "Mozilla/5.0 (Windows NT 10.0; Win64; x64) AppleWebKit/537.36 (KHTML, like Gecko) Chrome/130.0.0.0 Safari/537.36"
109.107.186.56 - - [07/Feb/2026:07:41:11 -0800] "GET http://www.test.ngo.ge/tmp/webalizer/usage_202402.html HTTP/1.0" 200 114924 "https://seo-creative.ru/" "Mozilla/5.0 (Windows NT 10.0; Win64; x64) AppleWebKit/537.36 (KHTML, like Gecko) Chrome/131.0.0.0 Safari/537.36 Avast/131.0.0.0"
109.107.186.56 - - [07/Feb/2026:07:41:15 -0800] "GET /tmp/webalizer/usage_202402.html HTTP/1.0" 200 114924 "https://seo-creative.ru/" "Mozilla/5.0 (Windows NT 10.0; Win64; x64) AppleWebKit/537.36 (KHTML, like Gecko) Chrome/131.0.0.0 Safari/537.36 Avast/131.0.0.0"
114.119.146.37 - - [07/Feb/2026:07:43:27 -0800] "GET /mail/new/1475620081.H667059P2227.peshe.info-tbilisi.com,S=1569 HTTP/1.1" 200 1569 "http://test.ngo.ge/mail/new" "Mozilla/5.0 (Linux; Android 7.0;) AppleWebKit/537.36 (KHTML, like Gecko) Mobile Safari/537.36 (compatible; PetalBot;+https://webmaster.petalsearch.com/site/petalbot)"
114.119.141.100 - - [07/Feb/2026:07:45:11 -0800] "GET /cache/cache_84fa8fe747c703c84c738da432ccda8f HTTP/1.1" 200 - "http://test.ngo.ge/cache/" "Mozilla/5.0 (Linux; Android 7.0;) AppleWebKit/537.36 (KHTML, like Gecko) Mobile Safari/537.36 (compatible; PetalBot;+https://webmaster.petalsearch.com/site/petalbot)"
109.107.186.56 - - [07/Feb/2026:08:00:13 -0800] "GET http://www.test.ngo.ge/tmp/webalizer/usage_202402.html HTTP/1.0" 200 114924 "https://seo-creative.ru/" "Mozilla/5.0 (Windows NT 10.0; Win64; x64) AppleWebKit/537.36 (KHTML, like Gecko) Chrome/131.0.0.0 Safari/537.36 Avast/131.0.0.0"
109.107.186.56 - - [07/Feb/2026:08:00:16 -0800] "GET /tmp/webalizer/usage_202402.html HTTP/1.0" 200 114924 "https://seo-creative.ru/" "Mozilla/5.0 (Windows NT 10.0; Win64; x64) AppleWebKit/537.36 (KHTML, like Gecko) Chrome/130.0.0.0 Safari/537.36 CCleaner/130.0.0.0"
109.107.186.56 - - [07/Feb/2026:08:00:19 -0800] "GET /tmp/webalizer/usage_202402.html HTTP/1.0" 200 114924 "https://seo-creative.ru/" "Mozilla/5.0 (Windows NT 10.0; Win64; x64) AppleWebKit/537.36 (KHTML, like Gecko) Chrome/130.0.0.0 Safari/537.36"
109.107.186.56 - - [07/Feb/2026:08:19:22 -0800] "GET http://www.test.ngo.ge/tmp/webalizer/usage_202402.html HTTP/1.0" 200 114924 "https://seo-creative.ru/" "Mozilla/5.0 (Windows NT 10.0; Win64; x64) AppleWebKit/537.36 (KHTML, like Gecko) Chrome/129.0.0.0 Safari/537.36"
109.107.186.56 - - [07/Feb/2026:08:19:26 -0800] "GET /tmp/webalizer/usage_202402.html HTTP/1.0" 200 114924 "https://seo-creative.ru/" "Mozilla/5.0 (Windows NT 10.0; Win64; x64) AppleWebKit/537.36 (KHTML, like Gecko) Chrome/130.0.0.0 Safari/537.36 CCleaner/130.0.0.0"
109.107.186.56 - - [07/Feb/2026:08:19:29 -0800] "GET /tmp/webalizer/usage_202402.html HTTP/1.0" 200 114924 "https://seo-creative.ru/" "Mozilla/5.0 (Windows NT 10.0; Win64; x64) AppleWebKit/537.36 (KHTML, like Gecko) Chrome/130.0.0.0 Safari/537.36"
198.23.161.101 - - [07/Feb/2026:08:28:23 -0800] "GET /tmp/webalizer/usage_202404.html HTTP/1.1" 200 115638 "http://test.ngo.ge/" "Mozilla/5.0 (Macintosh; Intel Mac OS X 12_5) AppleWebKit/537.36 (KHTML, like Gecko) Chrome/114.0.0.0 Safari/537.36 OPR/89.0.4447.51"
193.8.80.48 - - [07/Feb/2026:08:28:26 -0800] "GET / HTTP/1.1" 404 - "https://bullminers.eu" "Mozilla/4.0 Crypto Mining Equipment at Unbeatable Prices (Windows NT 5.1; U; en) Presto/2.10.229 Version/11.60"
194.126.194.152 - - [07/Feb/2026:08:28:27 -0800] "GET / HTTP/1.1" 404 - "https://bullminers.eu" "Mozilla/4.0 Crypto Mining Equipment at Unbeatable Prices (Windows NT 5.1; U; en) Presto/2.10.229 Version/11.60"
109.198.36.219 - - [07/Feb/2026:08:28:29 -0800] "GET / HTTP/1.1" 404 - "https://bullminers.eu" "Mozilla/4.0 Crypto Mining Equipment at Unbeatable Prices (Windows NT 5.1; U; en) Presto/2.10.229 Version/11.60"
94.176.85.8 - - [07/Feb/2026:08:28:45 -0800] "GET /tmp/webalizer/usage_202404.html HTTP/1.1" 404 - "http://test.ngo.ge/" "Mozilla/4.0 Crypto Mining Equipment at Unbeatable Prices (Windows NT 5.1; U; en) Presto/2.10.229 Version/11.60"
45.94.247.183 - - [07/Feb/2026:08:29:01 -0800] "GET /tmp/webalizer/usage_202404.html HTTP/1.1" 404 - "http://test.ngo.ge/" "Mozilla/4.0 Crypto Mining Equipment at Unbeatable Prices (Windows NT 5.1; U; en) Presto/2.10.229 Version/11.60"
176.119.9.105 - - [07/Feb/2026:08:29:02 -0800] "GET /tmp/webalizer/usage_202404.html HTTP/1.1" 404 - "http://test.ngo.ge/" "Mozilla/4.0 Crypto Mining Equipment at Unbeatable Prices (Windows NT 5.1; U; en) Presto/2.10.229 Version/11.60"
144.172.100.6 - - [07/Feb/2026:08:29:03 -0800] "GET /tmp/webalizer/usage_202602.html HTTP/1.1" 404 - "-" "Mozilla/4.0 Crypto Mining Equipment at Unbeatable Prices (Windows NT 5.1; U; en) Presto/2.10.229 Version/11.60"
144.172.100.6 - - [07/Feb/2026:08:35:51 -0800] "GET /tmp/webalizer/usage_202602.html HTTP/1.1" 200 116085 "-" "Mozilla/5.0 (Windows NT 10.0) AppleWebKit/537.36 (KHTML, like Gecko) Chrome/114.0.0.0 Safari/537.36"
154.16.115.97 - - [07/Feb/2026:08:38:21 -0800] "GET /tmp/webalizer/usage_202402.html HTTP/1.1" 200 114924 "https://seo-creative.ru/" "Mozilla/5.0 (Windows NT 10.0; Win64; x64) AppleWebKit/537.36 (KHTML, like Gecko) Chrome/130.0.0.0 Safari/537.36"
174.136.204.40 - - [07/Feb/2026:08:38:34 -0800] "GET http://www.test.ngo.ge/tmp/webalizer/usage_202402.html HTTP/1.0" 200 114924 "https://seo-creative.ru/" "Mozilla/5.0 (Windows NT 10.0; Win64; x64) AppleWebKit/537.36 (KHTML, like Gecko) Chrome/129.0.0.0 Safari/537.36"
109.107.186.56 - - [07/Feb/2026:08:58:36 -0800] "GET http://www.test.ngo.ge/tmp/webalizer/usage_202402.html HTTP/1.0" 200 114924 "https://seo-creative.ru/" "Mozilla/5.0 (Windows NT 10.0; Win64; x64) AppleWebKit/537.36 (KHTML, like Gecko) Chrome/131.0.0.0 Safari/537.36"
109.107.186.56 - - [07/Feb/2026:08:58:39 -0800] "GET /tmp/webalizer/usage_202402.html HTTP/1.0" 200 114924 "https://seo-creative.ru/" "Mozilla/5.0 (Windows NT 10.0; Win64; x64) AppleWebKit/537.36 (KHTML, like Gecko) Chrome/130.0.0.0 Safari/537.36 CCleaner/130.0.0.0"
109.107.186.56 - - [07/Feb/2026:08:58:42 -0800] "GET /tmp/webalizer/usage_202402.html HTTP/1.0" 200 114924 "https://seo-creative.ru/" "Mozilla/5.0 (Windows NT 10.0; Win64; x64) AppleWebKit/537.36 (KHTML, like Gecko) Chrome/131.0.0.0 Safari/537.36 Avast/131.0.0.0"
114.119.149.232 - - [07/Feb/2026:09:14:47 -0800] "GET /cache/cache_6223144c07e9158e3242db7bdc1b779b HTTP/1.1" 200 - "http://test.ngo.ge/cache/" "Mozilla/5.0 (Linux; Android 7.0;) AppleWebKit/537.36 (KHTML, like Gecko) Mobile Safari/537.36 (compatible; PetalBot;+https://webmaster.petalsearch.com/site/petalbot)"
23.247.136.254 - - [07/Feb/2026:09:18:08 -0800] "GET /tmp/webalizer/usage_202402.html HTTP/1.0" 200 114924 "https://seo-creative.ru/" "Mozilla/5.0 (Windows NT 10.0; Win64; x64) AppleWebKit/537.36 (KHTML, like Gecko) Chrome/131.0.0.0 Safari/537.36"
174.136.204.40 - - [07/Feb/2026:09:18:17 -0800] "GET http://www.test.ngo.ge/tmp/webalizer/usage_202402.html HTTP/1.0" 200 114924 "https://seo-creative.ru/" "Mozilla/5.0 (Windows NT 10.0; Win64; x64) AppleWebKit/537.36 (KHTML, like Gecko) Chrome/131.0.0.0 Safari/537.36"
101.132.222.120 - - [07/Feb/2026:09:18:31 -0800] "GET /tmp/webalizer/usage_202402.html HTTP/1.0" 200 114924 "https://seo-creative.ru/" "Mozilla/5.0 (Windows NT 10.0; Win64; x64) AppleWebKit/537.36 (KHTML, like Gecko) Chrome/130.0.0.0 Safari/537.36"
114.119.153.97 - - [07/Feb/2026:09:30:32 -0800] "GET /cache/cache_43af29690d04bf76722dbdb24ff89927 HTTP/1.1" 200 - "http://test.ngo.ge/cache/" "Mozilla/5.0 (Linux; Android 7.0;) AppleWebKit/537.36 (KHTML, like Gecko) Mobile Safari/537.36 (compatible; PetalBot;+https://webmaster.petalsearch.com/site/petalbot)"
192.73.244.36 - - [07/Feb/2026:09:37:26 -0800] "GET /tmp/webalizer/usage_202402.html HTTP/1.1" 200 114924 "https://seo-creative.ru/" "Mozilla/5.0 (Windows NT 10.0; Win64; x64) AppleWebKit/537.36 (KHTML, like Gecko) Chrome/130.0.0.0 Safari/537.36 CCleaner/130.0.0.0"
154.16.115.97 - - [07/Feb/2026:09:37:32 -0800] "GET /tmp/webalizer/usage_202402.html HTTP/1.1" 200 114924 "https://seo-creative.ru/" "Mozilla/5.0 (Windows NT 10.0; Win64; x64) AppleWebKit/537.36 (KHTML, like Gecko) Chrome/130.0.0.0 Safari/537.36 CCleaner/130.0.0.0"
101.132.222.120 - - [07/Feb/2026:09:37:40 -0800] "GET /tmp/webalizer/usage_202402.html HTTP/1.0" 200 114924 "https://seo-creative.ru/" "Mozilla/5.0 (Windows NT 10.0; Win64; x64) AppleWebKit/537.36 (KHTML, like Gecko) Chrome/131.0.0.0 Safari/537.36"
114.119.133.1 - - [07/Feb/2026:09:40:40 -0800] "GET /mail/new/1475619421.H306799P32590.peshe.info-tbilisi.com,S=1569 HTTP/1.1" 200 1569 "http://test.ngo.ge/mail/new" "Mozilla/5.0 (Linux; Android 7.0;) AppleWebKit/537.36 (KHTML, like Gecko) Mobile Safari/537.36 (compatible; PetalBot;+https://webmaster.petalsearch.com/site/petalbot)"
114.119.149.232 - - [07/Feb/2026:09:42:31 -0800] "GET /tmp/analog/test.ngo.ge/1.html HTTP/1.1" 200 1303205 "http://test.ngo.ge/tmp/analog/test.ngo.ge/1.html" "Mozilla/5.0 (Linux; Android 7.0;) AppleWebKit/537.36 (KHTML, like Gecko) Mobile Safari/537.36 (compatible; PetalBot;+https://webmaster.petalsearch.com/site/petalbot)"
114.119.131.123 - - [07/Feb/2026:09:46:11 -0800] "GET /tmp/webalizer/usage_202502.html?45.128.133.218 HTTP/1.1" 200 118420 "http://test.ngo.ge/tmp/analog/ssl/test.ngo.ge/1.html" "Mozilla/5.0 (Linux; Android 7.0;) AppleWebKit/537.36 (KHTML, like Gecko) Mobile Safari/537.36 (compatible; PetalBot;+https://webmaster.petalsearch.com/site/petalbot)"
114.119.149.232 - - [07/Feb/2026:09:47:59 -0800] "GET /cache/cache_4212d43a3fc74e2e0c40b948cce16d26 HTTP/1.1" 200 - "http://test.ngo.ge/cache/" "Mozilla/5.0 (Linux; Android 7.0;) AppleWebKit/537.36 (KHTML, like Gecko) Mobile Safari/537.36 (compatible; PetalBot;+https://webmaster.petalsearch.com/site/petalbot)"
114.119.141.100 - - [07/Feb/2026:09:51:39 -0800] "GET /cache/cache_65aa5b2f6edafb3103c89db401541baa HTTP/1.1" 200 - "http://test.ngo.ge/cache/" "Mozilla/5.0 (Linux; Android 7.0;) AppleWebKit/537.36 (KHTML, like Gecko) Mobile Safari/537.36 (compatible; PetalBot;+https://webmaster.petalsearch.com/site/petalbot)"
83.24.185.75 - - [07/Feb/2026:09:58:05 -0800] "GET /tmp/webalizer/usage_202402.html HTTP/1.1" 200 114924 "http://www.test.ngo.ge/" "Mozilla/5.0 (X11; Linux i686; rv:114.0) Gecko/20100101 Firefox/114.0"
202.55.67.194 - - [07/Feb/2026:09:58:11 -0800] "GET http://www.test.ngo.ge/tmp/webalizer/usage_202402.html HTTP/1.0" 200 114924 "https://seo-creative.ru/" "Mozilla/5.0 (Windows NT 10.0; Win64; x64) AppleWebKit/537.36 (KHTML, like Gecko) Chrome/129.0.0.0 Safari/537.36"
83.24.185.75 - - [07/Feb/2026:09:58:11 -0800] "GET / HTTP/1.1" 404 - "https://www.google.com/search?q=%3Ca+href%3D%22http://repaircddvd.com%22%3EDVD. It allow you to retrieve the files from damaged CD DVD and data corrupted save disk.%3C%2Fa%3E" "Mozilla/4.0 DVD. It allow you to retrieve the files from damaged CD DVD and data corrupted save disk. (Windows NT 5.1; U; en) Presto/2.10.229 Version/11.60"
83.24.185.75 - - [07/Feb/2026:09:58:11 -0800] "GET /tmp/webalizer/usage_202402.html HTTP/1.1" 404 - "http://www.test.ngo.ge/" "Mozilla/4.0 DVD. It allow you to retrieve the files from damaged CD DVD and data corrupted save disk. (Windows NT 5.1; U; en) Presto/2.10.229 Version/11.60"
83.24.185.75 - - [07/Feb/2026:09:58:12 -0800] "GET /tmp/webalizer/usage_202602.html HTTP/1.1" 404 - "-" "Mozilla/4.0 DVD. It allow you to retrieve the files from damaged CD DVD and data corrupted save disk. (Windows NT 5.1; U; en) Presto/2.10.229 Version/11.60"
154.16.115.97 - - [07/Feb/2026:09:58:25 -0800] "GET /tmp/webalizer/usage_202402.html HTTP/1.1" 200 114924 "https://seo-creative.ru/" "Mozilla/5.0 (Windows NT 10.0; Win64; x64) AppleWebKit/537.36 (KHTML, like Gecko) Chrome/130.0.0.0 Safari/537.36 CCleaner/130.0.0.0"
49.245.63.150 - - [07/Feb/2026:09:58:44 -0800] "GET http://www.test.ngo.ge/tmp/webalizer/usage_202402.html HTTP/1.0" 200 114924 "https://seo-creative.ru/" "Mozilla/5.0 (Windows NT 10.0; Win64; x64) AppleWebKit/537.36 (KHTML, like Gecko) Chrome/131.0.0.0 Safari/537.36 Avast/131.0.0.0"
109.107.186.56 - - [07/Feb/2026:10:18:17 -0800] "GET http://www.test.ngo.ge/tmp/webalizer/usage_202402.html HTTP/1.0" 200 114924 "https://seo-creative.ru/" "Mozilla/5.0 (Windows NT 10.0; Win64; x64) AppleWebKit/537.36 (KHTML, like Gecko) Chrome/131.0.0.0 Safari/537.36"
109.107.186.56 - - [07/Feb/2026:10:18:20 -0800] "GET /tmp/webalizer/usage_202402.html HTTP/1.0" 200 114924 "https://seo-creative.ru/" "Mozilla/5.0 (Windows NT 10.0; Win64; x64) AppleWebKit/537.36 (KHTML, like Gecko) Chrome/131.0.0.0 Safari/537.36"
109.107.186.56 - - [07/Feb/2026:10:18:23 -0800] "GET /tmp/webalizer/usage_202402.html HTTP/1.0" 200 114924 "https://seo-creative.ru/" "Mozilla/5.0 (Windows NT 10.0; Win64; x64) AppleWebKit/537.36 (KHTML, like Gecko) Chrome/131.0.0.0 Safari/537.36 Avast/131.0.0.0"
114.119.133.1 - - [07/Feb/2026:10:33:08 -0800] "GET /mail/inbox HTTP/1.1" 200 - "https://test.ngo.ge/mail/" "Mozilla/5.0 (Linux; Android 7.0;) AppleWebKit/537.36 (KHTML, like Gecko) Mobile Safari/537.36 (compatible; PetalBot;+https://webmaster.petalsearch.com/site/petalbot)"
45.59.186.60 - - [07/Feb/2026:10:38:50 -0800] "GET http://www.test.ngo.ge/tmp/webalizer/usage_202402.html HTTP/1.0" 200 114924 "https://seo-creative.ru/" "Mozilla/5.0 (Windows NT 10.0; Win64; x64) AppleWebKit/537.36 (KHTML, like Gecko) Chrome/131.0.0.0 Safari/537.36 Avast/131.0.0.0"
154.16.115.97 - - [07/Feb/2026:10:39:11 -0800] "GET /tmp/webalizer/usage_202402.html HTTP/1.1" 200 114924 "https://seo-creative.ru/" "Mozilla/5.0 (Windows NT 10.0; Win64; x64) AppleWebKit/537.36 (KHTML, like Gecko) Chrome/130.0.0.0 Safari/537.36"
104.210.140.128 - - [07/Feb/2026:10:57:45 -0800] "GET /robots.txt HTTP/1.1" 404 - "-" "Mozilla/5.0 (Macintosh; Intel Mac OS X 10_15_7) AppleWebKit/537.36 (KHTML, like Gecko) Chrome/131.0.0.0 Safari/537.36; compatible; OAI-SearchBot/1.0; +https://openai.com/searchbot"
101.132.222.120 - - [07/Feb/2026:10:58:23 -0800] "GET /tmp/webalizer/usage_202402.html HTTP/1.0" 200 114924 "https://seo-creative.ru/" "Mozilla/5.0 (Windows NT 10.0; Win64; x64) AppleWebKit/537.36 (KHTML, like Gecko) Chrome/130.0.0.0 Safari/537.36 CCleaner/130.0.0.0"
23.247.136.254 - - [07/Feb/2026:10:59:10 -0800] "GET /tmp/webalizer/usage_202402.html HTTP/1.0" 200 114924 "https://seo-creative.ru/" "Mozilla/5.0 (Windows NT 10.0; Win64; x64) AppleWebKit/537.36 (KHTML, like Gecko) Chrome/131.0.0.0 Safari/537.36"
77.242.177.57 - - [07/Feb/2026:10:59:20 -0800] "GET /tmp/webalizer/usage_202402.html HTTP/1.1" 200 114924 "https://seo-creative.ru/" "Mozilla/5.0 (Windows NT 10.0; Win64; x64) AppleWebKit/537.36 (KHTML, like Gecko) Chrome/130.0.0.0 Safari/537.36 CCleaner/130.0.0.0"
114.119.131.123 - - [07/Feb/2026:10:59:42 -0800] "GET /mail/new/1475612221.H981307P24191.peshe.info-tbilisi.com,S=1569 HTTP/1.1" 200 1569 "http://test.ngo.ge/mail/new" "Mozilla/5.0 (Linux; Android 7.0;) AppleWebKit/537.36 (KHTML, like Gecko) Mobile Safari/537.36 (compatible; PetalBot;+https://webmaster.petalsearch.com/site/petalbot)"
114.119.153.97 - - [07/Feb/2026:11:01:32 -0800] "GET /cache/cache_ce82ef0856aa87f994bc29423adcb358 HTTP/1.1" 200 - "http://test.ngo.ge/cache/" "Mozilla/5.0 (Linux; Android 7.0;) AppleWebKit/537.36 (KHTML, like Gecko) Mobile Safari/537.36 (compatible; PetalBot;+https://webmaster.petalsearch.com/site/petalbot)"
40.113.19.56 - - [07/Feb/2026:11:07:30 -0800] "GET /wp-content/plugins/hellopress/wp_filemanager.php HTTP/1.1" 404 - "-" "-"
40.113.19.56 - - [07/Feb/2026:11:07:30 -0800] "GET /new4.php HTTP/1.1" 404 16 "-" "-"
40.113.19.56 - - [07/Feb/2026:11:07:30 -0800] "GET /nw.php HTTP/1.1" 404 16 "-" "-"
40.113.19.56 - - [07/Feb/2026:11:07:30 -0800] "GET /nnyvn.php HTTP/1.1" 404 16 "-" "-"
40.113.19.56 - - [07/Feb/2026:11:07:30 -0800] "GET /cu.php HTTP/1.1" 404 16 "-" "-"
40.113.19.56 - - [07/Feb/2026:11:07:30 -0800] "GET /lul.php HTTP/1.1" 404 16 "-" "-"
40.113.19.56 - - [07/Feb/2026:11:07:30 -0800] "GET /0.php HTTP/1.1" 404 16 "-" "-"
40.113.19.56 - - [07/Feb/2026:11:07:31 -0800] "GET /lp5.php HTTP/1.1" 404 16 "-" "-"
40.113.19.56 - - [07/Feb/2026:11:07:31 -0800] "GET /ee8.php HTTP/1.1" 404 16 "-" "-"
40.113.19.56 - - [07/Feb/2026:11:07:31 -0800] "GET /V2_xml.php HTTP/1.1" 404 16 "-" "-"
40.113.19.56 - - [07/Feb/2026:11:07:31 -0800] "GET /ya.php HTTP/1.1" 404 16 "-" "-"
40.113.19.56 - - [07/Feb/2026:11:07:31 -0800] "GET /xmff.php HTTP/1.1" 404 16 "-" "-"
40.113.19.56 - - [07/Feb/2026:11:07:31 -0800] "GET /oDR.php HTTP/1.1" 404 16 "-" "-"
40.113.19.56 - - [07/Feb/2026:11:07:31 -0800] "GET /ftem.php HTTP/1.1" 404 16 "-" "-"
40.113.19.56 - - [07/Feb/2026:11:07:32 -0800] "GET /Ova-Simple.php HTTP/1.1" 404 16 "-" "-"
40.113.19.56 - - [07/Feb/2026:11:07:32 -0800] "GET /wp-access.php HTTP/1.1" 404 16 "-" "-"
40.113.19.56 - - [07/Feb/2026:11:07:32 -0800] "GET /a1vx.php HTTP/1.1" 404 16 "-" "-"
40.113.19.56 - - [07/Feb/2026:11:07:32 -0800] "GET /sbhu.php HTTP/1.1" 404 16 "-" "-"
40.113.19.56 - - [07/Feb/2026:11:07:32 -0800] "GET /wp-the.php HTTP/1.1" 404 16 "-" "-"
40.113.19.56 - - [07/Feb/2026:11:07:32 -0800] "GET /06.php HTTP/1.1" 404 16 "-" "-"
40.113.19.56 - - [07/Feb/2026:11:07:32 -0800] "GET /wp5.php HTTP/1.1" 404 16 "-" "-"
40.113.19.56 - - [07/Feb/2026:11:07:33 -0800] "GET /te.php HTTP/1.1" 404 16 "-" "-"
40.113.19.56 - - [07/Feb/2026:11:07:33 -0800] "GET /fot.php HTTP/1.1" 404 16 "-" "-"
40.113.19.56 - - [07/Feb/2026:11:07:33 -0800] "GET /x--krood.php HTTP/1.1" 404 16 "-" "-"
40.113.19.56 - - [07/Feb/2026:11:07:33 -0800] "GET /ff1.php HTTP/1.1" 404 16 "-" "-"
40.113.19.56 - - [07/Feb/2026:11:07:33 -0800] "GET /forbidals.php HTTP/1.1" 404 16 "-" "-"
40.113.19.56 - - [07/Feb/2026:11:07:33 -0800] "GET /vdb.php HTTP/1.1" 404 16 "-" "-"
40.113.19.56 - - [07/Feb/2026:11:07:33 -0800] "GET //erty.php HTTP/1.1" 404 16 "-" "-"
40.113.19.56 - - [07/Feb/2026:11:07:34 -0800] "GET /dev1s.php HTTP/1.1" 404 16 "-" "-"
40.113.19.56 - - [07/Feb/2026:11:07:34 -0800] "GET /ffd.php HTTP/1.1" 404 16 "-" "-"
40.113.19.56 - - [07/Feb/2026:11:07:34 -0800] "GET /admiin.php HTTP/1.1" 404 16 "-" "-"
40.113.19.56 - - [07/Feb/2026:11:07:35 -0800] "GET /ol.php HTTP/1.1" 404 16 "-" "-"
40.113.19.56 - - [07/Feb/2026:11:07:35 -0800] "GET /jmfi2.php HTTP/1.1" 404 16 "-" "-"
40.113.19.56 - - [07/Feb/2026:11:07:35 -0800] "GET /ez.php HTTP/1.1" 404 16 "-" "-"
40.113.19.56 - - [07/Feb/2026:11:07:35 -0800] "GET /Sanskrit.php HTTP/1.1" 404 16 "-" "-"
40.113.19.56 - - [07/Feb/2026:11:07:35 -0800] "GET /vxrl.php HTTP/1.1" 404 16 "-" "-"
40.113.19.56 - - [07/Feb/2026:11:07:35 -0800] "GET /re.php HTTP/1.1" 404 16 "-" "-"
40.113.19.56 - - [07/Feb/2026:11:07:35 -0800] "GET /cfile.php HTTP/1.1" 404 16 "-" "-"
40.113.19.56 - - [07/Feb/2026:11:07:36 -0800] "GET /num.php HTTP/1.1" 404 16 "-" "-"
40.113.19.56 - - [07/Feb/2026:11:07:36 -0800] "GET /axx.php HTTP/1.1" 404 16 "-" "-"
40.113.19.56 - - [07/Feb/2026:11:07:36 -0800] "GET /vxrl.php HTTP/1.1" 404 16 "-" "-"
40.113.19.56 - - [07/Feb/2026:11:07:36 -0800] "GET /in.php HTTP/1.1" 404 16 "-" "-"
40.113.19.56 - - [07/Feb/2026:11:07:36 -0800] "GET /style.php HTTP/1.1" 404 16 "-" "-"
40.113.19.56 - - [07/Feb/2026:11:07:36 -0800] "GET /we.php HTTP/1.1" 404 16 "-" "-"
40.113.19.56 - - [07/Feb/2026:11:07:36 -0800] "GET /zwso.php HTTP/1.1" 404 16 "-" "-"
40.113.19.56 - - [07/Feb/2026:11:07:37 -0800] "GET /karak.php HTTP/1.1" 404 16 "-" "-"
40.113.19.56 - - [07/Feb/2026:11:07:37 -0800] "GET /trd.php HTTP/1.1" 404 16 "-" "-"
40.113.19.56 - - [07/Feb/2026:11:07:37 -0800] "GET /past.php HTTP/1.1" 404 16 "-" "-"
40.113.19.56 - - [07/Feb/2026:11:07:37 -0800] "GET /prv8.php HTTP/1.1" 404 16 "-" "-"
40.113.19.56 - - [07/Feb/2026:11:07:37 -0800] "GET /i.php HTTP/1.1" 404 16 "-" "-"
40.113.19.56 - - [07/Feb/2026:11:07:38 -0800] "GET /admin/admin.php HTTP/1.1" 404 - "-" "-"
40.113.19.56 - - [07/Feb/2026:11:07:38 -0800] "GET /xmlrpc.php HTTP/1.1" 404 16 "-" "-"
40.113.19.56 - - [07/Feb/2026:11:07:38 -0800] "GET /aw.php HTTP/1.1" 404 16 "-" "-"
40.113.19.56 - - [07/Feb/2026:11:07:38 -0800] "GET /dev.php HTTP/1.1" 404 16 "-" "-"
40.113.19.56 - - [07/Feb/2026:11:07:38 -0800] "GET /lock360.php HTTP/1.1" 404 16 "-" "-"
40.113.19.56 - - [07/Feb/2026:11:07:38 -0800] "GET /155.php HTTP/1.1" 404 16 "-" "-"
40.113.19.56 - - [07/Feb/2026:11:07:38 -0800] "GET /goat.php HTTP/1.1" 404 16 "-" "-"
40.113.19.56 - - [07/Feb/2026:11:07:39 -0800] "GET /tcp.php HTTP/1.1" 404 16 "-" "-"
40.113.19.56 - - [07/Feb/2026:11:07:39 -0800] "GET /ext.php HTTP/1.1" 404 16 "-" "-"
40.113.19.56 - - [07/Feb/2026:11:07:39 -0800] "GET /199.php HTTP/1.1" 404 16 "-" "-"
40.113.19.56 - - [07/Feb/2026:11:07:39 -0800] "GET /inputs.php HTTP/1.1" 404 16 "-" "-"
40.113.19.56 - - [07/Feb/2026:11:07:40 -0800] "GET /ioxi.php HTTP/1.1" 404 16 "-" "-"
40.113.19.56 - - [07/Feb/2026:11:07:40 -0800] "GET /fe5.php HTTP/1.1" 404 16 "-" "-"
40.113.19.56 - - [07/Feb/2026:11:07:40 -0800] "GET /ov.php HTTP/1.1" 404 16 "-" "-"
40.113.19.56 - - [07/Feb/2026:11:07:40 -0800] "GET /file2.php HTTP/1.1" 404 16 "-" "-"
40.113.19.56 - - [07/Feb/2026:11:07:41 -0800] "GET /wp-content/plugins/index.php HTTP/1.1" 404 - "-" "-"
40.113.19.56 - - [07/Feb/2026:11:07:41 -0800] "GET /default.php HTTP/1.1" 404 16 "-" "-"
40.113.19.56 - - [07/Feb/2026:11:07:41 -0800] "GET /goods.php HTTP/1.1" 404 16 "-" "-"
40.113.19.56 - - [07/Feb/2026:11:07:41 -0800] "GET /abcd.php HTTP/1.1" 404 16 "-" "-"
40.113.19.56 - - [07/Feb/2026:11:07:41 -0800] "GET /ioxi2.php HTTP/1.1" 404 16 "-" "-"
40.113.19.56 - - [07/Feb/2026:11:07:41 -0800] "GET /nope.php HTTP/1.1" 404 16 "-" "-"
40.113.19.56 - - [07/Feb/2026:11:07:42 -0800] "GET /class.1.php HTTP/1.1" 404 16 "-" "-"
40.113.19.56 - - [07/Feb/2026:11:07:42 -0800] "GET /file5.php HTTP/1.1" 404 16 "-" "-"
40.113.19.56 - - [07/Feb/2026:11:07:42 -0800] "GET /async.php HTTP/1.1" 404 16 "-" "-"
40.113.19.56 - - [07/Feb/2026:11:07:42 -0800] "GET /file17.php HTTP/1.1" 404 16 "-" "-"
40.113.19.56 - - [07/Feb/2026:11:07:42 -0800] "GET /ff.php HTTP/1.1" 404 16 "-" "-"
40.113.19.56 - - [07/Feb/2026:11:07:42 -0800] "GET /ioxi-o.php HTTP/1.1" 404 16 "-" "-"
40.113.19.56 - - [07/Feb/2026:11:07:42 -0800] "GET /png.php HTTP/1.1" 404 16 "-" "-"
40.113.19.56 - - [07/Feb/2026:11:07:42 -0800] "GET /v2.php HTTP/1.1" 404 16 "-" "-"
40.113.19.56 - - [07/Feb/2026:11:07:43 -0800] "GET /pp.php HTTP/1.1" 404 16 "-" "-"
40.113.19.56 - - [07/Feb/2026:11:07:43 -0800] "GET /manager.php HTTP/1.1" 404 16 "-" "-"
40.113.19.56 - - [07/Feb/2026:11:07:43 -0800] "GET /188.php HTTP/1.1" 404 16 "-" "-"
40.113.19.56 - - [07/Feb/2026:11:07:43 -0800] "GET /wp-update.php HTTP/1.1" 404 16 "-" "-"
40.113.19.56 - - [07/Feb/2026:11:07:43 -0800] "GET /file.php? HTTP/1.1" 404 16 "-" "-"
40.113.19.56 - - [07/Feb/2026:11:07:43 -0800] "GET /wp-includes/certificates/plugins.php HTTP/1.1" 404 - "-" "-"
40.113.19.56 - - [07/Feb/2026:11:07:43 -0800] "GET /111.php HTTP/1.1" 404 16 "-" "-"
40.113.19.56 - - [07/Feb/2026:11:07:44 -0800] "GET /lc.php HTTP/1.1" 404 16 "-" "-"
40.113.19.56 - - [07/Feb/2026:11:07:44 -0800] "GET /hexx.php HTTP/1.1" 404 16 "-" "-"
40.113.19.56 - - [07/Feb/2026:11:07:44 -0800] "GET /cbrfo.php HTTP/1.1" 404 16 "-" "-"
40.113.19.56 - - [07/Feb/2026:11:07:44 -0800] "GET /inc.php HTTP/1.1" 404 16 "-" "-"
40.113.19.56 - - [07/Feb/2026:11:07:44 -0800] "GET /jquery.php HTTP/1.1" 404 16 "-" "-"
40.113.19.56 - - [07/Feb/2026:11:07:44 -0800] "GET /gifclass.php HTTP/1.1" 404 16 "-" "-"
40.113.19.56 - - [07/Feb/2026:11:07:44 -0800] "GET /miansha.php HTTP/1.1" 404 16 "-" "-"
40.113.19.56 - - [07/Feb/2026:11:07:44 -0800] "GET /tinyfilemanager.php HTTP/1.1" 404 16 "-" "-"
40.113.19.56 - - [07/Feb/2026:11:07:45 -0800] "GET //xfile25.php HTTP/1.1" 404 16 "-" "-"
40.113.19.56 - - [07/Feb/2026:11:07:45 -0800] "GET /122.php HTTP/1.1" 404 16 "-" "-"
40.113.19.56 - - [07/Feb/2026:11:07:45 -0800] "GET /ok.php HTTP/1.1" 404 16 "-" "-"
40.113.19.56 - - [07/Feb/2026:11:07:45 -0800] "GET /fi.php HTTP/1.1" 404 16 "-" "-"
40.113.19.56 - - [07/Feb/2026:11:07:45 -0800] "GET /muzu.php HTTP/1.1" 404 16 "-" "-"
40.113.19.56 - - [07/Feb/2026:11:07:45 -0800] "GET /reze.php HTTP/1.1" 404 16 "-" "-"
40.113.19.56 - - [07/Feb/2026:11:07:46 -0800] "GET /styll.php HTTP/1.1" 404 16 "-" "-"
40.113.19.56 - - [07/Feb/2026:11:07:46 -0800] "GET /x7.php HTTP/1.1" 404 16 "-" "-"
40.113.19.56 - - [07/Feb/2026:11:07:46 -0800] "GET /thebe.php HTTP/1.1" 404 16 "-" "-"
40.113.19.56 - - [07/Feb/2026:11:07:46 -0800] "GET /ddd.php HTTP/1.1" 404 16 "-" "-"
40.113.19.56 - - [07/Feb/2026:11:07:46 -0800] "GET /ccs.php HTTP/1.1" 404 16 "-" "-"
40.113.19.56 - - [07/Feb/2026:11:07:47 -0800] "GET /f355.php HTTP/1.1" 404 16 "-" "-"
40.113.19.56 - - [07/Feb/2026:11:07:47 -0800] "GET /bgymj.php HTTP/1.1" 404 16 "-" "-"
40.113.19.56 - - [07/Feb/2026:11:07:47 -0800] "GET /8xyz.php HTTP/1.1" 404 16 "-" "-"
40.113.19.56 - - [07/Feb/2026:11:07:47 -0800] "GET /la.php HTTP/1.1" 404 16 "-" "-"
40.113.19.56 - - [07/Feb/2026:11:07:47 -0800] "GET /ioxi.php HTTP/1.1" 404 16 "-" "-"
40.113.19.56 - - [07/Feb/2026:11:07:47 -0800] "GET /xpwer1.php HTTP/1.1" 404 16 "-" "-"
40.113.19.56 - - [07/Feb/2026:11:07:47 -0800] "GET //lala.php HTTP/1.1" 404 16 "-" "-"
40.113.19.56 - - [07/Feb/2026:11:07:48 -0800] "GET //about.php HTTP/1.1" 404 16 "-" "-"
40.113.19.56 - - [07/Feb/2026:11:07:48 -0800] "GET /wp-admin/images/commentv.php HTTP/1.1" 404 - "-" "-"
40.113.19.56 - - [07/Feb/2026:11:07:48 -0800] "GET //cgi-bin/index.php HTTP/1.1" 404 16 "-" "-"
40.113.19.56 - - [07/Feb/2026:11:07:48 -0800] "GET //wp-admin/images/wp-conflg.php HTTP/1.1" 404 - "-" "-"
40.113.19.56 - - [07/Feb/2026:11:07:48 -0800] "GET /wp-admin/images/wp-conflg.php HTTP/1.1" 404 - "-" "-"
40.113.19.56 - - [07/Feb/2026:11:07:48 -0800] "GET /info.php HTTP/1.1" 404 16 "-" "-"
40.113.19.56 - - [07/Feb/2026:11:07:48 -0800] "GET /about.php HTTP/1.1" 404 16 "-" "-"
40.113.19.56 - - [07/Feb/2026:11:07:48 -0800] "GET /x/ HTTP/1.1" 404 - "-" "-"
40.113.19.56 - - [07/Feb/2026:11:07:49 -0800] "GET /144.php HTTP/1.1" 404 16 "-" "-"
40.113.19.56 - - [07/Feb/2026:11:07:49 -0800] "GET /222.php HTTP/1.1" 404 16 "-" "-"
40.113.19.56 - - [07/Feb/2026:11:07:49 -0800] "GET /wp-includes/blocks/code/ HTTP/1.1" 404 - "-" "-"
40.113.19.56 - - [07/Feb/2026:11:07:49 -0800] "GET //adminfuns.php HTTP/1.1" 404 16 "-" "-"
40.113.19.56 - - [07/Feb/2026:11:07:49 -0800] "GET /wp-includes/PHPMailer/ HTTP/1.1" 404 - "-" "-"
40.113.19.56 - - [07/Feb/2026:11:07:49 -0800] "GET /xx.php HTTP/1.1" 404 16 "-" "-"
40.113.19.56 - - [07/Feb/2026:11:07:49 -0800] "GET /wp-admin/js/wp-conflg.php HTTP/1.1" 404 - "-" "-"
40.113.19.56 - - [07/Feb/2026:11:07:50 -0800] "GET /f5.php HTTP/1.1" 404 16 "-" "-"
40.113.19.56 - - [07/Feb/2026:11:07:50 -0800] "GET /flower.php HTTP/1.1" 404 16 "-" "-"
40.113.19.56 - - [07/Feb/2026:11:07:50 -0800] "GET //f6.php HTTP/1.1" 404 16 "-" "-"
40.113.19.56 - - [07/Feb/2026:11:07:50 -0800] "GET //edit.php HTTP/1.1" 404 16 "-" "-"
40.113.19.56 - - [07/Feb/2026:11:07:50 -0800] "GET //aa.php HTTP/1.1" 404 16 "-" "-"
40.113.19.56 - - [07/Feb/2026:11:07:50 -0800] "GET //wp-includes/js/dist/ HTTP/1.1" 404 - "-" "-"
40.113.19.56 - - [07/Feb/2026:11:07:50 -0800] "GET /wp-includes/SimplePie/ HTTP/1.1" 404 - "-" "-"
40.113.19.56 - - [07/Feb/2026:11:07:50 -0800] "GET //av.php HTTP/1.1" 404 16 "-" "-"
40.113.19.56 - - [07/Feb/2026:11:07:51 -0800] "GET /wp-includes/Text/Diff/Engine/about.php HTTP/1.1" 404 - "-" "-"
40.113.19.56 - - [07/Feb/2026:11:07:51 -0800] "GET /wsd.php HTTP/1.1" 404 16 "-" "-"
40.113.19.56 - - [07/Feb/2026:11:07:51 -0800] "GET /jane.php HTTP/1.1" 404 16 "-" "-"
40.113.19.56 - - [07/Feb/2026:11:07:51 -0800] "GET /css.php HTTP/1.1" 404 16 "-" "-"
40.113.19.56 - - [07/Feb/2026:11:07:51 -0800] "GET /alfa.php HTTP/1.1" 404 16 "-" "-"
40.113.19.56 - - [07/Feb/2026:11:07:51 -0800] "GET /wen.php HTTP/1.1" 404 16 "-" "-"
40.113.19.56 - - [07/Feb/2026:11:07:51 -0800] "GET /x.php HTTP/1.1" 404 16 "-" "-"
40.113.19.56 - - [07/Feb/2026:11:07:52 -0800] "GET /xxxx.php HTTP/1.1" 404 16 "-" "-"
40.113.19.56 - - [07/Feb/2026:11:07:52 -0800] "GET //class.php HTTP/1.1" 404 16 "-" "-"
40.113.19.56 - - [07/Feb/2026:11:07:52 -0800] "GET /f35.php HTTP/1.1" 404 16 "-" "-"
40.113.19.56 - - [07/Feb/2026:11:07:52 -0800] "GET /wp-admin/about.php HTTP/1.1" 404 - "-" "-"
40.113.19.56 - - [07/Feb/2026:11:07:52 -0800] "GET /update/f35.php HTTP/1.1" 404 - "-" "-"
40.113.19.56 - - [07/Feb/2026:11:07:52 -0800] "GET /wp-content/themes/about.php HTTP/1.1" 404 - "-" "-"
40.113.19.56 - - [07/Feb/2026:11:07:52 -0800] "GET /class-t.api.php HTTP/1.1" 404 16 "-" "-"
40.113.19.56 - - [07/Feb/2026:11:07:53 -0800] "GET /blurbs18.php HTTP/1.1" 404 16 "-" "-"
40.113.19.56 - - [07/Feb/2026:11:07:53 -0800] "GET /.well-known/gecko-litespeed.php HTTP/1.1" 404 16 "-" "-"
40.113.19.56 - - [07/Feb/2026:11:07:53 -0800] "GET /wp-admin/maint/about.php HTTP/1.1" 404 - "-" "-"
40.113.19.56 - - [07/Feb/2026:11:07:53 -0800] "GET /wp-content/admin.php HTTP/1.1" 404 - "-" "-"
40.113.19.56 - - [07/Feb/2026:11:07:53 -0800] "GET /wp-admin/setup-config.php HTTP/1.1" 404 - "-" "-"
40.113.19.56 - - [07/Feb/2026:11:07:53 -0800] "GET /wp-includes/ID3/about.php?p= HTTP/1.1" 404 - "-" "-"
40.113.19.56 - - [07/Feb/2026:11:07:53 -0800] "GET /.well-known/admin.php HTTP/1.1" 404 16 "-" "-"
40.113.19.56 - - [07/Feb/2026:11:07:54 -0800] "GET /bless11.php HTTP/1.1" 404 16 "-" "-"
40.113.19.56 - - [07/Feb/2026:11:07:54 -0800] "GET /init.php HTTP/1.1" 404 16 "-" "-"
40.113.19.56 - - [07/Feb/2026:11:07:54 -0800] "GET /wp-content/plugins/pwnd/as.php HTTP/1.1" 404 - "-" "-"
40.113.19.56 - - [07/Feb/2026:11:07:54 -0800] "GET /k.php HTTP/1.1" 404 16 "-" "-"
40.113.19.56 - - [07/Feb/2026:11:07:54 -0800] "GET /bless.php HTTP/1.1" 404 16 "-" "-"
40.113.19.56 - - [07/Feb/2026:11:07:54 -0800] "GET /X7x.php HTTP/1.1" 404 16 "-" "-"
40.113.19.56 - - [07/Feb/2026:11:07:54 -0800] "GET /166.php HTTP/1.1" 404 16 "-" "-"
40.113.19.56 - - [07/Feb/2026:11:07:54 -0800] "GET /plss3.php HTTP/1.1" 404 16 "-" "-"
40.113.19.56 - - [07/Feb/2026:11:07:55 -0800] "GET /wp-admin/user/about.php HTTP/1.1" 404 - "-" "-"
40.113.19.56 - - [07/Feb/2026:11:07:55 -0800] "GET /177.php HTTP/1.1" 404 16 "-" "-"
40.113.19.56 - - [07/Feb/2026:11:07:55 -0800] "GET /admins.php HTTP/1.1" 404 16 "-" "-"
40.113.19.56 - - [07/Feb/2026:11:07:55 -0800] "GET /wp.php HTTP/1.1" 404 16 "-" "-"
40.113.19.56 - - [07/Feb/2026:11:07:55 -0800] "GET /main.php HTTP/1.1" 404 16 "-" "-"
40.113.19.56 - - [07/Feb/2026:11:07:56 -0800] "GET /a1.php HTTP/1.1" 404 16 "-" "-"
40.113.19.56 - - [07/Feb/2026:11:07:56 -0800] "GET /lala.php HTTP/1.1" 404 16 "-" "-"
40.113.19.56 - - [07/Feb/2026:11:07:56 -0800] "GET /aaa.php HTTP/1.1" 404 16 "-" "-"
40.113.19.56 - - [07/Feb/2026:11:07:56 -0800] "GET /a2.php HTTP/1.1" 404 16 "-" "-"
40.113.19.56 - - [07/Feb/2026:11:07:56 -0800] "GET /wp-includes/assets/index.php HTTP/1.1" 404 - "-" "-"
40.113.19.56 - - [07/Feb/2026:11:07:56 -0800] "GET /admin/function.php HTTP/1.1" 404 - "-" "-"
40.113.19.56 - - [07/Feb/2026:11:07:57 -0800] "GET /nyan.php HTTP/1.1" 404 16 "-" "-"
40.113.19.56 - - [07/Feb/2026:11:07:57 -0800] "GET /jsond.php HTTP/1.1" 404 16 "-" "-"
114.119.137.237 - - [07/Feb/2026:11:12:47 -0800] "GET /www/ HTTP/1.1" 200 1 "http://test.ngo.ge/tmp/analog/ssl/test.ngo.ge/2.html" "Mozilla/5.0 (Linux; Android 7.0;) AppleWebKit/537.36 (KHTML, like Gecko) Mobile Safari/537.36 (compatible; PetalBot;+https://webmaster.petalsearch.com/site/petalbot)"
114.119.141.100 - - [07/Feb/2026:11:14:44 -0800] "GET /mail/new/1372462291.H541797P3344.peshe.info-tbilisi.com,S=2493 HTTP/1.1" 200 2493 "http://test.ngo.ge/mail/new" "Mozilla/5.0 (Linux; Android 7.0;) AppleWebKit/537.36 (KHTML, like Gecko) Mobile Safari/537.36 (compatible; PetalBot;+https://webmaster.petalsearch.com/site/petalbot)"
23.247.136.254 - - [07/Feb/2026:11:17:49 -0800] "GET /tmp/webalizer/usage_202402.html HTTP/1.0" 200 114924 "https://seo-creative.ru/" "Mozilla/5.0 (Windows NT 10.0; Win64; x64) AppleWebKit/537.36 (KHTML, like Gecko) Chrome/130.0.0.0 Safari/537.36"
167.99.124.118 - - [07/Feb/2026:11:18:00 -0800] "GET /tmp/webalizer/usage_202402.html HTTP/1.1" 200 114924 "https://seo-creative.ru/" "Mozilla/5.0 (Windows NT 10.0; Win64; x64) AppleWebKit/537.36 (KHTML, like Gecko) Chrome/130.0.0.0 Safari/537.36"
174.138.54.65 - - [07/Feb/2026:11:18:17 -0800] "GET /tmp/webalizer/usage_202402.html HTTP/1.1" 200 114924 "https://seo-creative.ru/" "Mozilla/5.0 (Windows NT 10.0; Win64; x64) AppleWebKit/537.36 (KHTML, like Gecko) Chrome/130.0.0.0 Safari/537.36 CCleaner/130.0.0.0"
154.16.115.97 - - [07/Feb/2026:11:35:20 -0800] "GET /tmp/webalizer/usage_202402.html HTTP/1.1" 200 114924 "https://seo-creative.ru/" "Mozilla/5.0 (Windows NT 10.0; Win64; x64) AppleWebKit/537.36 (KHTML, like Gecko) Chrome/131.0.0.0 Safari/537.36 Avast/131.0.0.0"
109.107.186.56 - - [07/Feb/2026:11:35:38 -0800] "GET http://www.test.ngo.ge/tmp/webalizer/usage_202402.html HTTP/1.0" 200 114924 "https://seo-creative.ru/" "Mozilla/5.0 (Windows NT 10.0; Win64; x64) AppleWebKit/537.36 (KHTML, like Gecko) Chrome/131.0.0.0 Safari/537.36"
109.107.186.56 - - [07/Feb/2026:11:35:41 -0800] "GET /tmp/webalizer/usage_202402.html HTTP/1.0" 200 114924 "https://seo-creative.ru/" "Mozilla/5.0 (Windows NT 10.0; Win64; x64) AppleWebKit/537.36 (KHTML, like Gecko) Chrome/130.0.0.0 Safari/537.36"
114.119.146.37 - - [07/Feb/2026:11:38:26 -0800] "GET /mail/new/1263070599.H546367P16114.cougar.elinuxservers.com,S=2595 HTTP/1.1" 200 2595 "http://test.ngo.ge/mail/new" "Mozilla/5.0 (Linux; Android 7.0;) AppleWebKit/537.36 (KHTML, like Gecko) Mobile Safari/537.36 (compatible; PetalBot;+https://webmaster.petalsearch.com/site/petalbot)"
109.107.186.56 - - [07/Feb/2026:11:53:28 -0800] "GET http://www.test.ngo.ge/tmp/webalizer/usage_202402.html HTTP/1.0" 200 114924 "https://seo-creative.ru/" "Mozilla/5.0 (Windows NT 10.0; Win64; x64) AppleWebKit/537.36 (KHTML, like Gecko) Chrome/130.0.0.0 Safari/537.36 CCleaner/130.0.0.0"
109.107.186.56 - - [07/Feb/2026:11:53:31 -0800] "GET /tmp/webalizer/usage_202402.html HTTP/1.0" 200 114924 "https://seo-creative.ru/" "Mozilla/5.0 (Windows NT 10.0; Win64; x64) AppleWebKit/537.36 (KHTML, like Gecko) Chrome/130.0.0.0 Safari/537.36"
109.107.186.56 - - [07/Feb/2026:11:53:34 -0800] "GET /tmp/webalizer/usage_202402.html HTTP/1.0" 200 114924 "https://seo-creative.ru/" "Mozilla/5.0 (Windows NT 10.0; Win64; x64) AppleWebKit/537.36 (KHTML, like Gecko) Chrome/131.0.0.0 Safari/537.36 Avast/131.0.0.0"
114.119.133.1 - - [07/Feb/2026:12:04:00 -0800] "GET /tmp/analog/6.html HTTP/1.1" 200 119269 "https://test.ngo.ge/tmp/analog/9.html" "Mozilla/5.0 (Linux; Android 7.0;) AppleWebKit/537.36 (KHTML, like Gecko) Mobile Safari/537.36 (compatible; PetalBot;+https://webmaster.petalsearch.com/site/petalbot)"
114.119.153.97 - - [07/Feb/2026:12:05:40 -0800] "GET /mail/new/1475619961.H796485P1791.peshe.info-tbilisi.com,S=1569 HTTP/1.1" 200 1569 "http://test.ngo.ge/mail/new" "Mozilla/5.0 (Linux; Android 7.0;) AppleWebKit/537.36 (KHTML, like Gecko) Mobile Safari/537.36 (compatible; PetalBot;+https://webmaster.petalsearch.com/site/petalbot)"
114.119.139.207 - - [07/Feb/2026:12:07:19 -0800] "GET /mail/new/1475613541.H957923P28882.peshe.info-tbilisi.com,S=1569 HTTP/1.1" 200 1569 "http://test.ngo.ge/mail/new" "Mozilla/5.0 (Linux; Android 7.0;) AppleWebKit/537.36 (KHTML, like Gecko) Mobile Safari/537.36 (compatible; PetalBot;+https://webmaster.petalsearch.com/site/petalbot)"
66.249.75.7 - - [07/Feb/2026:12:07:38 -0800] "GET /robots.txt HTTP/1.1" 404 - "-" "Mozilla/5.0 (compatible; Googlebot/2.1; +http://www.google.com/bot.html)"
66.249.75.6 - - [07/Feb/2026:12:07:38 -0800] "GET /tmp/awstats/awstats042015.ngo.ge.txt HTTP/1.1" 200 70724 "-" "Mozilla/5.0 (Linux; Android 6.0.1; Nexus 5X Build/MMB29P) AppleWebKit/537.36 (KHTML, like Gecko) Chrome/144.0.7559.132 Mobile Safari/537.36 (compatible; Googlebot/2.1; +http://www.google.com/bot.html)"
114.119.141.100 - - [07/Feb/2026:12:08:59 -0800] "GET /cache/cache_5937784352f07abc71fdadee96540444 HTTP/1.1" 200 - "http://test.ngo.ge/cache/" "Mozilla/5.0 (Linux; Android 7.0;) AppleWebKit/537.36 (KHTML, like Gecko) Mobile Safari/537.36 (compatible; PetalBot;+https://webmaster.petalsearch.com/site/petalbot)"
77.242.177.57 - - [07/Feb/2026:12:11:39 -0800] "GET /tmp/webalizer/usage_202402.html HTTP/1.1" 200 114924 "https://seo-creative.ru/" "Mozilla/5.0 (Windows NT 10.0; Win64; x64) AppleWebKit/537.36 (KHTML, like Gecko) Chrome/129.0.0.0 Safari/537.36"
154.16.115.97 - - [07/Feb/2026:12:12:25 -0800] "GET /tmp/webalizer/usage_202402.html HTTP/1.1" 200 114924 "https://seo-creative.ru/" "Mozilla/5.0 (Windows NT 10.0; Win64; x64) AppleWebKit/537.36 (KHTML, like Gecko) Chrome/131.0.0.0 Safari/537.36 Avast/131.0.0.0"
114.119.146.37 - - [07/Feb/2026:12:27:45 -0800] "GET /mail/new/1475617141.H890263P24821.peshe.info-tbilisi.com,S=1569 HTTP/1.1" 200 1569 "http://test.ngo.ge/mail/new" "Mozilla/5.0 (Linux; Android 7.0;) AppleWebKit/537.36 (KHTML, like Gecko) Mobile Safari/537.36 (compatible; PetalBot;+https://webmaster.petalsearch.com/site/petalbot)"
109.107.186.56 - - [07/Feb/2026:12:30:17 -0800] "GET http://www.test.ngo.ge/tmp/webalizer/usage_202402.html HTTP/1.0" 200 114924 "https://seo-creative.ru/" "Mozilla/5.0 (Windows NT 10.0; Win64; x64) AppleWebKit/537.36 (KHTML, like Gecko) Chrome/130.0.0.0 Safari/537.36"
109.107.186.56 - - [07/Feb/2026:12:30:20 -0800] "GET /tmp/webalizer/usage_202402.html HTTP/1.0" 200 114924 "https://seo-creative.ru/" "Mozilla/5.0 (Windows NT 10.0; Win64; x64) AppleWebKit/537.36 (KHTML, like Gecko) Chrome/129.0.0.0 Safari/537.36"
109.107.186.56 - - [07/Feb/2026:12:30:23 -0800] "GET /tmp/webalizer/usage_202402.html HTTP/1.0" 200 114924 "https://seo-creative.ru/" "Mozilla/5.0 (Windows NT 10.0; Win64; x64) AppleWebKit/537.36 (KHTML, like Gecko) Chrome/130.0.0.0 Safari/537.36"
104.210.140.133 - - [07/Feb/2026:12:31:27 -0800] "GET /robots.txt HTTP/1.1" 404 - "-" "Mozilla/5.0 (Macintosh; Intel Mac OS X 10_15_7) AppleWebKit/537.36 (KHTML, like Gecko) Chrome/131.0.0.0 Safari/537.36; compatible; OAI-SearchBot/1.0; +https://openai.com/searchbot"
138.91.159.185 - - [07/Feb/2026:12:48:01 -0800] "GET /tmp/webalizer/usage_202402.html HTTP/1.1" 200 114924 "https://seo-creative.ru/" "Mozilla/5.0 (Windows NT 10.0; Win64; x64) AppleWebKit/537.36 (KHTML, like Gecko) Chrome/130.0.0.0 Safari/537.36 CCleaner/130.0.0.0"
174.138.54.65 - - [07/Feb/2026:12:48:16 -0800] "GET /tmp/webalizer/usage_202402.html HTTP/1.1" 200 114924 "https://seo-creative.ru/" "Mozilla/5.0 (Windows NT 10.0; Win64; x64) AppleWebKit/537.36 (KHTML, like Gecko) Chrome/130.0.0.0 Safari/537.36 CCleaner/130.0.0.0"
154.16.115.97 - - [07/Feb/2026:12:48:24 -0800] "GET /tmp/webalizer/usage_202402.html HTTP/1.1" 200 114924 "https://seo-creative.ru/" "Mozilla/5.0 (Windows NT 10.0; Win64; x64) AppleWebKit/537.36 (KHTML, like Gecko) Chrome/131.0.0.0 Safari/537.36"
169.150.203.197 - - [07/Feb/2026:12:49:48 -0800] "GET / HTTP/1.1" 200 2739 "-" "Mozilla/5.0 (Windows NT 10.0; Win64; x64) AppleWebKit/537.36 (KHTML, like Gecko) Chrome/78.0.3904.108 Safari/537.36"
169.150.203.197 - - [07/Feb/2026:12:49:48 -0800] "GET / HTTP/1.1" 200 2739 "-" "Mozilla/5.0 (Windows NT 10.0; Win64; x64) AppleWebKit/537.36 (KHTML, like Gecko) Chrome/78.0.3904.108 Safari/537.36"
169.150.203.197 - - [07/Feb/2026:12:49:48 -0800] "GET /wp-includes/wlwmanifest.xml HTTP/1.1" 404 - "-" "Mozilla/5.0 (Windows NT 10.0; Win64; x64) AppleWebKit/537.36 (KHTML, like Gecko) Chrome/78.0.3904.108 Safari/537.36"
169.150.203.197 - - [07/Feb/2026:12:49:48 -0800] "GET /xmlrpc.php?rsd HTTP/1.1" 404 16 "-" "Mozilla/5.0 (Windows NT 10.0; Win64; x64) AppleWebKit/537.36 (KHTML, like Gecko) Chrome/78.0.3904.108 Safari/537.36"
