217.113.194.196 - - [03/Feb/2026:17:03:26 -0800] "GET /tmp/awstats/awstats012019.ngo.ge.txt HTTP/1.1" 200 60035 "-" "Mozilla/5.0 (compatible; Barkrowler/0.9; +https://babbar.tech/crawler)"
94.176.85.8 - - [03/Feb/2026:17:03:27 -0800] "GET / HTTP/1.1" 404 - "https://anonymousgunshop.com/" "Opera/9.80 buy gun anonymouse (anonymousgunshop.com) (Windows NT 5.1; U; en) Presto/2.10.229 Version/11.60"
217.113.194.197 - - [03/Feb/2026:17:03:34 -0800] "GET /tmp/awstats/awstats082019.ngo.ge.txt HTTP/1.1" 200 24344 "-" "Mozilla/5.0 (compatible; Barkrowler/0.9; +https://babbar.tech/crawler)"
54.39.203.145 - - [03/Feb/2026:17:03:39 -0800] "GET /tmp/pma_template_compiles_ngoge/twig/ab/?C=M;O=A HTTP/1.1" 200 944 "-" "Mozilla/5.0 (compatible; AhrefsBot/7.0; +http://ahrefs.com/robot/)"
92.255.35.123 - - [03/Feb/2026:17:03:44 -0800] "GET / HTTP/1.1" 404 - "https://anonymousgunshop.com/" "Opera/9.80 buy gun anonymouse (anonymousgunshop.com) (Windows NT 5.1; U; en) Presto/2.10.229 Version/11.60"
217.113.194.192 - - [03/Feb/2026:17:03:45 -0800] "GET /tmp/awstats/awstats012011.ngo.ge.txt HTTP/1.1" 200 22471 "-" "Mozilla/5.0 (compatible; Barkrowler/0.9; +https://babbar.tech/crawler)"
217.113.194.199 - - [03/Feb/2026:17:03:53 -0800] "GET /tmp/awstats/awstats082010.ngo.ge.txt HTTP/1.1" 200 25083 "-" "Mozilla/5.0 (compatible; Barkrowler/0.9; +https://babbar.tech/crawler)"
217.113.194.193 - - [03/Feb/2026:17:04:03 -0800] "GET /tmp/awstats/awstats012010.ngo.ge.txt HTTP/1.1" 200 35823 "-" "Mozilla/5.0 (compatible; Barkrowler/0.9; +https://babbar.tech/crawler)"
217.113.194.194 - - [03/Feb/2026:17:04:12 -0800] "GET /tmp/awstats/awstats082023.ngo.ge.txt HTTP/1.1" 200 180005 "-" "Mozilla/5.0 (compatible; Barkrowler/0.9; +https://babbar.tech/crawler)"
176.119.9.105 - - [03/Feb/2026:17:04:16 -0800] "GET /tmp/webalizer/usage_202402.html HTTP/1.1" 404 - "http://test.ngo.ge/" "Opera/9.80 buy gun anonymouse (anonymousgunshop.com) (Windows NT 5.1; U; en) Presto/2.10.229 Version/11.60"
217.113.194.194 - - [03/Feb/2026:17:04:26 -0800] "GET /tmp/awstats/awstats012008.ngo.ge.txt HTTP/1.1" 200 22984 "-" "Mozilla/5.0 (compatible; Barkrowler/0.9; +https://babbar.tech/crawler)"
92.255.35.123 - - [03/Feb/2026:17:04:32 -0800] "GET /tmp/webalizer/usage_202402.html HTTP/1.1" 404 - "http://test.ngo.ge/" "Opera/9.80 buy gun anonymouse (anonymousgunshop.com) (Windows NT 5.1; U; en) Presto/2.10.229 Version/11.60"
217.113.194.198 - - [03/Feb/2026:17:04:36 -0800] "GET /tmp/awstats/awstats082024.ngo.ge.txt HTTP/1.1" 200 220358 "-" "Mozilla/5.0 (compatible; Barkrowler/0.9; +https://babbar.tech/crawler)"
217.113.194.193 - - [03/Feb/2026:17:04:54 -0800] "GET /tmp/awstats/awstats012018.ngo.ge.txt HTTP/1.1" 200 35386 "-" "Mozilla/5.0 (compatible; Barkrowler/0.9; +https://babbar.tech/crawler)"
217.113.194.198 - - [03/Feb/2026:17:05:04 -0800] "GET /tmp/awstats/awstats082022.ngo.ge.txt HTTP/1.1" 200 56870 "-" "Mozilla/5.0 (compatible; Barkrowler/0.9; +https://babbar.tech/crawler)"
217.113.194.201 - - [03/Feb/2026:17:05:12 -0800] "GET /tmp/awstats/awstats012013.ngo.ge.txt HTTP/1.1" 200 25657 "-" "Mozilla/5.0 (compatible; Barkrowler/0.9; +https://babbar.tech/crawler)"
217.113.194.199 - - [03/Feb/2026:17:05:21 -0800] "GET /tmp/awstats/awstats082008.ngo.ge.txt HTTP/1.1" 200 77261 "-" "Mozilla/5.0 (compatible; Barkrowler/0.9; +https://babbar.tech/crawler)"
217.113.194.240 - - [03/Feb/2026:17:05:30 -0800] "GET /tmp/awstats/awstats012012.ngo.ge.txt HTTP/1.1" 200 37533 "-" "Mozilla/5.0 (compatible; Barkrowler/0.9; +https://babbar.tech/crawler)"
217.113.194.194 - - [03/Feb/2026:17:05:41 -0800] "GET /tmp/awstats/awstats082012.ngo.ge.txt HTTP/1.1" 200 26059 "-" "Mozilla/5.0 (compatible; Barkrowler/0.9; +https://babbar.tech/crawler)"
217.113.194.198 - - [03/Feb/2026:17:05:48 -0800] "GET /tmp/awstats/awstats012009.ngo.ge.txt HTTP/1.1" 200 38214 "-" "Mozilla/5.0 (compatible; Barkrowler/0.9; +https://babbar.tech/crawler)"
217.113.194.194 - - [03/Feb/2026:17:05:58 -0800] "GET /tmp/awstats/awstats082013.ngo.ge.txt HTTP/1.1" 200 43305 "-" "Mozilla/5.0 (compatible; Barkrowler/0.9; +https://babbar.tech/crawler)"
217.113.194.193 - - [03/Feb/2026:17:06:11 -0800] "GET /tmp/awstats/awstats112019.ngo.ge.txt HTTP/1.1" 200 49215 "-" "Mozilla/5.0 (compatible; Barkrowler/0.9; +https://babbar.tech/crawler)"
217.113.194.254 - - [03/Feb/2026:17:06:19 -0800] "GET /tmp/awstats/ssl/awstats012020.ngo.ge.txt HTTP/1.1" 200 8844 "-" "Mozilla/5.0 (compatible; Barkrowler/0.9; +https://babbar.tech/crawler)"
54.39.89.114 - - [03/Feb/2026:17:06:22 -0800] "GET /tmp/pma_template_compiles_ngoge/twig/3e/?C=S;O=A HTTP/1.1" 200 944 "-" "Mozilla/5.0 (compatible; AhrefsBot/7.0; +http://ahrefs.com/robot/)"
217.113.194.193 - - [03/Feb/2026:17:06:30 -0800] "GET /tmp/awstats/awstats112010.ngo.ge.txt HTTP/1.1" 200 19843 "-" "Mozilla/5.0 (compatible; Barkrowler/0.9; +https://babbar.tech/crawler)"
217.113.194.201 - - [03/Feb/2026:17:06:38 -0800] "GET /tmp/awstats/ssl/awstats012021.ngo.ge.txt HTTP/1.1" 200 8944 "-" "Mozilla/5.0 (compatible; Barkrowler/0.9; +https://babbar.tech/crawler)"
217.113.194.254 - - [03/Feb/2026:17:06:46 -0800] "GET /tmp/awstats/awstats112018.ngo.ge.txt HTTP/1.1" 200 70051 "-" "Mozilla/5.0 (compatible; Barkrowler/0.9; +https://babbar.tech/crawler)"
154.54.249.214 - - [03/Feb/2026:17:06:57 -0800] "GET /tmp/awstats/ssl/awstats112025.ngo.ge.txt HTTP/1.1" 200 14442 "-" "Mozilla/5.0 (compatible; Barkrowler/0.9; +https://babbar.tech/crawler)"
217.113.194.197 - - [03/Feb/2026:17:07:05 -0800] "GET /tmp/awstats/awstats112012.ngo.ge.txt HTTP/1.1" 200 22567 "-" "Mozilla/5.0 (compatible; Barkrowler/0.9; +https://babbar.tech/crawler)"
217.113.194.194 - - [03/Feb/2026:17:07:14 -0800] "GET /tmp/awstats/ssl/awstats112021.ngo.ge.txt HTTP/1.1" 200 16304 "-" "Mozilla/5.0 (compatible; Barkrowler/0.9; +https://babbar.tech/crawler)"
217.113.194.200 - - [03/Feb/2026:17:07:22 -0800] "GET /tmp/awstats/awstats112013.ngo.ge.txt HTTP/1.1" 200 58637 "-" "Mozilla/5.0 (compatible; Barkrowler/0.9; +https://babbar.tech/crawler)"
217.113.194.200 - - [03/Feb/2026:17:07:32 -0800] "GET /tmp/awstats/ssl/awstats102025.ngo.ge.txt HTTP/1.1" 200 17382 "-" "Mozilla/5.0 (compatible; Barkrowler/0.9; +https://babbar.tech/crawler)"
217.113.194.196 - - [03/Feb/2026:17:07:39 -0800] "GET /tmp/awstats/awstats112015.ngo.ge.txt HTTP/1.1" 200 61476 "-" "Mozilla/5.0 (compatible; Barkrowler/0.9; +https://babbar.tech/crawler)"
217.113.194.195 - - [03/Feb/2026:17:07:48 -0800] "GET /tmp/awstats/ssl/awstats102021.ngo.ge.txt HTTP/1.1" 200 15572 "-" "Mozilla/5.0 (compatible; Barkrowler/0.9; +https://babbar.tech/crawler)"
217.113.194.201 - - [03/Feb/2026:17:07:56 -0800] "GET /tmp/awstats/awstats112009.ngo.ge.txt HTTP/1.1" 200 36148 "-" "Mozilla/5.0 (compatible; Barkrowler/0.9; +https://babbar.tech/crawler)"
45.59.186.60 - - [03/Feb/2026:17:08:03 -0800] "GET http://www.test.ngo.ge/tmp/webalizer/usage_202402.html HTTP/1.0" 200 114924 "https://seo-creative.ru/" "Mozilla/5.0 (Windows NT 10.0; Win64; x64) AppleWebKit/537.36 (KHTML, like Gecko) Chrome/131.0.0.0 Safari/537.36 Avast/131.0.0.0"
217.113.194.199 - - [03/Feb/2026:17:08:04 -0800] "GET /tmp/awstats/ssl/awstats072025.ngo.ge.txt HTTP/1.1" 200 23612 "-" "Mozilla/5.0 (compatible; Barkrowler/0.9; +https://babbar.tech/crawler)"
154.16.115.97 - - [03/Feb/2026:17:08:06 -0800] "GET /tmp/webalizer/usage_202402.html HTTP/1.1" 200 114924 "https://seo-creative.ru/" "Mozilla/5.0 (Windows NT 10.0; Win64; x64) AppleWebKit/537.36 (KHTML, like Gecko) Chrome/131.0.0.0 Safari/537.36"
217.113.194.196 - - [03/Feb/2026:17:08:12 -0800] "GET /tmp/awstats/awstats112017.ngo.ge.txt HTTP/1.1" 200 30054 "-" "Mozilla/5.0 (compatible; Barkrowler/0.9; +https://babbar.tech/crawler)"
217.113.194.195 - - [03/Feb/2026:17:08:20 -0800] "GET /tmp/awstats/ssl/awstats072020.ngo.ge.txt HTTP/1.1" 200 9934 "-" "Mozilla/5.0 (compatible; Barkrowler/0.9; +https://babbar.tech/crawler)"
109.107.186.56 - - [03/Feb/2026:17:08:24 -0800] "GET http://www.test.ngo.ge/tmp/webalizer/usage_202402.html HTTP/1.0" 200 114924 "https://seo-creative.ru/" "Mozilla/5.0 (Windows NT 10.0; Win64; x64) AppleWebKit/537.36 (KHTML, like Gecko) Chrome/130.0.0.0 Safari/537.36"
217.113.194.199 - - [03/Feb/2026:17:08:28 -0800] "GET /tmp/awstats/awstats112008.ngo.ge.txt HTTP/1.1" 200 45881 "-" "Mozilla/5.0 (compatible; Barkrowler/0.9; +https://babbar.tech/crawler)"
217.113.194.254 - - [03/Feb/2026:17:08:36 -0800] "GET /tmp/awstats/ssl/awstats072021.ngo.ge.txt HTTP/1.1" 200 12573 "-" "Mozilla/5.0 (compatible; Barkrowler/0.9; +https://babbar.tech/crawler)"
217.113.194.198 - - [03/Feb/2026:17:08:53 -0800] "GET /tmp/awstats/awstats112016.ngo.ge.txt HTTP/1.1" 200 57747 "-" "Mozilla/5.0 (compatible; Barkrowler/0.9; +https://babbar.tech/crawler)"
54.39.0.48 - - [03/Feb/2026:17:08:55 -0800] "GET /tmp/pma_template_compiles_ngoge/twig/3f/?C=S;O=A HTTP/1.1" 200 944 "-" "Mozilla/5.0 (compatible; AhrefsBot/7.0; +http://ahrefs.com/robot/)"
217.113.194.194 - - [03/Feb/2026:17:09:04 -0800] "GET /tmp/awstats/ssl/awstats062025.ngo.ge.txt HTTP/1.1" 200 27943 "-" "Mozilla/5.0 (compatible; Barkrowler/0.9; +https://babbar.tech/crawler)"
217.113.194.200 - - [03/Feb/2026:17:09:14 -0800] "GET /tmp/awstats/awstats112014.ngo.ge.txt HTTP/1.1" 200 47972 "-" "Mozilla/5.0 (compatible; Barkrowler/0.9; +https://babbar.tech/crawler)"
217.113.194.193 - - [03/Feb/2026:17:09:23 -0800] "GET /tmp/awstats/ssl/awstats062020.ngo.ge.txt HTTP/1.1" 200 9113 "-" "Mozilla/5.0 (compatible; Barkrowler/0.9; +https://babbar.tech/crawler)"
217.113.194.201 - - [03/Feb/2026:17:09:31 -0800] "GET /tmp/awstats/awstats072017.ngo.ge.txt HTTP/1.1" 200 31926 "-" "Mozilla/5.0 (compatible; Barkrowler/0.9; +https://babbar.tech/crawler)"
217.113.194.240 - - [03/Feb/2026:17:09:39 -0800] "GET /tmp/awstats/ssl/awstats062021.ngo.ge.txt HTTP/1.1" 200 11871 "-" "Mozilla/5.0 (compatible; Barkrowler/0.9; +https://babbar.tech/crawler)"
217.113.194.200 - - [03/Feb/2026:17:09:54 -0800] "GET /tmp/awstats/awstats072018.ngo.ge.txt HTTP/1.1" 200 28316 "-" "Mozilla/5.0 (compatible; Barkrowler/0.9; +https://babbar.tech/crawler)"
217.113.194.201 - - [03/Feb/2026:17:10:02 -0800] "GET /tmp/awstats/ssl/awstats092025.ngo.ge.txt HTTP/1.1" 200 26655 "-" "Mozilla/5.0 (compatible; Barkrowler/0.9; +https://babbar.tech/crawler)"
217.113.194.241 - - [03/Feb/2026:17:10:11 -0800] "GET /tmp/awstats/awstats072016.ngo.ge.txt HTTP/1.1" 200 25194 "-" "Mozilla/5.0 (compatible; Barkrowler/0.9; +https://babbar.tech/crawler)"
217.113.194.193 - - [03/Feb/2026:17:10:19 -0800] "GET /tmp/awstats/ssl/awstats092020.ngo.ge.txt HTTP/1.1" 200 7419 "-" "Mozilla/5.0 (compatible; Barkrowler/0.9; +https://babbar.tech/crawler)"
217.113.194.196 - - [03/Feb/2026:17:10:27 -0800] "GET /tmp/awstats/awstats072015.ngo.ge.txt HTTP/1.1" 200 37308 "-" "Mozilla/5.0 (compatible; Barkrowler/0.9; +https://babbar.tech/crawler)"
217.113.194.241 - - [03/Feb/2026:17:10:35 -0800] "GET /tmp/awstats/ssl/awstats092021.ngo.ge.txt HTTP/1.1" 200 14563 "-" "Mozilla/5.0 (compatible; Barkrowler/0.9; +https://babbar.tech/crawler)"
217.113.194.196 - - [03/Feb/2026:17:10:44 -0800] "GET /tmp/awstats/awstats072014.ngo.ge.txt HTTP/1.1" 200 47520 "-" "Mozilla/5.0 (compatible; Barkrowler/0.9; +https://babbar.tech/crawler)"
217.113.194.241 - - [03/Feb/2026:17:10:54 -0800] "GET /tmp/awstats/ssl/awstats082021.ngo.ge.txt HTTP/1.1" 200 12029 "-" "Mozilla/5.0 (compatible; Barkrowler/0.9; +https://babbar.tech/crawler)"
154.54.249.214 - - [03/Feb/2026:17:11:07 -0800] "GET /tmp/awstats/awstats072011.ngo.ge.txt HTTP/1.1" 200 29536 "-" "Mozilla/5.0 (compatible; Barkrowler/0.9; +https://babbar.tech/crawler)"
217.113.194.201 - - [03/Feb/2026:17:11:17 -0800] "GET /tmp/awstats/ssl/awstats082020.ngo.ge.txt HTTP/1.1" 200 13517 "-" "Mozilla/5.0 (compatible; Barkrowler/0.9; +https://babbar.tech/crawler)"
54.39.203.30 - - [03/Feb/2026:17:11:22 -0800] "GET /public_ftp/?C=M;O=A HTTP/1.1" 200 787 "-" "Mozilla/5.0 (compatible; AhrefsBot/7.0; +http://ahrefs.com/robot/)"
217.113.194.198 - - [03/Feb/2026:17:11:26 -0800] "GET /tmp/awstats/awstats042016.ngo.ge.txt HTTP/1.1" 200 67026 "-" "Mozilla/5.0 (compatible; Barkrowler/0.9; +https://babbar.tech/crawler)"
217.113.194.195 - - [03/Feb/2026:17:11:35 -0800] "GET /tmp/awstats/ssl/awstats042025.ngo.ge.txt HTTP/1.1" 200 26090 "-" "Mozilla/5.0 (compatible; Barkrowler/0.9; +https://babbar.tech/crawler)"
217.113.194.240 - - [03/Feb/2026:17:11:44 -0800] "GET /tmp/awstats/awstats042015.ngo.ge.txt HTTP/1.1" 200 70724 "-" "Mozilla/5.0 (compatible; Barkrowler/0.9; +https://babbar.tech/crawler)"
217.113.194.254 - - [03/Feb/2026:17:11:54 -0800] "GET /tmp/awstats/ssl/awstats042020.ngo.ge.txt HTTP/1.1" 200 9024 "-" "Mozilla/5.0 (compatible; Barkrowler/0.9; +https://babbar.tech/crawler)"
217.113.194.193 - - [03/Feb/2026:17:12:03 -0800] "GET /tmp/awstats/awstats042014.ngo.ge.txt HTTP/1.1" 200 67634 "-" "Mozilla/5.0 (compatible; Barkrowler/0.9; +https://babbar.tech/crawler)"
217.113.194.195 - - [03/Feb/2026:17:12:13 -0800] "GET /tmp/awstats/ssl/awstats042021.ngo.ge.txt HTTP/1.1" 200 13652 "-" "Mozilla/5.0 (compatible; Barkrowler/0.9; +https://babbar.tech/crawler)"
154.54.249.214 - - [03/Feb/2026:17:12:22 -0800] "GET /tmp/awstats/awstats042011.ngo.ge.txt HTTP/1.1" 200 26481 "-" "Mozilla/5.0 (compatible; Barkrowler/0.9; +https://babbar.tech/crawler)"
217.113.194.200 - - [03/Feb/2026:17:12:30 -0800] "GET /tmp/awstats/ssl/awstats122025.ngo.ge.txt HTTP/1.1" 200 29018 "-" "Mozilla/5.0 (compatible; Barkrowler/0.9; +https://babbar.tech/crawler)"
217.113.194.196 - - [03/Feb/2026:17:12:43 -0800] "GET /tmp/awstats/awstats102011.ngo.ge.txt HTTP/1.1" 200 34552 "-" "Mozilla/5.0 (compatible; Barkrowler/0.9; +https://babbar.tech/crawler)"
217.113.194.197 - - [03/Feb/2026:17:12:50 -0800] "GET /tmp/awstats/ssl/awstats122021.ngo.ge.txt HTTP/1.1" 200 14035 "-" "Mozilla/5.0 (compatible; Barkrowler/0.9; +https://babbar.tech/crawler)"
217.113.194.240 - - [03/Feb/2026:17:13:02 -0800] "GET /tmp/awstats/awstats102010.ngo.ge.txt HTTP/1.1" 200 25615 "-" "Mozilla/5.0 (compatible; Barkrowler/0.9; +https://babbar.tech/crawler)"
217.113.194.198 - - [03/Feb/2026:17:13:10 -0800] "GET /tmp/awstats/ssl/awstats022025.ngo.ge.txt HTTP/1.1" 200 35411 "-" "Mozilla/5.0 (compatible; Barkrowler/0.9; +https://babbar.tech/crawler)"
217.113.194.199 - - [03/Feb/2026:17:13:19 -0800] "GET /tmp/awstats/awstats102012.ngo.ge.txt HTTP/1.1" 200 27437 "-" "Mozilla/5.0 (compatible; Barkrowler/0.9; +https://babbar.tech/crawler)"
217.113.194.200 - - [03/Feb/2026:17:13:29 -0800] "GET /tmp/awstats/ssl/awstats022020.ngo.ge.txt HTTP/1.1" 200 7409 "-" "Mozilla/5.0 (compatible; Barkrowler/0.9; +https://babbar.tech/crawler)"
51.222.168.96 - - [03/Feb/2026:17:13:35 -0800] "GET /tmp/pma_template_compiles_ngoge/twig/3e/?C=M;O=A HTTP/1.1" 200 944 "-" "Mozilla/5.0 (compatible; AhrefsBot/7.0; +http://ahrefs.com/robot/)"
217.113.194.196 - - [03/Feb/2026:17:13:38 -0800] "GET /tmp/awstats/awstats102015.ngo.ge.txt HTTP/1.1" 200 66984 "-" "Mozilla/5.0 (compatible; Barkrowler/0.9; +https://babbar.tech/crawler)"
217.113.194.197 - - [03/Feb/2026:17:13:50 -0800] "GET /tmp/awstats/ssl/awstats022021.ngo.ge.txt HTTP/1.1" 200 11237 "-" "Mozilla/5.0 (compatible; Barkrowler/0.9; +https://babbar.tech/crawler)"
217.113.194.199 - - [03/Feb/2026:17:13:59 -0800] "GET /tmp/awstats/awstats102009.ngo.ge.txt HTTP/1.1" 200 31595 "-" "Mozilla/5.0 (compatible; Barkrowler/0.9; +https://babbar.tech/crawler)"
217.113.194.197 - - [03/Feb/2026:17:14:08 -0800] "GET /tmp/awstats/ssl/awstats052025.ngo.ge.txt HTTP/1.1" 200 38297 "-" "Mozilla/5.0 (compatible; Barkrowler/0.9; +https://babbar.tech/crawler)"
217.113.194.195 - - [03/Feb/2026:17:14:18 -0800] "GET /tmp/awstats/awstats102017.ngo.ge.txt HTTP/1.1" 200 31823 "-" "Mozilla/5.0 (compatible; Barkrowler/0.9; +https://babbar.tech/crawler)"
217.113.194.254 - - [03/Feb/2026:17:14:28 -0800] "GET /tmp/awstats/ssl/awstats052020.ngo.ge.txt HTTP/1.1" 200 11497 "-" "Mozilla/5.0 (compatible; Barkrowler/0.9; +https://babbar.tech/crawler)"
217.113.194.197 - - [03/Feb/2026:17:14:43 -0800] "GET /tmp/awstats/awstats102008.ngo.ge.txt HTTP/1.1" 200 34054 "-" "Mozilla/5.0 (compatible; Barkrowler/0.9; +https://babbar.tech/crawler)"
217.113.194.199 - - [03/Feb/2026:17:14:51 -0800] "GET /tmp/awstats/ssl/awstats052021.ngo.ge.txt HTTP/1.1" 200 13170 "-" "Mozilla/5.0 (compatible; Barkrowler/0.9; +https://babbar.tech/crawler)"
217.113.194.199 - - [03/Feb/2026:17:14:59 -0800] "GET /tmp/awstats/awstats102016.ngo.ge.txt HTTP/1.1" 200 70309 "-" "Mozilla/5.0 (compatible; Barkrowler/0.9; +https://babbar.tech/crawler)"
217.113.194.194 - - [03/Feb/2026:17:15:11 -0800] "GET /tmp/awstats/ssl/awstats032025.ngo.ge.txt HTTP/1.1" 200 31789 "-" "Mozilla/5.0 (compatible; Barkrowler/0.9; +https://babbar.tech/crawler)"
217.113.194.199 - - [03/Feb/2026:17:15:19 -0800] "GET /tmp/awstats/awstats122019.ngo.ge.txt HTTP/1.1" 200 30340 "-" "Mozilla/5.0 (compatible; Barkrowler/0.9; +https://babbar.tech/crawler)"
54.39.89.106 - - [03/Feb/2026:17:16:05 -0800] "GET /public_ftp/?C=S;O=A HTTP/1.1" 200 787 "-" "Mozilla/5.0 (compatible; AhrefsBot/7.0; +http://ahrefs.com/robot/)"
217.113.194.192 - - [03/Feb/2026:17:16:10 -0800] "GET /tmp/awstats/ssl/awstats032020.ngo.ge.txt HTTP/1.1" 200 9058 "-" "Mozilla/5.0 (compatible; Barkrowler/0.9; +https://babbar.tech/crawler)"
217.113.194.201 - - [03/Feb/2026:17:16:19 -0800] "GET /tmp/awstats/awstats122011.ngo.ge.txt HTTP/1.1" 200 38532 "-" "Mozilla/5.0 (compatible; Barkrowler/0.9; +https://babbar.tech/crawler)"
217.113.194.199 - - [03/Feb/2026:17:17:15 -0800] "GET /tmp/awstats/awstats122007.test.ngo.ge.txt HTTP/1.1" 200 5776 "-" "Mozilla/5.0 (compatible; Barkrowler/0.9; +https://babbar.tech/crawler)"
217.113.194.201 - - [03/Feb/2026:17:17:35 -0800] "GET /tmp/awstats/awstats122010.ngo.ge.txt HTTP/1.1" 200 24503 "-" "Mozilla/5.0 (compatible; Barkrowler/0.9; +https://babbar.tech/crawler)"
15.235.98.108 - - [03/Feb/2026:17:18:17 -0800] "GET /tmp/pma_template_compiles_ngoge/twig/f5/?C=D;O=A HTTP/1.1" 200 944 "-" "Mozilla/5.0 (compatible; AhrefsBot/7.0; +http://ahrefs.com/robot/)"
217.113.194.192 - - [03/Feb/2026:17:18:33 -0800] "GET /tmp/awstats/ssl/awstats012026.ngo.ge.txt HTTP/1.1" 200 61009 "-" "Mozilla/5.0 (compatible; Barkrowler/0.9; +https://babbar.tech/crawler)"
217.113.194.240 - - [03/Feb/2026:17:18:44 -0800] "GET /tmp/awstats/awstats122018.ngo.ge.txt HTTP/1.1" 200 37598 "-" "Mozilla/5.0 (compatible; Barkrowler/0.9; +https://babbar.tech/crawler)"
217.113.194.196 - - [03/Feb/2026:17:18:59 -0800] "GET /tmp/awstats/ssl/awstats012023.ngo.ge.txt HTTP/1.1" 200 32002 "-" "Mozilla/5.0 (compatible; Barkrowler/0.9; +https://babbar.tech/crawler)"
217.113.194.198 - - [03/Feb/2026:17:19:19 -0800] "GET /tmp/awstats/awstats122012.ngo.ge.txt HTTP/1.1" 200 25199 "-" "Mozilla/5.0 (compatible; Barkrowler/0.9; +https://babbar.tech/crawler)"
217.113.194.195 - - [03/Feb/2026:17:19:40 -0800] "GET /tmp/awstats/ssl/awstats012024.ngo.ge.txt HTTP/1.1" 200 12421 "-" "Mozilla/5.0 (compatible; Barkrowler/0.9; +https://babbar.tech/crawler)"
217.113.194.241 - - [03/Feb/2026:17:19:54 -0800] "GET /tmp/awstats/awstats122013.ngo.ge.txt HTTP/1.1" 200 104503 "-" "Mozilla/5.0 (compatible; Barkrowler/0.9; +https://babbar.tech/crawler)"
217.113.194.195 - - [03/Feb/2026:17:20:16 -0800] "GET /tmp/awstats/ssl/awstats012022.ngo.ge.txt HTTP/1.1" 200 11550 "-" "Mozilla/5.0 (compatible; Barkrowler/0.9; +https://babbar.tech/crawler)"
217.113.194.196 - - [03/Feb/2026:17:20:31 -0800] "GET /tmp/awstats/awstats122015.ngo.ge.txt HTTP/1.1" 200 45669 "-" "Mozilla/5.0 (compatible; Barkrowler/0.9; +https://babbar.tech/crawler)"
54.39.0.137 - - [03/Feb/2026:17:20:36 -0800] "GET /tmp/pma_template_compiles_ngoge/twig/36/?C=D;O=A HTTP/1.1" 200 944 "-" "Mozilla/5.0 (compatible; AhrefsBot/7.0; +http://ahrefs.com/robot/)"
154.54.249.214 - - [03/Feb/2026:17:20:52 -0800] "GET /tmp/awstats/ssl/awstats112023.ngo.ge.txt HTTP/1.1" 200 14468 "-" "Mozilla/5.0 (compatible; Barkrowler/0.9; +https://babbar.tech/crawler)"
217.113.194.201 - - [03/Feb/2026:17:21:08 -0800] "GET /tmp/awstats/awstats122009.ngo.ge.txt HTTP/1.1" 200 30547 "-" "Mozilla/5.0 (compatible; Barkrowler/0.9; +https://babbar.tech/crawler)"
217.113.194.195 - - [03/Feb/2026:17:21:27 -0800] "GET /tmp/awstats/ssl/awstats112024.ngo.ge.txt HTTP/1.1" 200 21271 "-" "Mozilla/5.0 (compatible; Barkrowler/0.9; +https://babbar.tech/crawler)"
217.113.194.193 - - [03/Feb/2026:17:21:44 -0800] "GET /tmp/awstats/awstats122017.ngo.ge.txt HTTP/1.1" 200 25351 "-" "Mozilla/5.0 (compatible; Barkrowler/0.9; +https://babbar.tech/crawler)"
217.113.194.241 - - [03/Feb/2026:17:22:08 -0800] "GET /tmp/awstats/ssl/awstats112022.ngo.ge.txt HTTP/1.1" 200 21543 "-" "Mozilla/5.0 (compatible; Barkrowler/0.9; +https://babbar.tech/crawler)"
217.113.194.197 - - [03/Feb/2026:17:22:19 -0800] "GET /tmp/awstats/awstats122008.ngo.ge.txt HTTP/1.1" 200 45725 "-" "Mozilla/5.0 (compatible; Barkrowler/0.9; +https://babbar.tech/crawler)"
217.113.194.197 - - [03/Feb/2026:17:22:34 -0800] "GET /tmp/awstats/ssl/awstats102023.ngo.ge.txt HTTP/1.1" 200 21134 "-" "Mozilla/5.0 (compatible; Barkrowler/0.9; +https://babbar.tech/crawler)"
217.113.194.201 - - [03/Feb/2026:17:22:45 -0800] "GET /tmp/awstats/awstats122014.ngo.ge.txt HTTP/1.1" 200 61810 "-" "Mozilla/5.0 (compatible; Barkrowler/0.9; +https://babbar.tech/crawler)"
15.235.96.149 - - [03/Feb/2026:17:22:54 -0800] "GET /tmp/pma_template_compiles_ngoge/twig/3f/?C=M;O=A HTTP/1.1" 200 944 "-" "Mozilla/5.0 (compatible; AhrefsBot/7.0; +http://ahrefs.com/robot/)"
217.113.194.199 - - [03/Feb/2026:17:23:01 -0800] "GET /tmp/awstats/ssl/awstats102024.ngo.ge.txt HTTP/1.1" 200 19606 "-" "Mozilla/5.0 (compatible; Barkrowler/0.9; +https://babbar.tech/crawler)"
217.113.194.254 - - [03/Feb/2026:17:23:15 -0800] "GET /tmp/awstats/awstats052016.ngo.ge.txt HTTP/1.1" 200 38343 "-" "Mozilla/5.0 (compatible; Barkrowler/0.9; +https://babbar.tech/crawler)"
217.113.194.240 - - [03/Feb/2026:17:23:30 -0800] "GET /tmp/awstats/ssl/awstats102022.ngo.ge.txt HTTP/1.1" 200 27104 "-" "Mozilla/5.0 (compatible; Barkrowler/0.9; +https://babbar.tech/crawler)"
217.113.194.240 - - [03/Feb/2026:17:23:46 -0800] "GET /tmp/awstats/awstats052015.ngo.ge.txt HTTP/1.1" 200 82782 "-" "Mozilla/5.0 (compatible; Barkrowler/0.9; +https://babbar.tech/crawler)"
217.113.194.254 - - [03/Feb/2026:17:24:12 -0800] "GET /tmp/awstats/ssl/awstats072024.ngo.ge.txt HTTP/1.1" 200 15801 "-" "Mozilla/5.0 (compatible; Barkrowler/0.9; +https://babbar.tech/crawler)"
217.113.194.196 - - [03/Feb/2026:17:24:48 -0800] "GET /tmp/awstats/awstats052014.ngo.ge.txt HTTP/1.1" 200 57784 "-" "Mozilla/5.0 (compatible; Barkrowler/0.9; +https://babbar.tech/crawler)"
217.113.194.201 - - [03/Feb/2026:17:25:12 -0800] "GET /tmp/awstats/ssl/awstats072023.ngo.ge.txt HTTP/1.1" 200 20350 "-" "Mozilla/5.0 (compatible; Barkrowler/0.9; +https://babbar.tech/crawler)"
51.222.168.166 - - [03/Feb/2026:17:25:17 -0800] "GET /tmp/pma_template_compiles_ngoge/twig/95/?C=S;O=A HTTP/1.1" 200 944 "-" "Mozilla/5.0 (compatible; AhrefsBot/7.0; +http://ahrefs.com/robot/)"
217.113.194.196 - - [03/Feb/2026:17:25:25 -0800] "GET /tmp/awstats/awstats052011.ngo.ge.txt HTTP/1.1" 200 32748 "-" "Mozilla/5.0 (compatible; Barkrowler/0.9; +https://babbar.tech/crawler)"
217.113.194.198 - - [03/Feb/2026:17:25:42 -0800] "GET /tmp/awstats/ssl/awstats072022.ngo.ge.txt HTTP/1.1" 200 17508 "-" "Mozilla/5.0 (compatible; Barkrowler/0.9; +https://babbar.tech/crawler)"
217.113.194.201 - - [03/Feb/2026:17:25:54 -0800] "GET /tmp/awstats/awstats062017.ngo.ge.txt HTTP/1.1" 200 35366 "-" "Mozilla/5.0 (compatible; Barkrowler/0.9; +https://babbar.tech/crawler)"
217.113.194.196 - - [03/Feb/2026:17:26:10 -0800] "GET /tmp/awstats/ssl/awstats062024.ngo.ge.txt HTTP/1.1" 200 21525 "-" "Mozilla/5.0 (compatible; Barkrowler/0.9; +https://babbar.tech/crawler)"
217.113.194.197 - - [03/Feb/2026:17:26:21 -0800] "GET /tmp/awstats/awstats062018.ngo.ge.txt HTTP/1.1" 200 35779 "-" "Mozilla/5.0 (compatible; Barkrowler/0.9; +https://babbar.tech/crawler)"
217.113.194.196 - - [03/Feb/2026:17:26:39 -0800] "GET /tmp/awstats/ssl/awstats062023.ngo.ge.txt HTTP/1.1" 200 23408 "-" "Mozilla/5.0 (compatible; Barkrowler/0.9; +https://babbar.tech/crawler)"
154.16.115.97 - - [03/Feb/2026:17:26:46 -0800] "GET /tmp/webalizer/usage_202402.html HTTP/1.1" 200 114924 "https://seo-creative.ru/" "Mozilla/5.0 (Windows NT 10.0; Win64; x64) AppleWebKit/537.36 (KHTML, like Gecko) Chrome/131.0.0.0 Safari/537.36 Avast/131.0.0.0"
217.113.194.254 - - [03/Feb/2026:17:26:52 -0800] "GET /tmp/awstats/awstats062016.ngo.ge.txt HTTP/1.1" 200 23535 "-" "Mozilla/5.0 (compatible; Barkrowler/0.9; +https://babbar.tech/crawler)"
154.16.115.97 - - [03/Feb/2026:17:26:54 -0800] "GET /tmp/webalizer/usage_202402.html HTTP/1.1" 200 114924 "https://seo-creative.ru/" "Mozilla/5.0 (Windows NT 10.0; Win64; x64) AppleWebKit/537.36 (KHTML, like Gecko) Chrome/131.0.0.0 Safari/537.36 Avast/131.0.0.0"
217.113.194.197 - - [03/Feb/2026:17:27:14 -0800] "GET /tmp/awstats/ssl/awstats062022.ngo.ge.txt HTTP/1.1" 200 15284 "-" "Mozilla/5.0 (compatible; Barkrowler/0.9; +https://babbar.tech/crawler)"
217.113.194.195 - - [03/Feb/2026:17:27:33 -0800] "GET /tmp/awstats/awstats062014.ngo.ge.txt HTTP/1.1" 200 38157 "-" "Mozilla/5.0 (compatible; Barkrowler/0.9; +https://babbar.tech/crawler)"
51.222.168.140 - - [03/Feb/2026:17:27:40 -0800] "GET /tmp/pma_template_compiles_ngoge/twig/09/?C=N;O=D HTTP/1.1" 200 1151 "-" "Mozilla/5.0 (compatible; AhrefsBot/7.0; +http://ahrefs.com/robot/)"
217.113.194.200 - - [03/Feb/2026:17:27:48 -0800] "GET /tmp/awstats/ssl/awstats092024.ngo.ge.txt HTTP/1.1" 200 18348 "-" "Mozilla/5.0 (compatible; Barkrowler/0.9; +https://babbar.tech/crawler)"
154.54.249.214 - - [03/Feb/2026:17:28:03 -0800] "GET /tmp/awstats/awstats062011.ngo.ge.txt HTTP/1.1" 200 34948 "-" "Mozilla/5.0 (compatible; Barkrowler/0.9; +https://babbar.tech/crawler)"
217.113.194.196 - - [03/Feb/2026:17:28:18 -0800] "GET /tmp/awstats/ssl/awstats092023.ngo.ge.txt HTTP/1.1" 200 24338 "-" "Mozilla/5.0 (compatible; Barkrowler/0.9; +https://babbar.tech/crawler)"
217.113.194.200 - - [03/Feb/2026:17:28:28 -0800] "GET /tmp/awstats/awstats032017.ngo.ge.txt HTTP/1.1" 200 44227 "-" "Mozilla/5.0 (compatible; Barkrowler/0.9; +https://babbar.tech/crawler)"
217.113.194.240 - - [03/Feb/2026:17:29:05 -0800] "GET /tmp/awstats/ssl/awstats092022.ngo.ge.txt HTTP/1.1" 200 20147 "-" "Mozilla/5.0 (compatible; Barkrowler/0.9; +https://babbar.tech/crawler)"
217.113.194.199 - - [03/Feb/2026:17:29:16 -0800] "GET /tmp/awstats/awstats032018.ngo.ge.txt HTTP/1.1" 200 58092 "-" "Mozilla/5.0 (compatible; Barkrowler/0.9; +https://babbar.tech/crawler)"
217.113.194.241 - - [03/Feb/2026:17:29:37 -0800] "GET /tmp/awstats/ssl/awstats082024.ngo.ge.txt HTTP/1.1" 200 20430 "-" "Mozilla/5.0 (compatible; Barkrowler/0.9; +https://babbar.tech/crawler)"
217.113.194.195 - - [03/Feb/2026:17:29:49 -0800] "GET /tmp/awstats/awstats032016.ngo.ge.txt HTTP/1.1" 200 63619 "-" "Mozilla/5.0 (compatible; Barkrowler/0.9; +https://babbar.tech/crawler)"
142.44.228.87 - - [03/Feb/2026:17:30:04 -0800] "GET /tmp/pma_template_compiles_ngoge/twig/f5/?C=S;O=A HTTP/1.1" 200 944 "-" "Mozilla/5.0 (compatible; AhrefsBot/7.0; +http://ahrefs.com/robot/)"
217.113.194.199 - - [03/Feb/2026:17:30:06 -0800] "GET /tmp/awstats/ssl/awstats042024.ngo.ge.txt HTTP/1.1" 200 16137 "-" "Mozilla/5.0 (compatible; Barkrowler/0.9; +https://babbar.tech/crawler)"
217.113.194.200 - - [03/Feb/2026:17:30:25 -0800] "GET /tmp/awstats/awstats032015.ngo.ge.txt HTTP/1.1" 200 74619 "-" "Mozilla/5.0 (compatible; Barkrowler/0.9; +https://babbar.tech/crawler)"
217.113.194.240 - - [03/Feb/2026:17:30:41 -0800] "GET /tmp/awstats/ssl/awstats042023.ngo.ge.txt HTTP/1.1" 200 22005 "-" "Mozilla/5.0 (compatible; Barkrowler/0.9; +https://babbar.tech/crawler)"
217.113.194.240 - - [03/Feb/2026:17:30:53 -0800] "GET /tmp/awstats/awstats032014.ngo.ge.txt HTTP/1.1" 200 39954 "-" "Mozilla/5.0 (compatible; Barkrowler/0.9; +https://babbar.tech/crawler)"
217.113.194.199 - - [03/Feb/2026:17:31:09 -0800] "GET /tmp/awstats/ssl/awstats042022.ngo.ge.txt HTTP/1.1" 200 14718 "-" "Mozilla/5.0 (compatible; Barkrowler/0.9; +https://babbar.tech/crawler)"
217.113.194.193 - - [03/Feb/2026:17:31:20 -0800] "GET /tmp/awstats/awstats032011.ngo.ge.txt HTTP/1.1" 200 27724 "-" "Mozilla/5.0 (compatible; Barkrowler/0.9; +https://babbar.tech/crawler)"
217.113.194.198 - - [03/Feb/2026:17:31:35 -0800] "GET /tmp/awstats/ssl/awstats122023.ngo.ge.txt HTTP/1.1" 200 15622 "-" "Mozilla/5.0 (compatible; Barkrowler/0.9; +https://babbar.tech/crawler)"
217.113.194.240 - - [03/Feb/2026:17:31:49 -0800] "GET /tmp/awstats/awstats082016.ngo.ge.txt HTTP/1.1" 200 30597 "-" "Mozilla/5.0 (compatible; Barkrowler/0.9; +https://babbar.tech/crawler)"
217.113.194.192 - - [03/Feb/2026:17:32:13 -0800] "GET /robots.txt HTTP/1.1" 404 - "-" "Mozilla/5.0 (compatible; Barkrowler/0.9; +https://babbar.tech/crawler)"
217.113.194.240 - - [03/Feb/2026:17:32:24 -0800] "GET /tmp/awstats/awstats082017.ngo.ge.txt HTTP/1.1" 200 25856 "-" "Mozilla/5.0 (compatible; Barkrowler/0.9; +https://babbar.tech/crawler)"
167.114.139.229 - - [03/Feb/2026:17:32:27 -0800] "GET /tmp/pma_template_compiles_ngoge/twig/36/?C=S;O=A HTTP/1.1" 200 944 "-" "Mozilla/5.0 (compatible; AhrefsBot/7.0; +http://ahrefs.com/robot/)"
217.113.194.199 - - [03/Feb/2026:17:32:40 -0800] "GET /tmp/awstats/ssl/awstats122024.ngo.ge.txt HTTP/1.1" 200 22226 "-" "Mozilla/5.0 (compatible; Barkrowler/0.9; +https://babbar.tech/crawler)"
217.113.194.197 - - [03/Feb/2026:17:32:53 -0800] "GET /tmp/awstats/awstats082021.ngo.ge.txt HTTP/1.1" 200 29112 "-" "Mozilla/5.0 (compatible; Barkrowler/0.9; +https://babbar.tech/crawler)"
217.113.194.195 - - [03/Feb/2026:17:33:10 -0800] "GET /tmp/awstats/ssl/awstats122022.ngo.ge.txt HTTP/1.1" 200 26929 "-" "Mozilla/5.0 (compatible; Barkrowler/0.9; +https://babbar.tech/crawler)"
217.113.194.197 - - [03/Feb/2026:17:33:26 -0800] "GET /foresight5/rs/rs2018p/response-tables/samples/4/ HTTP/1.1" 404 - "-" "Mozilla/5.0 (compatible; Barkrowler/0.9; +https://babbar.tech/crawler)"
217.113.194.197 - - [03/Feb/2026:17:34:17 -0800] "GET /tmp/awstats/ssl/awstats022024.ngo.ge.txt HTTP/1.1" 200 13046 "-" "Mozilla/5.0 (compatible; Barkrowler/0.9; +https://babbar.tech/crawler)"
217.113.194.240 - - [03/Feb/2026:17:34:30 -0800] "GET /tmp/awstats/ssl/awstats112020.ngo.ge.txt HTTP/1.1" 200 9531 "-" "Mozilla/5.0 (compatible; Barkrowler/0.9; +https://babbar.tech/crawler)"
217.113.194.197 - - [03/Feb/2026:17:34:42 -0800] "GET /tmp/awstats/ssl/awstats022023.ngo.ge.txt HTTP/1.1" 200 21848 "-" "Mozilla/5.0 (compatible; Barkrowler/0.9; +https://babbar.tech/crawler)"
54.39.203.18 - - [03/Feb/2026:17:34:49 -0800] "GET /tmp/pma_template_compiles_ngoge/twig/36/?C=M;O=A HTTP/1.1" 200 944 "-" "Mozilla/5.0 (compatible; AhrefsBot/7.0; +http://ahrefs.com/robot/)"
217.113.194.199 - - [03/Feb/2026:17:34:55 -0800] "GET /tmp/awstats/ssl/awstats102020.ngo.ge.txt HTTP/1.1" 200 8696 "-" "Mozilla/5.0 (compatible; Barkrowler/0.9; +https://babbar.tech/crawler)"
217.113.194.254 - - [03/Feb/2026:17:35:16 -0800] "GET /tmp/awstats/ssl/awstats022022.ngo.ge.txt HTTP/1.1" 200 10291 "-" "Mozilla/5.0 (compatible; Barkrowler/0.9; +https://babbar.tech/crawler)"
217.113.194.201 - - [03/Feb/2026:17:35:31 -0800] "GET /tmp/awstats/ssl/awstats122020.ngo.ge.txt HTTP/1.1" 200 7952 "-" "Mozilla/5.0 (compatible; Barkrowler/0.9; +https://babbar.tech/crawler)"
217.113.194.195 - - [03/Feb/2026:17:35:41 -0800] "GET /tmp/awstats/ssl/awstats052024.ngo.ge.txt HTTP/1.1" 200 27399 "-" "Mozilla/5.0 (compatible; Barkrowler/0.9; +https://babbar.tech/crawler)"
217.113.194.254 - - [03/Feb/2026:17:35:54 -0800] "GET /tmp/awstats/awstats092024.ngo.ge.txt HTTP/1.1" 200 203744 "-" "Mozilla/5.0 (compatible; Barkrowler/0.9; +https://babbar.tech/crawler)"
217.113.194.193 - - [03/Feb/2026:17:36:18 -0800] "GET /tmp/awstats/ssl/awstats052023.ngo.ge.txt HTTP/1.1" 200 19797 "-" "Mozilla/5.0 (compatible; Barkrowler/0.9; +https://babbar.tech/crawler)"
217.113.194.195 - - [03/Feb/2026:17:36:31 -0800] "GET /tmp/awstats/awstats092012.ngo.ge.txt HTTP/1.1" 200 27059 "-" "Mozilla/5.0 (compatible; Barkrowler/0.9; +https://babbar.tech/crawler)"
217.113.194.192 - - [03/Feb/2026:17:36:47 -0800] "GET /tmp/awstats/ssl/awstats052022.ngo.ge.txt HTTP/1.1" 200 18415 "-" "Mozilla/5.0 (compatible; Barkrowler/0.9; +https://babbar.tech/crawler)"
217.113.194.199 - - [03/Feb/2026:17:37:11 -0800] "GET /tmp/awstats/awstats092013.ngo.ge.txt HTTP/1.1" 200 29725 "-" "Mozilla/5.0 (compatible; Barkrowler/0.9; +https://babbar.tech/crawler)"
15.235.27.38 - - [03/Feb/2026:17:37:21 -0800] "GET /tmp/pma_template_compiles_ngoge/twig/8b/?C=M;O=A HTTP/1.1" 200 944 "-" "Mozilla/5.0 (compatible; AhrefsBot/7.0; +http://ahrefs.com/robot/)"
217.113.194.195 - - [03/Feb/2026:17:37:23 -0800] "GET /tmp/awstats/ssl/awstats032024.ngo.ge.txt HTTP/1.1" 200 17289 "-" "Mozilla/5.0 (compatible; Barkrowler/0.9; +https://babbar.tech/crawler)"
217.113.194.194 - - [03/Feb/2026:17:37:36 -0800] "GET /tmp/awstats/awstats092019.ngo.ge.txt HTTP/1.1" 200 26304 "-" "Mozilla/5.0 (compatible; Barkrowler/0.9; +https://babbar.tech/crawler)"
217.113.194.241 - - [03/Feb/2026:17:37:56 -0800] "GET /tmp/awstats/ssl/awstats032023.ngo.ge.txt HTTP/1.1" 200 26322 "-" "Mozilla/5.0 (compatible; Barkrowler/0.9; +https://babbar.tech/crawler)"
217.113.194.196 - - [03/Feb/2026:17:38:08 -0800] "GET /tmp/awstats/awstats092010.ngo.ge.txt HTTP/1.1" 200 25557 "-" "Mozilla/5.0 (compatible; Barkrowler/0.9; +https://babbar.tech/crawler)"
217.113.194.200 - - [03/Feb/2026:17:38:19 -0800] "GET /tmp/awstats/ssl/awstats032022.ngo.ge.txt HTTP/1.1" 200 16918 "-" "Mozilla/5.0 (compatible; Barkrowler/0.9; +https://babbar.tech/crawler)"
217.113.194.195 - - [03/Feb/2026:17:38:32 -0800] "GET /tmp/awstats/awstats092022.ngo.ge.txt HTTP/1.1" 200 44202 "-" "Mozilla/5.0 (compatible; Barkrowler/0.9; +https://babbar.tech/crawler)"
217.113.194.254 - - [03/Feb/2026:17:38:47 -0800] "GET /tmp/awstats/awstats092018.test.ngo.ge.txt HTTP/1.1" 200 5952 "-" "Mozilla/5.0 (compatible; Barkrowler/0.9; +https://babbar.tech/crawler)"
217.113.194.198 - - [03/Feb/2026:17:39:01 -0800] "GET /tmp/awstats/awstats092023.ngo.ge.txt HTTP/1.1" 200 177517 "-" "Mozilla/5.0 (compatible; Barkrowler/0.9; +https://babbar.tech/crawler)"
217.113.194.196 - - [03/Feb/2026:17:39:19 -0800] "GET /tmp/awstats/awstats092016.test.ngo.ge.txt HTTP/1.1" 200 5819 "-" "Mozilla/5.0 (compatible; Barkrowler/0.9; +https://babbar.tech/crawler)"
217.113.194.254 - - [03/Feb/2026:17:39:41 -0800] "GET /tmp/awstats/awstats092008.ngo.ge.txt HTTP/1.1" 200 49426 "-" "Mozilla/5.0 (compatible; Barkrowler/0.9; +https://babbar.tech/crawler)"
142.44.233.174 - - [03/Feb/2026:17:39:49 -0800] "GET /tmp/pma_template_compiles_ngoge/twig/f5/?C=M;O=A HTTP/1.1" 200 944 "-" "Mozilla/5.0 (compatible; AhrefsBot/7.0; +http://ahrefs.com/robot/)"
217.113.194.195 - - [03/Feb/2026:17:39:58 -0800] "GET /tmp/awstats/awstats092024.test.ngo.ge.txt HTTP/1.1" 200 82338 "-" "Mozilla/5.0 (compatible; Barkrowler/0.9; +https://babbar.tech/crawler)"
217.113.194.199 - - [03/Feb/2026:17:40:14 -0800] "GET /tmp/awstats/awstats022024.ngo.ge.txt HTTP/1.1" 200 108430 "-" "Mozilla/5.0 (compatible; Barkrowler/0.9; +https://babbar.tech/crawler)"
185.5.249.185 - - [03/Feb/2026:17:40:27 -0800] "GET / HTTP/1.1" 200 2739 "https://neuropsy-centr.ru/nejropsiholog-v-moskve/" "Mozilla/5.0 (Windows NT 10.0; Win64; x64) AppleWebKit/537.36 (KHTML, like Gecko) Chrome/136.0.0.0 YaBrowser/25.6.0.0 Safari/537.36"
217.113.194.199 - - [03/Feb/2026:17:40:34 -0800] "GET /tmp/awstats/awstats092024.temp.ngo.ge.txt HTTP/1.1" 200 14811 "-" "Mozilla/5.0 (compatible; Barkrowler/0.9; +https://babbar.tech/crawler)"
194.67.210.77 - - [03/Feb/2026:17:40:43 -0800] "GET / HTTP/1.1" 200 2739 "https://strong.by/kpp/" "Mozilla/5.0 (Windows NT 10.0; Win64; x64) AppleWebKit/537.36 (KHTML, like Gecko) Chrome/136.0.0.0 Safari/537.36"
154.54.249.214 - - [03/Feb/2026:17:40:47 -0800] "GET /tmp/awstats/awstats022012.ngo.ge.txt HTTP/1.1" 200 52979 "-" "Mozilla/5.0 (compatible; Barkrowler/0.9; +https://babbar.tech/crawler)"
217.113.194.201 - - [03/Feb/2026:17:40:58 -0800] "GET /tmp/awstats/awstats092025.test.ngo.ge.txt HTTP/1.1" 200 163721 "-" "Mozilla/5.0 (compatible; Barkrowler/0.9; +https://babbar.tech/crawler)"
217.113.194.196 - - [03/Feb/2026:17:41:17 -0800] "GET /tmp/awstats/awstats022013.ngo.ge.txt HTTP/1.1" 200 26045 "-" "Mozilla/5.0 (compatible; Barkrowler/0.9; +https://babbar.tech/crawler)"
217.113.194.195 - - [03/Feb/2026:17:41:29 -0800] "GET /tmp/awstats/awstats092025.ertoba.ngo.ge.txt HTTP/1.1" 200 126221 "-" "Mozilla/5.0 (compatible; Barkrowler/0.9; +https://babbar.tech/crawler)"
217.113.194.254 - - [03/Feb/2026:17:41:47 -0800] "GET /tmp/awstats/awstats022019.ngo.ge.txt HTTP/1.1" 200 54454 "-" "Mozilla/5.0 (compatible; Barkrowler/0.9; +https://babbar.tech/crawler)"
217.113.194.198 - - [03/Feb/2026:17:42:03 -0800] "GET /tmp/awstats/awstats092020.test.ngo.ge.txt HTTP/1.1" 200 14997 "-" "Mozilla/5.0 (compatible; Barkrowler/0.9; +https://babbar.tech/crawler)"
154.54.249.214 - - [03/Feb/2026:17:42:15 -0800] "GET /tmp/awstats/awstats022010.ngo.ge.txt HTTP/1.1" 200 36373 "-" "Mozilla/5.0 (compatible; Barkrowler/0.9; +https://babbar.tech/crawler)"
142.44.225.103 - - [03/Feb/2026:17:42:30 -0800] "GET /tmp/pma_template_compiles_ngoge/twig/df/?C=S;O=A HTTP/1.1" 200 944 "-" "Mozilla/5.0 (compatible; AhrefsBot/7.0; +http://ahrefs.com/robot/)"
217.113.194.197 - - [03/Feb/2026:17:42:39 -0800] "GET /tmp/awstats/awstats092020.ertoba.ngo.ge.txt HTTP/1.1" 200 14793 "-" "Mozilla/5.0 (compatible; Barkrowler/0.9; +https://babbar.tech/crawler)"
217.113.194.201 - - [03/Feb/2026:17:42:51 -0800] "GET /tmp/awstats/awstats022022.ngo.ge.txt HTTP/1.1" 200 47483 "-" "Mozilla/5.0 (compatible; Barkrowler/0.9; +https://babbar.tech/crawler)"
217.113.194.196 - - [03/Feb/2026:17:43:04 -0800] "GET /tmp/awstats/awstats092020.temp.ngo.ge.txt HTTP/1.1" 200 14348 "-" "Mozilla/5.0 (compatible; Barkrowler/0.9; +https://babbar.tech/crawler)"
217.113.194.240 - - [03/Feb/2026:17:43:16 -0800] "GET /tmp/awstats/awstats022009.ngo.ge.txt HTTP/1.1" 200 37465 "-" "Mozilla/5.0 (compatible; Barkrowler/0.9; +https://babbar.tech/crawler)"
217.113.194.200 - - [03/Feb/2026:17:43:29 -0800] "GET /tmp/awstats/awstats092021.temp.ngo.ge.txt HTTP/1.1" 200 16215 "-" "Mozilla/5.0 (compatible; Barkrowler/0.9; +https://babbar.tech/crawler)"
217.113.194.254 - - [03/Feb/2026:17:43:43 -0800] "GET /tmp/awstats/awstats022008.ngo.ge.txt HTTP/1.1" 200 26506 "-" "Mozilla/5.0 (compatible; Barkrowler/0.9; +https://babbar.tech/crawler)"
217.113.194.241 - - [03/Feb/2026:17:43:57 -0800] "GET /tmp/awstats/awstats092021.test.ngo.ge.txt HTTP/1.1" 200 9222 "-" "Mozilla/5.0 (compatible; Barkrowler/0.9; +https://babbar.tech/crawler)"
109.107.186.56 - - [03/Feb/2026:17:44:04 -0800] "GET http://www.test.ngo.ge/tmp/webalizer/usage_202402.html HTTP/1.0" 200 114924 "https://seo-creative.ru/" "Mozilla/5.0 (Windows NT 10.0; Win64; x64) AppleWebKit/537.36 (KHTML, like Gecko) Chrome/130.0.0.0 Safari/537.36"
109.107.186.56 - - [03/Feb/2026:17:44:07 -0800] "GET /tmp/webalizer/usage_202402.html HTTP/1.0" 200 114924 "https://seo-creative.ru/" "Mozilla/5.0 (Windows NT 10.0; Win64; x64) AppleWebKit/537.36 (KHTML, like Gecko) Chrome/130.0.0.0 Safari/537.36"
217.113.194.196 - - [03/Feb/2026:17:44:09 -0800] "GET /tmp/awstats/awstats012022.ngo.ge.txt HTTP/1.1" 200 35661 "-" "Mozilla/5.0 (compatible; Barkrowler/0.9; +https://babbar.tech/crawler)"
109.107.186.56 - - [03/Feb/2026:17:44:10 -0800] "GET /tmp/webalizer/usage_202402.html HTTP/1.0" 200 114924 "https://seo-creative.ru/" "Mozilla/5.0 (Windows NT 10.0; Win64; x64) AppleWebKit/537.36 (KHTML, like Gecko) Chrome/129.0.0.0 Safari/537.36"
217.113.194.196 - - [03/Feb/2026:17:44:34 -0800] "GET /tmp/awstats/awstats022024.test.ngo.ge.txt HTTP/1.1" 200 15979 "-" "Mozilla/5.0 (compatible; Barkrowler/0.9; +https://babbar.tech/crawler)"
51.161.65.119 - - [03/Feb/2026:17:44:50 -0800] "GET /tmp/pma_template_compiles_ngoge/twig/30/?C=S;O=A HTTP/1.1" 200 1183 "-" "Mozilla/5.0 (compatible; AhrefsBot/7.0; +http://ahrefs.com/robot/)"
217.113.194.198 - - [03/Feb/2026:17:44:58 -0800] "GET /tmp/awstats/awstats012026.ngo.ge.txt HTTP/1.1" 200 300180 "-" "Mozilla/5.0 (compatible; Barkrowler/0.9; +https://babbar.tech/crawler)"
217.113.194.199 - - [03/Feb/2026:17:45:26 -0800] "GET /tmp/awstats/awstats022024.temp.ngo.ge.txt HTTP/1.1" 200 9132 "-" "Mozilla/5.0 (compatible; Barkrowler/0.9; +https://babbar.tech/crawler)"
217.113.194.240 - - [03/Feb/2026:17:45:43 -0800] "GET /tmp/awstats/awstats012024.ngo.ge.txt HTTP/1.1" 200 96000 "-" "Mozilla/5.0 (compatible; Barkrowler/0.9; +https://babbar.tech/crawler)"
217.113.194.197 - - [03/Feb/2026:17:46:02 -0800] "GET /tmp/awstats/awstats022025.temp.ngo.ge.txt HTTP/1.1" 200 15772 "-" "Mozilla/5.0 (compatible; Barkrowler/0.9; +https://babbar.tech/crawler)"
217.113.194.240 - - [03/Feb/2026:17:46:18 -0800] "GET /tmp/awstats/awstats112022.ngo.ge.txt HTTP/1.1" 200 52958 "-" "Mozilla/5.0 (compatible; Barkrowler/0.9; +https://babbar.tech/crawler)"
217.113.194.199 - - [03/Feb/2026:17:46:31 -0800] "GET /tmp/awstats/awstats022025.test.ngo.ge.txt HTTP/1.1" 200 90207 "-" "Mozilla/5.0 (compatible; Barkrowler/0.9; +https://babbar.tech/crawler)"
217.113.194.193 - - [03/Feb/2026:17:46:47 -0800] "GET /tmp/awstats/awstats112023.ngo.ge.txt HTTP/1.1" 200 90100 "-" "Mozilla/5.0 (compatible; Barkrowler/0.9; +https://babbar.tech/crawler)"
217.113.194.195 - - [03/Feb/2026:17:47:01 -0800] "GET /tmp/awstats/awstats022025.ertoba.ngo.ge.txt HTTP/1.1" 200 83978 "-" "Mozilla/5.0 (compatible; Barkrowler/0.9; +https://babbar.tech/crawler)"
217.113.194.196 - - [03/Feb/2026:17:47:15 -0800] "GET /tmp/awstats/awstats112024.ngo.ge.txt HTTP/1.1" 200 202761 "-" "Mozilla/5.0 (compatible; Barkrowler/0.9; +https://babbar.tech/crawler)"
54.39.136.229 - - [03/Feb/2026:17:47:27 -0800] "GET /tmp/pma_template_compiles_ngoge/twig/95/?C=D;O=A HTTP/1.1" 200 944 "-" "Mozilla/5.0 (compatible; AhrefsBot/7.0; +http://ahrefs.com/robot/)"
217.113.194.196 - - [03/Feb/2026:17:47:36 -0800] "GET /tmp/awstats/awstats022020.test.ngo.ge.txt HTTP/1.1" 200 6760 "-" "Mozilla/5.0 (compatible; Barkrowler/0.9; +https://babbar.tech/crawler)"
217.113.194.196 - - [03/Feb/2026:17:47:49 -0800] "GET /tmp/awstats/awstats072024.ngo.ge.txt HTTP/1.1" 200 188821 "-" "Mozilla/5.0 (compatible; Barkrowler/0.9; +https://babbar.tech/crawler)"
217.113.194.199 - - [03/Feb/2026:17:48:11 -0800] "GET /tmp/awstats/awstats022020.ertoba.ngo.ge.txt HTTP/1.1" 200 7322 "-" "Mozilla/5.0 (compatible; Barkrowler/0.9; +https://babbar.tech/crawler)"
217.113.194.198 - - [03/Feb/2026:17:48:28 -0800] "GET /tmp/awstats/awstats072013.ngo.ge.txt HTTP/1.1" 200 35140 "-" "Mozilla/5.0 (compatible; Barkrowler/0.9; +https://babbar.tech/crawler)"
217.113.194.199 - - [03/Feb/2026:17:48:51 -0800] "GET /tmp/awstats/awstats022020.temp.ngo.ge.txt HTTP/1.1" 200 6579 "-" "Mozilla/5.0 (compatible; Barkrowler/0.9; +https://babbar.tech/crawler)"
217.113.194.201 - - [03/Feb/2026:17:49:04 -0800] "GET /tmp/awstats/awstats072019.ngo.ge.txt HTTP/1.1" 200 23297 "-" "Mozilla/5.0 (compatible; Barkrowler/0.9; +https://babbar.tech/crawler)"
217.113.194.201 - - [03/Feb/2026:17:49:18 -0800] "GET /tmp/awstats/awstats022021.temp.ngo.ge.txt HTTP/1.1" 200 7520 "-" "Mozilla/5.0 (compatible; Barkrowler/0.9; +https://babbar.tech/crawler)"
217.113.194.254 - - [03/Feb/2026:17:49:30 -0800] "GET /tmp/awstats/awstats072010.ngo.ge.txt HTTP/1.1" 200 24531 "-" "Mozilla/5.0 (compatible; Barkrowler/0.9; +https://babbar.tech/crawler)"
51.222.168.128 - - [03/Feb/2026:17:49:42 -0800] "GET /tmp/pma_template_compiles_ngoge/twig/95/?C=M;O=A HTTP/1.1" 200 944 "-" "Mozilla/5.0 (compatible; AhrefsBot/7.0; +http://ahrefs.com/robot/)"
217.113.194.200 - - [03/Feb/2026:17:49:42 -0800] "GET /tmp/awstats/awstats022021.test.ngo.ge.txt HTTP/1.1" 200 9121 "-" "Mozilla/5.0 (compatible; Barkrowler/0.9; +https://babbar.tech/crawler)"
217.113.194.240 - - [03/Feb/2026:17:49:55 -0800] "GET /tmp/awstats/awstats072022.ngo.ge.txt HTTP/1.1" 200 53255 "-" "Mozilla/5.0 (compatible; Barkrowler/0.9; +https://babbar.tech/crawler)"
217.113.194.197 - - [03/Feb/2026:17:50:08 -0800] "GET /tmp/awstats/awstats012017.ertoba.ngo.ge.txt HTTP/1.1" 200 6042 "-" "Mozilla/5.0 (compatible; Barkrowler/0.9; +https://babbar.tech/crawler)"
217.113.194.199 - - [03/Feb/2026:17:50:20 -0800] "GET /tmp/awstats/awstats072023.ngo.ge.txt HTTP/1.1" 200 169674 "-" "Mozilla/5.0 (compatible; Barkrowler/0.9; +https://babbar.tech/crawler)"
217.113.194.194 - - [03/Feb/2026:17:50:39 -0800] "GET /tmp/awstats/awstats012025.test.ngo.ge.txt HTTP/1.1" 200 109201 "-" "Mozilla/5.0 (compatible; Barkrowler/0.9; +https://babbar.tech/crawler)"
217.113.194.200 - - [03/Feb/2026:17:50:57 -0800] "GET /tmp/awstats/awstats072009.ngo.ge.txt HTTP/1.1" 200 26453 "-" "Mozilla/5.0 (compatible; Barkrowler/0.9; +https://babbar.tech/crawler)"
217.113.194.240 - - [03/Feb/2026:17:51:08 -0800] "GET /tmp/awstats/awstats012025.ertoba.ngo.ge.txt HTTP/1.1" 200 76535 "-" "Mozilla/5.0 (compatible; Barkrowler/0.9; +https://babbar.tech/crawler)"
217.113.194.199 - - [03/Feb/2026:17:51:21 -0800] "GET /tmp/awstats/awstats072008.ngo.ge.txt HTTP/1.1" 200 32200 "-" "Mozilla/5.0 (compatible; Barkrowler/0.9; +https://babbar.tech/crawler)"
217.113.194.200 - - [03/Feb/2026:17:51:34 -0800] "GET /tmp/awstats/awstats012025.temp.ngo.ge.txt HTTP/1.1" 200 10469 "-" "Mozilla/5.0 (compatible; Barkrowler/0.9; +https://babbar.tech/crawler)"
217.113.194.196 - - [03/Feb/2026:17:51:49 -0800] "GET /tmp/awstats/awstats042024.ngo.ge.txt HTTP/1.1" 200 86290 "-" "Mozilla/5.0 (compatible; Barkrowler/0.9; +https://babbar.tech/crawler)"
217.113.194.197 - - [03/Feb/2026:17:52:02 -0800] "GET /tmp/awstats/awstats012020.ertoba.ngo.ge.txt HTTP/1.1" 200 10710 "-" "Mozilla/5.0 (compatible; Barkrowler/0.9; +https://babbar.tech/crawler)"
15.235.96.75 - - [03/Feb/2026:17:52:05 -0800] "GET /tmp/pma_template_compiles_ngoge/twig/8b/?C=D;O=A HTTP/1.1" 200 944 "-" "Mozilla/5.0 (compatible; AhrefsBot/7.0; +http://ahrefs.com/robot/)"
217.113.194.254 - - [03/Feb/2026:17:52:13 -0800] "GET /tmp/awstats/awstats042012.ngo.ge.txt HTTP/1.1" 200 70354 "-" "Mozilla/5.0 (compatible; Barkrowler/0.9; +https://babbar.tech/crawler)"
217.113.194.196 - - [03/Feb/2026:17:52:27 -0800] "GET /tmp/awstats/awstats012020.temp.ngo.ge.txt HTTP/1.1" 200 6149 "-" "Mozilla/5.0 (compatible; Barkrowler/0.9; +https://babbar.tech/crawler)"
217.113.194.198 - - [03/Feb/2026:17:52:39 -0800] "GET /tmp/awstats/awstats042013.ngo.ge.txt HTTP/1.1" 200 34269 "-" "Mozilla/5.0 (compatible; Barkrowler/0.9; +https://babbar.tech/crawler)"
217.113.194.254 - - [03/Feb/2026:17:53:01 -0800] "GET /tmp/awstats/awstats012020.test.ngo.ge.txt HTTP/1.1" 200 7140 "-" "Mozilla/5.0 (compatible; Barkrowler/0.9; +https://babbar.tech/crawler)"
217.113.194.240 - - [03/Feb/2026:17:53:13 -0800] "GET /tmp/awstats/awstats042019.ngo.ge.txt HTTP/1.1" 200 37978 "-" "Mozilla/5.0 (compatible; Barkrowler/0.9; +https://babbar.tech/crawler)"
217.113.194.192 - - [03/Feb/2026:17:53:27 -0800] "GET /tmp/awstats/awstats012022.test.ngo.ge.txt HTTP/1.1" 200 12355 "-" "Mozilla/5.0 (compatible; Barkrowler/0.9; +https://babbar.tech/crawler)"
154.54.249.214 - - [03/Feb/2026:17:53:51 -0800] "GET /tmp/awstats/awstats042010.ngo.ge.txt HTTP/1.1" 200 29455 "-" "Mozilla/5.0 (compatible; Barkrowler/0.9; +https://babbar.tech/crawler)"
217.113.194.195 - - [03/Feb/2026:17:54:04 -0800] "GET /tmp/awstats/awstats012022.temp.ngo.ge.txt HTTP/1.1" 200 11170 "-" "Mozilla/5.0 (compatible; Barkrowler/0.9; +https://babbar.tech/crawler)"
217.113.194.201 - - [03/Feb/2026:17:54:17 -0800] "GET /tmp/awstats/awstats042022.ngo.ge.txt HTTP/1.1" 200 60260 "-" "Mozilla/5.0 (compatible; Barkrowler/0.9; +https://babbar.tech/crawler)"
217.113.194.194 - - [03/Feb/2026:17:54:30 -0800] "GET /tmp/awstats/awstats012023.test.ngo.ge.txt HTTP/1.1" 200 14401 "-" "Mozilla/5.0 (compatible; Barkrowler/0.9; +https://babbar.tech/crawler)"
15.235.98.134 - - [03/Feb/2026:17:54:30 -0800] "GET /tmp/pma_template_compiles_ngoge/twig/d6/?C=N;O=D HTTP/1.1" 200 1390 "-" "Mozilla/5.0 (compatible; AhrefsBot/7.0; +http://ahrefs.com/robot/)"
217.113.194.197 - - [03/Feb/2026:17:54:43 -0800] "GET /tmp/awstats/awstats042023.ngo.ge.txt HTTP/1.1" 200 160277 "-" "Mozilla/5.0 (compatible; Barkrowler/0.9; +https://babbar.tech/crawler)"
217.113.194.195 - - [03/Feb/2026:17:55:10 -0800] "GET /tmp/awstats/awstats012023.temp.ngo.ge.txt HTTP/1.1" 200 10231 "-" "Mozilla/5.0 (compatible; Barkrowler/0.9; +https://babbar.tech/crawler)"
217.113.194.240 - - [03/Feb/2026:17:55:22 -0800] "GET /tmp/awstats/awstats042009.ngo.ge.txt HTTP/1.1" 200 31812 "-" "Mozilla/5.0 (compatible; Barkrowler/0.9; +https://babbar.tech/crawler)"
217.113.194.201 - - [03/Feb/2026:17:55:44 -0800] "GET /tmp/awstats/awstats012026.test.ngo.ge.txt HTTP/1.1" 200 169289 "-" "Mozilla/5.0 (compatible; Barkrowler/0.9; +https://babbar.tech/crawler)"
217.113.194.201 - - [03/Feb/2026:17:56:05 -0800] "GET /tmp/awstats/awstats102022.ngo.ge.txt HTTP/1.1" 200 61077 "-" "Mozilla/5.0 (compatible; Barkrowler/0.9; +https://babbar.tech/crawler)"
217.113.194.254 - - [03/Feb/2026:17:56:19 -0800] "GET /tmp/awstats/awstats012026.temp.ngo.ge.txt HTTP/1.1" 200 28627 "-" "Mozilla/5.0 (compatible; Barkrowler/0.9; +https://babbar.tech/crawler)"
217.113.194.196 - - [03/Feb/2026:17:56:31 -0800] "GET /tmp/awstats/awstats102023.ngo.ge.txt HTTP/1.1" 200 160420 "-" "Mozilla/5.0 (compatible; Barkrowler/0.9; +https://babbar.tech/crawler)"
217.113.194.192 - - [03/Feb/2026:17:56:57 -0800] "GET /tmp/awstats/awstats012021.test.ngo.ge.txt HTTP/1.1" 200 36380 "-" "Mozilla/5.0 (compatible; Barkrowler/0.9; +https://babbar.tech/crawler)"
54.39.136.249 - - [03/Feb/2026:17:57:14 -0800] "GET /tmp/pma_template_compiles_ngoge/twig/07/?C=M;O=A HTTP/1.1" 200 944 "-" "Mozilla/5.0 (compatible; AhrefsBot/7.0; +http://ahrefs.com/robot/)"
